CREATE DATABASE /*!32312 IF NOT EXISTS*/ `poem_quest` /*!40100 DEFAULT CHARACTER SET utf8mb4 COLLATE utf8mb4_unicode_ci */ /*!80016 DEFAULT ENCRYPTION='N' */;

USE `poem_quest`;

--
-- Table structure for table `accounts`
--

CREATE TABLE `accounts` (
  `id` bigint unsigned NOT NULL AUTO_INCREMENT,
  `username` varchar(64) COLLATE utf8mb4_unicode_ci NOT NULL,
  `password_hash` varchar(128) COLLATE utf8mb4_unicode_ci NOT NULL,
  `nickname` varchar(64) COLLATE utf8mb4_unicode_ci NOT NULL,
  `avatar_url` varchar(255) COLLATE utf8mb4_unicode_ci DEFAULT NULL,
  `created_at` timestamp NOT NULL DEFAULT CURRENT_TIMESTAMP,
  `updated_at` timestamp NOT NULL DEFAULT CURRENT_TIMESTAMP ON UPDATE CURRENT_TIMESTAMP,
  `last_login_at` timestamp NULL DEFAULT NULL,
  PRIMARY KEY (`id`),
  UNIQUE KEY `uk_username` (`username`)
) ENGINE=InnoDB AUTO_INCREMENT=2 DEFAULT CHARSET=utf8mb4 COLLATE=utf8mb4_unicode_ci;

--
-- Dumping data for table `accounts`
--

INSERT INTO `accounts` VALUES (1,'e2e_mren5sx3','$2a$10$zgqL7Fj.MdSIdDbhTZQp3O7CuZ8mBYt32RjIbmP5LsvMEjsIpoK0O','测试玩家',NULL,'2026-07-10 07:56:04','2026-07-10 07:56:04','2026-07-10 07:56:04');

--
-- Table structure for table `achievements`
--

CREATE TABLE `achievements` (
  `id` bigint unsigned NOT NULL AUTO_INCREMENT,
  `code` varchar(64) COLLATE utf8mb4_unicode_ci NOT NULL,
  `name` varchar(64) COLLATE utf8mb4_unicode_ci NOT NULL,
  `description` varchar(255) COLLATE utf8mb4_unicode_ci NOT NULL,
  `icon` varchar(64) COLLATE utf8mb4_unicode_ci NOT NULL DEFAULT 'Award',
  `condition_type` varchar(64) COLLATE utf8mb4_unicode_ci NOT NULL,
  `condition_value` int NOT NULL DEFAULT '0',
  `points` int NOT NULL DEFAULT '10',
  `sort_order` int NOT NULL DEFAULT '0',
  `created_at` timestamp NOT NULL DEFAULT CURRENT_TIMESTAMP,
  PRIMARY KEY (`id`),
  UNIQUE KEY `uk_code` (`code`)
) ENGINE=InnoDB AUTO_INCREMENT=10 DEFAULT CHARSET=utf8mb4 COLLATE=utf8mb4_unicode_ci;

--
-- Dumping data for table `achievements`
--

INSERT INTO `achievements` VALUES (1,'first_answer','初入诗境','完成第一题','Sparkles','first_answer',1,5,1,'2026-07-10 07:39:51'),(2,'correct_10','十步成诗','累计答对 10 题','BookOpen','correct_total',10,10,2,'2026-07-10 07:39:51'),(3,'correct_100','百句入怀','累计答对 100 题','Feather','correct_total',100,30,3,'2026-07-10 07:39:51'),(4,'feihualing_win','飞花初胜','完成一次飞花令','Flower','feihualing_win',1,15,4,'2026-07-10 07:39:51'),(5,'combo_10','连珠妙语','达成 10 连击','Zap','max_combo',10,20,5,'2026-07-10 07:39:51'),(6,'mastery_3_any','熟读成诵','任意一首诗达到成诵（熟练度 3）','ScrollText','mastery_level_any',3,20,6,'2026-07-10 07:39:51'),(7,'unlock_150','诗卷半开','解锁 150 首诗（含所有已答过）','Library','poem_unlocked_total',150,40,7,'2026-07-10 07:39:51'),(8,'unlock_300','三百诗成','解锁全部 300 首诗','Crown','poem_unlocked_total',300,80,8,'2026-07-10 07:39:51'),(9,'leaderboard_100','榜上有名','进入排行榜前 100','Trophy','leaderboard_top_100',1,30,9,'2026-07-10 07:39:51');

--
-- Table structure for table `answer_records`
--

CREATE TABLE `answer_records` (
  `id` bigint unsigned NOT NULL AUTO_INCREMENT,
  `player_id` bigint unsigned NOT NULL,
  `question_id` bigint unsigned DEFAULT NULL,
  `poem_id` bigint unsigned NOT NULL,
  `mode` varchar(32) COLLATE utf8mb4_unicode_ci NOT NULL DEFAULT 'classic',
  `is_correct` tinyint(1) NOT NULL,
  `score` int NOT NULL DEFAULT '0',
  `time_spent_ms` int NOT NULL DEFAULT '0',
  `submitted_answer` json DEFAULT NULL,
  `used_hint` tinyint(1) NOT NULL DEFAULT '0',
  `session_id` bigint unsigned DEFAULT NULL,
  `created_at` timestamp NOT NULL DEFAULT CURRENT_TIMESTAMP,
  PRIMARY KEY (`id`),
  KEY `idx_player_created` (`player_id`,`created_at`),
  KEY `idx_player_mode` (`player_id`,`mode`),
  KEY `idx_question` (`question_id`),
  KEY `fk_ar_poem` (`poem_id`),
  CONSTRAINT `fk_ar_player` FOREIGN KEY (`player_id`) REFERENCES `player_profiles` (`id`) ON DELETE CASCADE,
  CONSTRAINT `fk_ar_poem` FOREIGN KEY (`poem_id`) REFERENCES `poems` (`id`) ON DELETE CASCADE
) ENGINE=InnoDB AUTO_INCREMENT=34 DEFAULT CHARSET=utf8mb4 COLLATE=utf8mb4_unicode_ci;

--
-- Dumping data for table `answer_records`
--

INSERT INTO `answer_records` VALUES (1,3,75,15,'classic',1,145,1000,'{\"index\": 0, \"value\": \"山水\"}',0,3,'2026-07-10 07:56:02'),(2,3,141,29,'classic',1,154,1300,'{\"index\": 1, \"value\": \"醉卧沙场君莫笑\"}',0,3,'2026-07-10 07:56:02'),(3,3,43,9,'classic',0,142,1600,'{\"index\": 0, \"value\": \"九月九日忆山东兄弟\"}',0,3,'2026-07-10 07:56:02'),(4,3,108,22,'classic',0,121,1900,'{\"index\": 1, \"value\": \"夜雨寄北\"}',0,3,'2026-07-10 07:56:03'),(5,3,66,14,'classic',0,119,2200,'{\"index\": 0, \"value\": \"却话巴山夜雨时\"}',0,3,'2026-07-10 07:56:03'),(6,3,135,27,'classic',1,138,2500,'{\"index\": 1, \"value\": \"思乡\"}',0,3,'2026-07-10 07:56:03'),(7,5,12,3,'classic',1,143,1500,'{\"index\": 0, \"value\": \"李白\"}',0,6,'2026-07-10 08:08:56'),(8,5,68,14,'classic',0,133,1500,'{\"index\": 0, \"value\": \"出塞\"}',0,6,'2026-07-10 08:08:57'),(9,5,109,22,'classic',0,123,1500,'{\"index\": 0, \"value\": \"唯见长江天际流\"}',0,6,'2026-07-10 08:08:57'),(10,10,8,2,'classic',1,100,10237,'{\"index\": 1, \"value\": \"望庐山瀑布\"}',0,7,'2026-07-10 08:13:14'),(11,10,19,4,'classic',1,128,6454,'{\"index\": 1, \"value\": \"忽闻岸上踏歌声\"}',0,7,'2026-07-10 08:13:27'),(12,10,122,25,'classic',1,136,6919,'{\"index\": 3, \"value\": \"杜牧\"}',0,7,'2026-07-10 08:13:39'),(13,10,87,18,'classic',1,150,6025,'{\"index\": 1, \"value\": \"王之涣\"}',0,7,'2026-07-10 08:13:47'),(14,10,30,6,'classic',0,134,7345,'{\"index\": 0, \"value\": \"登高\"}',0,7,'2026-07-10 08:13:58'),(15,17,26,6,'classic',1,108,8544,'{\"index\": 0, \"value\": \"烽火连三月\"}',0,9,'2026-07-12 02:34:06'),(16,17,34,7,'classic',1,133,5590,'{\"index\": 0, \"value\": \"窗含西岭千秋雪\"}',0,9,'2026-07-12 02:34:16'),(17,17,56,12,'classic',1,120,66850,'{\"index\": 0, \"value\": \"王孙自可留\"}',0,9,'2026-07-12 02:35:27'),(18,17,61,13,'classic',1,146,6904,'{\"index\": 1, \"value\": \"遥知兄弟登高处\"}',0,9,'2026-07-12 02:35:37'),(19,17,97,20,'classic',1,151,7893,'{\"index\": 0, \"value\": \"李商隐\"}',0,9,'2026-07-12 02:35:47'),(20,17,7,2,'classic',0,159,4336,'{\"index\": 0, \"value\": \"杜甫\"}',0,9,'2026-07-12 02:35:54'),(21,17,22,5,'classic',0,92,7632,'{\"index\": 1, \"value\": \"孟浩然\"}',0,9,'2026-07-12 02:36:06'),(22,17,139,28,'classic',1,128,4580,'{\"index\": 3, \"value\": \"红掌拨清波\"}',0,9,'2026-07-12 02:36:17'),(23,17,108,22,'classic',1,121,7854,'{\"index\": 2, \"value\": \"无题·相见时难别亦难\"}',0,9,'2026-07-12 02:36:26'),(24,17,40,8,'classic',1,126,8878,'{\"index\": 2, \"value\": \"登高\"}',0,9,'2026-07-12 02:36:38'),(25,17,88,18,'classic',1,134,9345,'{\"index\": 3, \"value\": \"登鹳雀楼\"}',0,9,'2026-07-12 02:36:50'),(28,30,0,4,'feihualing',1,125,5000,'[0, 3]',0,15,'2026-07-12 04:21:31'),(29,30,0,15,'sort',0,90,8000,'[\"几处早莺争暖树\", \"孤山寺北贾亭西\", \"乱花渐欲迷人眼\", \"水面初平云脚低\", \"最爱湖东行不足\", \"谁家新燕啄春泥\", \"浅草才能没马蹄\", \"绿杨阴里白沙堤\"]',0,16,'2026-07-12 04:21:31'),(30,30,0,5,'wrong_char',0,115,3000,'\"教\"',0,17,'2026-07-12 04:21:32'),(31,10,0,55,'feihualing',0,80,10457,'[0]',0,24,'2026-07-12 06:35:05'),(32,18,411,117,'classic',0,80,14475,'{\"index\": 0, \"value\": \"出郊旷清曙\"}',0,28,'2026-07-12 09:22:56'),(33,10,0,99,'sort',0,80,23998,'[\"北风吹雁雪纷纷\", \"千里黄云白日曛\", \"莫愁前路无知己\", \"天下谁人不识君\"]',0,31,'2026-07-18 05:58:51');

--
-- Table structure for table `game_sessions`
--

CREATE TABLE `game_sessions` (
  `id` bigint unsigned NOT NULL AUTO_INCREMENT,
  `player_id` bigint unsigned NOT NULL,
  `mode` varchar(32) COLLATE utf8mb4_unicode_ci NOT NULL,
  `score` int NOT NULL DEFAULT '0',
  `correct_count` int NOT NULL DEFAULT '0',
  `wrong_count` int NOT NULL DEFAULT '0',
  `duration_seconds` int NOT NULL DEFAULT '0',
  `max_combo` int NOT NULL DEFAULT '0',
  `finished` tinyint(1) NOT NULL DEFAULT '0',
  `created_at` timestamp NOT NULL DEFAULT CURRENT_TIMESTAMP,
  `finished_at` timestamp NULL DEFAULT NULL,
  PRIMARY KEY (`id`),
  KEY `idx_player_mode` (`player_id`,`mode`),
  KEY `idx_created` (`created_at`),
  CONSTRAINT `fk_gs_player` FOREIGN KEY (`player_id`) REFERENCES `player_profiles` (`id`) ON DELETE CASCADE
) ENGINE=InnoDB AUTO_INCREMENT=32 DEFAULT CHARSET=utf8mb4 COLLATE=utf8mb4_unicode_ci;

--
-- Dumping data for table `game_sessions`
--

INSERT INTO `game_sessions` VALUES (1,2,'classic',0,0,0,0,0,0,'2026-07-10 07:50:59',NULL),(2,2,'classic',0,0,0,0,0,0,'2026-07-10 07:50:59',NULL),(3,3,'classic',819,3,3,2,2,1,'2026-07-10 07:56:01','2026-07-10 07:56:03'),(4,4,'classic',0,0,0,0,0,0,'2026-07-10 07:56:24',NULL),(5,4,'classic',0,0,0,0,0,0,'2026-07-10 07:56:24',NULL),(6,5,'classic',399,1,2,1,1,1,'2026-07-10 08:08:56','2026-07-10 08:08:57'),(7,10,'classic',648,4,1,61,4,1,'2026-07-10 08:13:03','2026-07-10 08:14:04'),(8,10,'classic',0,0,0,0,0,0,'2026-07-12 02:27:06',NULL),(9,17,'classic',1418,9,2,184,5,1,'2026-07-12 02:33:57','2026-07-12 02:37:01'),(10,22,'feihualing',0,0,0,0,0,0,'2026-07-12 04:09:07',NULL),(11,24,'feihualing',0,0,0,0,0,0,'2026-07-12 04:11:41',NULL),(12,26,'feihualing',0,0,0,0,0,0,'2026-07-12 04:14:15',NULL),(13,28,'feihualing',0,0,0,0,0,0,'2026-07-12 04:21:07',NULL),(14,29,'feihualing',0,0,0,0,0,0,'2026-07-12 04:21:13',NULL),(15,30,'feihualing',0,0,0,0,0,0,'2026-07-12 04:21:31',NULL),(16,30,'sort',0,0,0,0,0,0,'2026-07-12 04:21:31',NULL),(17,30,'wrong_char',0,0,0,0,0,0,'2026-07-12 04:21:32',NULL),(18,10,'classic',0,0,0,0,0,0,'2026-07-12 05:38:05',NULL),(19,10,'classic',0,0,0,0,0,0,'2026-07-12 05:39:52',NULL),(20,10,'classic',0,0,0,0,0,0,'2026-07-12 06:26:11',NULL),(21,17,'classic',0,0,0,0,0,0,'2026-07-12 06:32:57',NULL),(22,17,'classic',0,0,0,0,0,0,'2026-07-12 06:33:36',NULL),(23,10,'classic',0,0,0,0,0,0,'2026-07-12 06:33:51',NULL),(24,10,'feihualing',0,0,0,0,0,0,'2026-07-12 06:34:54',NULL),(25,10,'classic',0,0,0,0,0,0,'2026-07-12 06:37:38',NULL),(26,17,'classic',0,0,0,0,0,0,'2026-07-12 06:44:45',NULL),(27,10,'classic',0,0,0,0,0,0,'2026-07-12 07:17:12',NULL),(28,18,'classic',0,0,0,0,0,0,'2026-07-12 09:22:41',NULL),(29,10,'classic',0,0,0,0,0,0,'2026-07-18 05:58:01',NULL),(30,10,'wrong_char',0,0,0,0,0,0,'2026-07-18 05:58:11',NULL),(31,10,'sort',0,0,0,0,0,0,'2026-07-18 05:58:27',NULL);

--
-- Table structure for table `leaderboards`
--

CREATE TABLE `leaderboards` (
  `id` bigint unsigned NOT NULL AUTO_INCREMENT,
  `player_id` bigint unsigned NOT NULL,
  `mode` varchar(32) COLLATE utf8mb4_unicode_ci NOT NULL,
  `score` int NOT NULL DEFAULT '0',
  `duration_seconds` int NOT NULL DEFAULT '0',
  `combo` int NOT NULL DEFAULT '0',
  `created_at` timestamp NOT NULL DEFAULT CURRENT_TIMESTAMP,
  PRIMARY KEY (`id`),
  KEY `idx_mode_score` (`mode`,`score` DESC),
  KEY `idx_player` (`player_id`),
  CONSTRAINT `fk_lb_player` FOREIGN KEY (`player_id`) REFERENCES `player_profiles` (`id`) ON DELETE CASCADE
) ENGINE=InnoDB AUTO_INCREMENT=5 DEFAULT CHARSET=utf8mb4 COLLATE=utf8mb4_unicode_ci;

--
-- Dumping data for table `leaderboards`
--

INSERT INTO `leaderboards` VALUES (1,10,'classic',648,61,4,'2026-07-10 08:14:04'),(2,10,'total',648,61,4,'2026-07-10 08:14:04'),(3,17,'classic',1418,184,5,'2026-07-12 02:37:01'),(4,17,'total',1418,184,5,'2026-07-12 02:37:01');

--
-- Table structure for table `player_achievements`
--

CREATE TABLE `player_achievements` (
  `id` bigint unsigned NOT NULL AUTO_INCREMENT,
  `player_id` bigint unsigned NOT NULL,
  `achievement_id` bigint unsigned NOT NULL,
  `unlocked_at` timestamp NOT NULL DEFAULT CURRENT_TIMESTAMP,
  PRIMARY KEY (`id`),
  UNIQUE KEY `uk_player_ach` (`player_id`,`achievement_id`),
  KEY `idx_player` (`player_id`),
  KEY `fk_pa_achievement` (`achievement_id`),
  CONSTRAINT `fk_pa_achievement` FOREIGN KEY (`achievement_id`) REFERENCES `achievements` (`id`) ON DELETE CASCADE,
  CONSTRAINT `fk_pa_player` FOREIGN KEY (`player_id`) REFERENCES `player_profiles` (`id`) ON DELETE CASCADE
) ENGINE=InnoDB AUTO_INCREMENT=7 DEFAULT CHARSET=utf8mb4 COLLATE=utf8mb4_unicode_ci;

--
-- Dumping data for table `player_achievements`
--

INSERT INTO `player_achievements` VALUES (1,3,1,'2026-07-10 07:56:02'),(2,5,1,'2026-07-10 08:08:56'),(3,10,1,'2026-07-10 08:13:14'),(4,17,1,'2026-07-12 02:34:06'),(5,30,1,'2026-07-12 04:21:31'),(6,30,4,'2026-07-12 04:21:31');

--
-- Table structure for table `player_poem_progress`
--

CREATE TABLE `player_poem_progress` (
  `id` bigint unsigned NOT NULL AUTO_INCREMENT,
  `player_id` bigint unsigned NOT NULL,
  `poem_id` bigint unsigned NOT NULL,
  `attempts` int NOT NULL DEFAULT '0',
  `correct_count` int NOT NULL DEFAULT '0',
  `mastery_level` tinyint NOT NULL DEFAULT '0',
  `best_score` int NOT NULL DEFAULT '0',
  `last_played_at` timestamp NULL DEFAULT NULL,
  PRIMARY KEY (`id`),
  UNIQUE KEY `uk_player_poem` (`player_id`,`poem_id`),
  KEY `idx_player_mastery` (`player_id`,`mastery_level`),
  KEY `fk_ppp_poem` (`poem_id`),
  CONSTRAINT `fk_ppp_player` FOREIGN KEY (`player_id`) REFERENCES `player_profiles` (`id`) ON DELETE CASCADE,
  CONSTRAINT `fk_ppp_poem` FOREIGN KEY (`poem_id`) REFERENCES `poems` (`id`) ON DELETE CASCADE
) ENGINE=InnoDB AUTO_INCREMENT=32 DEFAULT CHARSET=utf8mb4 COLLATE=utf8mb4_unicode_ci;

--
-- Dumping data for table `player_poem_progress`
--

INSERT INTO `player_poem_progress` VALUES (1,3,15,1,1,1,145,'2026-07-10 07:56:02'),(2,3,29,1,1,1,154,'2026-07-10 07:56:02'),(3,3,9,1,0,0,142,'2026-07-10 07:56:02'),(4,3,22,1,0,0,121,'2026-07-10 07:56:03'),(5,3,14,1,0,0,119,'2026-07-10 07:56:03'),(6,3,27,1,1,1,138,'2026-07-10 07:56:03'),(7,5,3,1,1,1,143,'2026-07-10 08:08:56'),(8,5,14,1,0,0,133,'2026-07-10 08:08:57'),(9,5,22,1,0,0,123,'2026-07-10 08:08:57'),(10,10,2,1,1,1,100,'2026-07-10 08:13:14'),(11,10,4,1,1,1,128,'2026-07-10 08:13:27'),(12,10,25,1,1,1,136,'2026-07-10 08:13:39'),(13,10,18,1,1,1,150,'2026-07-10 08:13:47'),(14,10,6,1,0,0,134,'2026-07-10 08:13:58'),(15,17,6,1,1,1,108,'2026-07-12 02:34:06'),(16,17,7,1,1,1,133,'2026-07-12 02:34:16'),(17,17,12,1,1,1,120,'2026-07-12 02:35:27'),(18,17,13,1,1,1,146,'2026-07-12 02:35:37'),(19,17,20,1,1,1,151,'2026-07-12 02:35:47'),(20,17,2,1,0,0,159,'2026-07-12 02:35:54'),(21,17,5,1,0,0,92,'2026-07-12 02:36:06'),(22,17,28,1,1,1,128,'2026-07-12 02:36:17'),(23,17,22,1,1,1,121,'2026-07-12 02:36:26'),(24,17,8,1,1,1,126,'2026-07-12 02:36:38'),(25,17,18,1,1,1,134,'2026-07-12 02:36:50'),(26,30,4,1,1,1,125,'2026-07-12 04:21:31'),(27,30,15,1,0,0,90,'2026-07-12 04:21:31'),(28,30,5,1,0,0,115,'2026-07-12 04:21:32'),(29,10,55,1,0,0,80,'2026-07-12 06:35:05'),(30,18,117,1,0,0,80,'2026-07-12 09:22:56'),(31,10,99,1,0,0,80,'2026-07-18 05:58:51');

--
-- Table structure for table `player_profiles`
--

CREATE TABLE `player_profiles` (
  `id` bigint unsigned NOT NULL AUTO_INCREMENT,
  `account_id` bigint unsigned DEFAULT NULL,
  `anonymous_key` varchar(64) COLLATE utf8mb4_unicode_ci DEFAULT NULL,
  `nickname` varchar(64) COLLATE utf8mb4_unicode_ci NOT NULL,
  `is_guest` tinyint(1) NOT NULL DEFAULT '1',
  `total_score` int NOT NULL DEFAULT '0',
  `achievement_points` int NOT NULL DEFAULT '0',
  `level` int NOT NULL DEFAULT '1',
  `experience` int NOT NULL DEFAULT '0',
  `current_theme` varchar(64) COLLATE utf8mb4_unicode_ci NOT NULL DEFAULT 'ink_dream',
  `reduce_motion` tinyint(1) NOT NULL DEFAULT '0',
  `max_combo` int NOT NULL DEFAULT '0',
  `correct_total` int NOT NULL DEFAULT '0',
  `created_at` timestamp NOT NULL DEFAULT CURRENT_TIMESTAMP,
  `last_active_at` timestamp NOT NULL DEFAULT CURRENT_TIMESTAMP ON UPDATE CURRENT_TIMESTAMP,
  PRIMARY KEY (`id`),
  UNIQUE KEY `uk_anonymous_key` (`anonymous_key`),
  UNIQUE KEY `uk_account_id` (`account_id`),
  CONSTRAINT `fk_profile_account` FOREIGN KEY (`account_id`) REFERENCES `accounts` (`id`) ON DELETE SET NULL
) ENGINE=InnoDB AUTO_INCREMENT=38 DEFAULT CHARSET=utf8mb4 COLLATE=utf8mb4_unicode_ci;

--
-- Dumping data for table `player_profiles`
--

INSERT INTO `player_profiles` VALUES (1,NULL,'probe-cn-1783669781639680557','游客T07DX',1,0,0,1,0,'jade_green',0,0,0,'2026-07-10 07:49:41','2026-07-12 02:25:02'),(2,NULL,'anon-mremzbr9-mc5ultnz','游客I4XDR',1,0,0,1,0,'jade_green',0,0,0,'2026-07-10 07:50:59','2026-07-12 02:25:02'),(3,1,'anon-e2e-1783670161575','测试玩家',0,819,5,1,78,'jade_green',0,2,3,'2026-07-10 07:56:01','2026-07-12 02:25:02'),(4,NULL,'anon-mren6a8d-l307fjxl','游客OK5QE',1,0,0,1,0,'jade_green',0,0,0,'2026-07-10 07:56:24','2026-07-12 02:25:02'),(5,NULL,'prod-1783670935849','游客JO9CV',1,399,5,1,28,'jade_green',0,1,1,'2026-07-10 08:08:56','2026-07-12 02:25:02'),(6,NULL,'anon-mrenos41-e9eeg8sh','游客PWUCX',1,0,0,1,0,'jade_green',0,0,0,'2026-07-10 08:10:47','2026-07-12 02:25:02'),(7,NULL,'anon-mrenptzk-v2405ipu','游客NKEIG',1,0,0,1,0,'jade_green',0,0,0,'2026-07-10 08:11:36','2026-07-12 02:25:02'),(8,NULL,'anon-mrenqhnn-b5svqm4m','游客JBQ8V',1,0,0,1,0,'jade_green',0,0,0,'2026-07-10 08:12:06','2026-07-12 02:25:02'),(9,NULL,'anon-mrenqtdc-xkumvi39','游客F9OGX',1,0,0,1,0,'jade_green',0,0,0,'2026-07-10 08:12:22','2026-07-12 02:25:02'),(10,NULL,'anon-mrenr6do-1vuckx04','游客254QB',1,808,5,1,96,'jade_green',0,4,4,'2026-07-10 08:12:39','2026-07-18 05:58:51'),(11,NULL,'anon-mreu4ixd-297fa7fe','游客NPFBF',1,0,0,1,0,'jade_green',0,0,0,'2026-07-10 11:10:59','2026-07-12 02:25:02'),(12,NULL,'anon-mrewd516-o9ldhv8b','游客I6ZPN',1,0,0,1,0,'jade_green',0,0,0,'2026-07-10 12:13:40','2026-07-12 02:25:02'),(13,NULL,'anon-mrezucuq-ju7palb1','游客OD001',1,0,0,1,0,'jade_green',0,0,0,'2026-07-10 13:51:03','2026-07-12 02:25:02'),(14,NULL,'anon-mrh6e164-pehu6flm','游客KEUEO',1,0,0,1,0,'ink_dream',0,0,0,'2026-07-12 02:29:50','2026-07-12 02:29:50'),(15,NULL,'anon-mrh6fapm-9h27qfml','游客IG4ZQ',1,0,0,1,0,'ink_dream',0,0,0,'2026-07-12 02:30:49','2026-07-12 02:30:49'),(16,NULL,'anon-mrh6ix5b-3jmuer52','游客EWDNX',1,0,0,1,0,'ink_dream',0,0,0,'2026-07-12 02:33:38','2026-07-12 02:33:38'),(17,NULL,'anon-mrh6j3hg-56egqoyw','游客R58MW',1,1418,5,3,207,'ink_dream',0,5,9,'2026-07-12 02:33:46','2026-07-12 02:36:50'),(18,NULL,'anon-mrh6onie-bgr4jqvk','游客C1C8M',1,80,0,1,2,'ink_dream',0,0,0,'2026-07-12 02:38:06','2026-07-12 09:22:56'),(19,NULL,'anon-mrh95b8s-pi24he3w','游客U879I',1,0,0,1,0,'ink_dream',0,0,0,'2026-07-12 03:47:02','2026-07-12 03:47:02'),(20,NULL,'anon-mrh9kp9v-qx6fl9lh','游客5EOCW',1,0,0,1,0,'ink_dream',0,0,0,'2026-07-12 03:59:00','2026-07-12 03:59:00'),(21,NULL,'test_e2e_modes_23255','游客JNY6F',1,0,0,1,0,'ink_dream',0,0,0,'2026-07-12 04:08:51','2026-07-12 04:08:51'),(22,NULL,'e2e_acasmyhx','游客U01RS',1,0,0,1,0,'ink_dream',0,0,0,'2026-07-12 04:09:07','2026-07-12 04:09:07'),(23,NULL,'e2e_zsxqakzo','游客3CSRT',1,0,0,1,0,'ink_dream',0,0,0,'2026-07-12 04:09:12','2026-07-12 04:09:12'),(24,NULL,'e2e_ctpntfun','游客0SG0A',1,0,0,1,0,'ink_dream',0,0,0,'2026-07-12 04:11:41','2026-07-12 04:11:41'),(25,NULL,'e2e_xnhuqxpm','游客SX69C',1,0,0,1,0,'ink_dream',0,0,0,'2026-07-12 04:11:49','2026-07-12 04:11:49'),(26,NULL,'e2e_vhvhfxrj','游客R1A7A',1,0,0,1,0,'ink_dream',0,0,0,'2026-07-12 04:14:15','2026-07-12 04:14:15'),(27,NULL,'e2e_vozdkdri','游客7KFL2',1,0,0,1,0,'ink_dream',0,0,0,'2026-07-12 04:14:19','2026-07-12 04:14:19'),(28,NULL,'e2e_tkdcqvpc','游客N8HHM',1,0,0,1,0,'ink_dream',0,0,0,'2026-07-12 04:21:07','2026-07-12 04:21:07'),(29,NULL,'e2e_mcjckrkn','游客JVWGS',1,0,0,1,0,'ink_dream',0,0,0,'2026-07-12 04:21:13','2026-07-12 04:21:13'),(30,NULL,'e2e_qbawixqo','游客FX46V',1,330,20,1,26,'ink_dream',0,1,1,'2026-07-12 04:21:31','2026-07-12 04:21:32'),(31,NULL,'anon-mrhdhzj8-qkbqfmu3','游客UK910',1,0,0,1,0,'ink_dream',0,0,0,'2026-07-12 05:48:52','2026-07-12 05:48:52'),(32,NULL,'e2e_siosxcoc','游客3E1TO',1,0,0,1,0,'jade_green',0,0,0,'2026-07-12 05:50:29','2026-07-12 05:50:29'),(33,NULL,'e2e_pfwdyebz','游客90Z6B',1,0,0,1,0,'ink_dream',0,0,0,'2026-07-12 05:52:49','2026-07-12 05:52:49'),(34,NULL,'anon-mrouzmhn-37we2yze','游客41WBN',1,0,0,1,0,'ink_dream',0,0,0,'2026-07-17 11:32:52','2026-07-17 11:32:52'),(35,NULL,'anon-mrqxjyky-fpintiih','游客2YUY5',1,0,0,1,0,'ink_dream',0,0,0,'2026-07-18 22:20:12','2026-07-18 22:20:12'),(36,NULL,'anon-msaqt4eu-v1lct66f','游客G67QE',1,0,0,1,0,'ink_dream',0,0,0,'2026-08-01 19:06:46','2026-08-01 19:06:46'),(37,NULL,'anon-mse9gbah-1fnwvbgl','游客V0Q9P',1,0,0,1,0,'ink_dream',0,0,0,'2026-08-04 06:11:57','2026-08-04 06:11:57');

--
-- Table structure for table `poem_assets`
--

CREATE TABLE `poem_assets` (
  `id` bigint unsigned NOT NULL AUTO_INCREMENT,
  `poem_id` bigint unsigned NOT NULL,
  `asset_type` varchar(32) COLLATE utf8mb4_unicode_ci NOT NULL DEFAULT 'poem_bg',
  `image_url` varchar(255) COLLATE utf8mb4_unicode_ci NOT NULL,
  `thumbnail_url` varchar(255) COLLATE utf8mb4_unicode_ci DEFAULT NULL,
  `style` varchar(64) COLLATE utf8mb4_unicode_ci DEFAULT NULL,
  `prompt` text COLLATE utf8mb4_unicode_ci,
  `width` int DEFAULT NULL,
  `height` int DEFAULT NULL,
  `created_at` timestamp NOT NULL DEFAULT CURRENT_TIMESTAMP,
  PRIMARY KEY (`id`),
  KEY `idx_poem_asset` (`poem_id`,`asset_type`),
  CONSTRAINT `fk_asset_poem` FOREIGN KEY (`poem_id`) REFERENCES `poems` (`id`) ON DELETE CASCADE
) ENGINE=InnoDB AUTO_INCREMENT=237 DEFAULT CHARSET=utf8mb4 COLLATE=utf8mb4_unicode_ci;

--
-- Dumping data for table `poem_assets`
--

INSERT INTO `poem_assets` VALUES (1,1,'poem_bg','/assets/poems/1.webp','/assets/poems/1.webp','ink_wash','水墨国风：静夜思 - 李白',1600,900,'2026-07-10 07:39:52'),(2,2,'poem_bg','/assets/poems/2.webp','/assets/poems/2.webp','ink_wash','水墨国风：望庐山瀑布 - 李白',1600,900,'2026-07-10 07:39:52'),(3,3,'poem_bg','/assets/poems/3.webp','/assets/poems/3.webp','ink_wash','水墨国风：早发白帝城 - 李白',1600,900,'2026-07-10 07:39:52'),(4,4,'poem_bg','/assets/poems/4.webp','/assets/poems/4.webp','ink_wash','水墨国风：赠汪伦 - 李白',1600,900,'2026-07-10 07:39:52'),(5,5,'poem_bg','/assets/poems/5.webp','/assets/poems/5.webp','ink_wash','水墨国风：黄鹤楼送孟浩然之广陵 - 李白',1600,900,'2026-07-10 07:39:52'),(6,6,'poem_bg','/assets/poems/6.webp','/assets/poems/6.webp','ink_wash','水墨国风：春望 - 杜甫',1600,900,'2026-07-10 07:39:52'),(7,7,'poem_bg','/assets/poems/7.webp','/assets/poems/7.webp','ink_wash','水墨国风：绝句·两个黄鹂鸣翠柳 - 杜甫',1600,900,'2026-07-10 07:39:52'),(8,8,'poem_bg','/assets/poems/8.webp','/assets/poems/8.webp','ink_wash','水墨国风：登高 - 杜甫',1600,900,'2026-07-10 07:39:52'),(9,9,'poem_bg','/assets/poems/9.webp','/assets/poems/9.webp','ink_wash','水墨国风：月夜忆舍弟 - 杜甫',1600,900,'2026-07-10 07:39:52'),(10,10,'poem_bg','/assets/poems/10.webp','/assets/poems/10.webp','ink_wash','水墨国风：相思 - 王维',1600,900,'2026-07-10 07:39:52'),(11,11,'poem_bg','/assets/poems/11.webp','/assets/poems/11.webp','ink_wash','水墨国风：鹿柴 - 王维',1600,900,'2026-07-10 07:39:52'),(12,12,'poem_bg','/assets/poems/12.webp','/assets/poems/12.webp','ink_wash','水墨国风：山居秋暝 - 王维',1600,900,'2026-07-10 07:39:52'),(13,13,'poem_bg','/assets/poems/13.webp','/assets/poems/13.webp','ink_wash','水墨国风：九月九日忆山东兄弟 - 王维',1600,900,'2026-07-10 07:39:52'),(14,14,'poem_bg','/assets/poems/14.webp','/assets/poems/14.webp','ink_wash','水墨国风：赋得古原草送别 - 白居易',1600,900,'2026-07-10 07:39:52'),(15,15,'poem_bg','/assets/poems/15.webp','/assets/poems/15.webp','ink_wash','水墨国风：钱塘湖春行 - 白居易',1600,900,'2026-07-10 07:39:52'),(16,16,'poem_bg','/assets/poems/16.webp','/assets/poems/16.webp','ink_wash','水墨国风：春晓 - 孟浩然',1600,900,'2026-07-10 07:39:52'),(17,17,'poem_bg','/assets/poems/17.webp','/assets/poems/17.webp','ink_wash','水墨国风：过故人庄 - 孟浩然',1600,900,'2026-07-10 07:39:52'),(18,18,'poem_bg','/assets/poems/18.webp','/assets/poems/18.webp','ink_wash','水墨国风：登鹳雀楼 - 王之涣',1600,900,'2026-07-10 07:39:52'),(19,19,'poem_bg','/assets/poems/19.webp','/assets/poems/19.webp','ink_wash','水墨国风：凉州词·黄河远上 - 王之涣',1600,900,'2026-07-10 07:39:52'),(20,20,'poem_bg','/assets/poems/20.webp','/assets/poems/20.webp','ink_wash','水墨国风：夜雨寄北 - 李商隐',1600,900,'2026-07-10 07:39:52'),(21,21,'poem_bg','/assets/poems/21.webp','/assets/poems/21.webp','ink_wash','水墨国风：锦瑟 - 李商隐',1600,900,'2026-07-10 07:39:52'),(22,22,'poem_bg','/assets/poems/22.webp','/assets/poems/22.webp','ink_wash','水墨国风：无题·相见时难别亦难 - 李商隐',1600,900,'2026-07-10 07:39:52'),(23,23,'poem_bg','/assets/poems/23.webp','/assets/poems/23.webp','ink_wash','水墨国风：泊秦淮 - 杜牧',1600,900,'2026-07-10 07:39:52'),(24,24,'poem_bg','/assets/poems/24.webp','/assets/poems/24.webp','ink_wash','水墨国风：山行 - 杜牧',1600,900,'2026-07-10 07:39:52'),(25,25,'poem_bg','/assets/poems/25.webp','/assets/poems/25.webp','ink_wash','水墨国风：清明 - 杜牧',1600,900,'2026-07-10 07:39:52'),(26,26,'poem_bg','/assets/poems/26.webp','/assets/poems/26.webp','ink_wash','水墨国风：枫桥夜泊 - 张继',1600,900,'2026-07-10 07:39:52'),(27,27,'poem_bg','/assets/poems/27.webp','/assets/poems/27.webp','ink_wash','水墨国风：回乡偶书 - 贺知章',1600,900,'2026-07-10 07:39:52'),(28,28,'poem_bg','/assets/poems/28.webp','/assets/poems/28.webp','ink_wash','水墨国风：咏鹅 - 骆宾王',1600,900,'2026-07-10 07:39:52'),(29,29,'poem_bg','/assets/poems/29.webp','/assets/poems/29.webp','ink_wash','水墨国风：凉州词·葡萄美酒 - 王翰',1600,900,'2026-07-10 07:39:52'),(30,30,'poem_bg','/assets/poems/30.webp','/assets/poems/30.webp','ink_wash','水墨国风：出塞 - 王昌龄',1600,900,'2026-07-10 07:39:52'),(31,31,'poem_bg','/assets/poems/31.webp','/assets/poems/31.webp','ink_wash',NULL,NULL,NULL,'2026-07-12 06:21:54'),(32,32,'poem_bg','/assets/poems/32.webp','/assets/poems/32.webp','ink_wash',NULL,NULL,NULL,'2026-07-12 06:21:54'),(33,33,'poem_bg','/assets/poems/33.webp','/assets/poems/33.webp','ink_wash',NULL,NULL,NULL,'2026-07-12 06:21:54'),(34,34,'poem_bg','/assets/poems/34.webp','/assets/poems/34.webp','ink_wash',NULL,NULL,NULL,'2026-07-12 06:21:54'),(35,35,'poem_bg','/assets/poems/35.webp','/assets/poems/35.webp','ink_wash',NULL,NULL,NULL,'2026-07-12 06:21:54'),(36,36,'poem_bg','/assets/poems/36.webp','/assets/poems/36.webp','ink_wash',NULL,NULL,NULL,'2026-07-12 06:21:54'),(37,37,'poem_bg','/assets/poems/37.webp','/assets/poems/37.webp','ink_wash',NULL,NULL,NULL,'2026-07-12 06:21:54'),(38,38,'poem_bg','/assets/poems/38.webp','/assets/poems/38.webp','ink_wash',NULL,NULL,NULL,'2026-07-12 06:21:54'),(39,39,'poem_bg','/assets/poems/39.webp','/assets/poems/39.webp','ink_wash',NULL,NULL,NULL,'2026-07-12 06:21:54'),(40,40,'poem_bg','/assets/poems/40.webp','/assets/poems/40.webp','ink_wash',NULL,NULL,NULL,'2026-07-12 06:21:54'),(41,41,'poem_bg','/assets/poems/41.webp','/assets/poems/41.webp','ink_wash',NULL,NULL,NULL,'2026-07-12 06:21:54'),(42,42,'poem_bg','/assets/poems/42.webp','/assets/poems/42.webp','ink_wash',NULL,NULL,NULL,'2026-07-12 06:21:54'),(43,43,'poem_bg','/assets/poems/43.webp','/assets/poems/43.webp','ink_wash',NULL,NULL,NULL,'2026-07-12 06:21:54'),(44,44,'poem_bg','/assets/poems/44.webp','/assets/poems/44.webp','ink_wash',NULL,NULL,NULL,'2026-07-12 06:21:54'),(45,45,'poem_bg','/assets/poems/45.webp','/assets/poems/45.webp','ink_wash',NULL,NULL,NULL,'2026-07-12 06:21:54'),(46,46,'poem_bg','/assets/poems/46.webp','/assets/poems/46.webp','ink_wash',NULL,NULL,NULL,'2026-07-12 06:21:54'),(47,47,'poem_bg','/assets/poems/47.webp','/assets/poems/47.webp','ink_wash',NULL,NULL,NULL,'2026-07-12 06:21:54'),(48,48,'poem_bg','/assets/poems/48.webp','/assets/poems/48.webp','ink_wash',NULL,NULL,NULL,'2026-07-12 06:21:54'),(49,49,'poem_bg','/assets/poems/49.webp','/assets/poems/49.webp','ink_wash',NULL,NULL,NULL,'2026-07-12 06:21:54'),(50,50,'poem_bg','/assets/poems/50.webp','/assets/poems/50.webp','ink_wash',NULL,NULL,NULL,'2026-07-12 06:21:54'),(51,51,'poem_bg','/assets/poems/51.webp','/assets/poems/51.webp','ink_wash',NULL,NULL,NULL,'2026-07-12 06:21:55'),(52,52,'poem_bg','/assets/poems/52.webp','/assets/poems/52.webp','ink_wash',NULL,NULL,NULL,'2026-07-12 06:21:55'),(53,53,'poem_bg','/assets/poems/53.webp','/assets/poems/53.webp','ink_wash',NULL,NULL,NULL,'2026-07-12 06:21:55'),(54,54,'poem_bg','/assets/poems/54.webp','/assets/poems/54.webp','ink_wash',NULL,NULL,NULL,'2026-07-12 06:21:55'),(55,55,'poem_bg','/assets/poems/55.webp','/assets/poems/55.webp','ink_wash',NULL,NULL,NULL,'2026-07-12 06:21:55'),(56,56,'poem_bg','/assets/poems/56.webp','/assets/poems/56.webp','ink_wash',NULL,NULL,NULL,'2026-07-12 06:21:55'),(57,57,'poem_bg','/assets/poems/57.webp','/assets/poems/57.webp','ink_wash',NULL,NULL,NULL,'2026-07-12 06:21:55'),(58,58,'poem_bg','/assets/poems/58.webp','/assets/poems/58.webp','ink_wash',NULL,NULL,NULL,'2026-07-12 06:21:55'),(59,59,'poem_bg','/assets/poems/59.webp','/assets/poems/59.webp','ink_wash',NULL,NULL,NULL,'2026-07-12 06:21:55'),(60,60,'poem_bg','/assets/poems/60.webp','/assets/poems/60.webp','ink_wash',NULL,NULL,NULL,'2026-07-12 06:21:55'),(61,61,'poem_bg','/assets/poems/61.webp','/assets/poems/61.webp','ink_wash',NULL,NULL,NULL,'2026-07-12 06:21:55'),(62,62,'poem_bg','/assets/poems/62.webp','/assets/poems/62.webp','ink_wash',NULL,NULL,NULL,'2026-07-12 06:21:55'),(63,63,'poem_bg','/assets/poems/63.webp','/assets/poems/63.webp','ink_wash',NULL,NULL,NULL,'2026-07-12 06:21:55'),(64,64,'poem_bg','/assets/poems/64.webp','/assets/poems/64.webp','ink_wash',NULL,NULL,NULL,'2026-07-12 06:21:55'),(65,65,'poem_bg','/assets/poems/65.webp','/assets/poems/65.webp','ink_wash',NULL,NULL,NULL,'2026-07-12 06:21:55'),(66,66,'poem_bg','/assets/poems/66.webp','/assets/poems/66.webp','ink_wash',NULL,NULL,NULL,'2026-07-12 06:21:55'),(67,67,'poem_bg','/assets/poems/67.webp','/assets/poems/67.webp','ink_wash',NULL,NULL,NULL,'2026-07-12 06:21:55'),(68,68,'poem_bg','/assets/poems/68.webp','/assets/poems/68.webp','ink_wash',NULL,NULL,NULL,'2026-07-12 06:21:55'),(69,69,'poem_bg','/assets/poems/69.webp','/assets/poems/69.webp','ink_wash',NULL,NULL,NULL,'2026-07-12 06:21:55'),(70,70,'poem_bg','/assets/poems/70.webp','/assets/poems/70.webp','ink_wash',NULL,NULL,NULL,'2026-07-12 06:21:55'),(71,71,'poem_bg','/assets/poems/71.webp','/assets/poems/71.webp','ink_wash',NULL,NULL,NULL,'2026-07-12 06:21:55'),(72,72,'poem_bg','/assets/poems/72.webp','/assets/poems/72.webp','ink_wash',NULL,NULL,NULL,'2026-07-12 06:21:55'),(73,73,'poem_bg','/assets/poems/73.webp','/assets/poems/73.webp','ink_wash',NULL,NULL,NULL,'2026-07-12 06:21:55'),(74,74,'poem_bg','/assets/poems/74.webp','/assets/poems/74.webp','ink_wash',NULL,NULL,NULL,'2026-07-12 06:21:55'),(75,75,'poem_bg','/assets/poems/75.webp','/assets/poems/75.webp','ink_wash',NULL,NULL,NULL,'2026-07-12 06:21:55'),(76,76,'poem_bg','/assets/poems/76.webp','/assets/poems/76.webp','ink_wash',NULL,NULL,NULL,'2026-07-12 06:21:55'),(77,77,'poem_bg','/assets/poems/77.webp','/assets/poems/77.webp','ink_wash',NULL,NULL,NULL,'2026-07-12 06:21:55'),(78,78,'poem_bg','/assets/poems/78.webp','/assets/poems/78.webp','ink_wash',NULL,NULL,NULL,'2026-07-12 06:21:55'),(79,79,'poem_bg','/assets/poems/79.webp','/assets/poems/79.webp','ink_wash',NULL,NULL,NULL,'2026-07-12 06:21:55'),(80,80,'poem_bg','/assets/poems/80.webp','/assets/poems/80.webp','ink_wash',NULL,NULL,NULL,'2026-07-12 06:21:55'),(81,81,'poem_bg','/assets/poems/81.webp','/assets/poems/81.webp','ink_wash',NULL,NULL,NULL,'2026-07-12 06:21:55'),(82,82,'poem_bg','/assets/poems/82.webp','/assets/poems/82.webp','ink_wash',NULL,NULL,NULL,'2026-07-12 06:21:55'),(83,83,'poem_bg','/assets/poems/83.webp','/assets/poems/83.webp','ink_wash',NULL,NULL,NULL,'2026-07-12 06:21:55'),(84,84,'poem_bg','/assets/poems/84.webp','/assets/poems/84.webp','ink_wash',NULL,NULL,NULL,'2026-07-12 06:21:55'),(85,85,'poem_bg','/assets/poems/85.webp','/assets/poems/85.webp','ink_wash',NULL,NULL,NULL,'2026-07-12 06:21:55'),(86,86,'poem_bg','/assets/poems/86.webp','/assets/poems/86.webp','ink_wash',NULL,NULL,NULL,'2026-07-12 06:21:55'),(87,87,'poem_bg','/assets/poems/87.webp','/assets/poems/87.webp','ink_wash',NULL,NULL,NULL,'2026-07-12 06:21:55'),(88,88,'poem_bg','/assets/poems/88.webp','/assets/poems/88.webp','ink_wash',NULL,NULL,NULL,'2026-07-12 06:21:55'),(89,89,'poem_bg','/assets/poems/89.webp','/assets/poems/89.webp','ink_wash',NULL,NULL,NULL,'2026-07-12 06:21:55'),(90,90,'poem_bg','/assets/poems/90.webp','/assets/poems/90.webp','ink_wash',NULL,NULL,NULL,'2026-07-12 06:21:55'),(91,91,'poem_bg','/assets/poems/91.webp','/assets/poems/91.webp','ink_wash',NULL,NULL,NULL,'2026-07-12 06:21:55'),(92,92,'poem_bg','/assets/poems/92.webp','/assets/poems/92.webp','ink_wash',NULL,NULL,NULL,'2026-07-12 06:21:55'),(93,93,'poem_bg','/assets/poems/93.webp','/assets/poems/93.webp','ink_wash',NULL,NULL,NULL,'2026-07-12 06:21:55'),(94,94,'poem_bg','/assets/poems/94.webp','/assets/poems/94.webp','ink_wash',NULL,NULL,NULL,'2026-07-12 06:21:55'),(95,95,'poem_bg','/assets/poems/95.webp','/assets/poems/95.webp','ink_wash',NULL,NULL,NULL,'2026-07-12 06:21:55'),(96,96,'poem_bg','/assets/poems/96.webp','/assets/poems/96.webp','ink_wash',NULL,NULL,NULL,'2026-07-12 06:21:55'),(97,97,'poem_bg','/assets/poems/97.webp','/assets/poems/97.webp','ink_wash',NULL,NULL,NULL,'2026-07-12 06:21:55'),(98,98,'poem_bg','/assets/poems/98.webp','/assets/poems/98.webp','ink_wash',NULL,NULL,NULL,'2026-07-12 06:21:55'),(99,99,'poem_bg','/assets/poems/99.webp','/assets/poems/99.webp','ink_wash',NULL,NULL,NULL,'2026-07-12 06:21:55'),(100,100,'poem_bg','/assets/poems/100.webp','/assets/poems/100.webp','ink_wash',NULL,NULL,NULL,'2026-07-12 06:21:55'),(101,101,'poem_bg','/assets/poems/101.webp','/assets/poems/101.webp','ink_wash',NULL,NULL,NULL,'2026-07-12 06:29:59'),(102,102,'poem_bg','/assets/poems/102.webp','/assets/poems/102.webp','ink_wash',NULL,NULL,NULL,'2026-07-12 06:29:59'),(103,103,'poem_bg','/assets/poems/103.webp','/assets/poems/103.webp','ink_wash',NULL,NULL,NULL,'2026-07-12 06:29:59'),(104,104,'poem_bg','/assets/poems/104.webp','/assets/poems/104.webp','ink_wash',NULL,NULL,NULL,'2026-07-12 06:29:59'),(105,105,'poem_bg','/assets/poems/105.webp','/assets/poems/105.webp','ink_wash',NULL,NULL,NULL,'2026-07-12 06:29:59'),(106,106,'poem_bg','/assets/poems/106.webp','/assets/poems/106.webp','ink_wash',NULL,NULL,NULL,'2026-07-12 06:29:59'),(107,107,'poem_bg','/assets/poems/107.webp','/assets/poems/107.webp','ink_wash',NULL,NULL,NULL,'2026-07-12 06:29:59'),(108,108,'poem_bg','/assets/poems/108.webp','/assets/poems/108.webp','ink_wash',NULL,NULL,NULL,'2026-07-12 06:29:59'),(109,109,'poem_bg','/assets/poems/109.webp','/assets/poems/109.webp','ink_wash',NULL,NULL,NULL,'2026-07-12 06:29:59'),(110,110,'poem_bg','/assets/poems/110.webp','/assets/poems/110.webp','ink_wash',NULL,NULL,NULL,'2026-07-12 06:29:59'),(111,111,'poem_bg','/assets/poems/111.webp','/assets/poems/111.webp','ink_wash',NULL,NULL,NULL,'2026-07-12 06:29:59'),(112,112,'poem_bg','/assets/poems/112.webp','/assets/poems/112.webp','ink_wash',NULL,NULL,NULL,'2026-07-12 06:29:59'),(113,113,'poem_bg','/assets/poems/113.webp','/assets/poems/113.webp','ink_wash',NULL,NULL,NULL,'2026-07-12 06:29:59'),(114,114,'poem_bg','/assets/poems/114.webp','/assets/poems/114.webp','ink_wash',NULL,NULL,NULL,'2026-07-12 06:29:59'),(115,115,'poem_bg','/assets/poems/115.webp','/assets/poems/115.webp','ink_wash',NULL,NULL,NULL,'2026-07-12 06:29:59'),(116,116,'poem_bg','/assets/poems/116.webp','/assets/poems/116.webp','ink_wash',NULL,NULL,NULL,'2026-07-12 06:29:59'),(117,117,'poem_bg','/assets/poems/117.webp','/assets/poems/117.webp','ink_wash',NULL,NULL,NULL,'2026-07-12 06:29:59'),(118,118,'poem_bg','/assets/poems/118.webp','/assets/poems/118.webp','ink_wash',NULL,NULL,NULL,'2026-07-12 06:29:59'),(119,119,'poem_bg','/assets/poems/119.webp','/assets/poems/119.webp','ink_wash',NULL,NULL,NULL,'2026-07-12 06:29:59'),(120,120,'poem_bg','/assets/poems/120.webp','/assets/poems/120.webp','ink_wash',NULL,NULL,NULL,'2026-07-12 06:29:59'),(121,121,'poem_bg','/assets/poems/121.webp','/assets/poems/121.webp','ink_wash',NULL,NULL,NULL,'2026-07-12 06:29:59'),(122,122,'poem_bg','/assets/poems/122.webp','/assets/poems/122.webp','ink_wash',NULL,NULL,NULL,'2026-07-12 06:29:59'),(123,123,'poem_bg','/assets/poems/123.webp','/assets/poems/123.webp','ink_wash',NULL,NULL,NULL,'2026-07-12 06:29:59'),(124,124,'poem_bg','/assets/poems/124.webp','/assets/poems/124.webp','ink_wash',NULL,NULL,NULL,'2026-07-12 06:29:59'),(125,125,'poem_bg','/assets/poems/125.webp','/assets/poems/125.webp','ink_wash',NULL,NULL,NULL,'2026-07-12 06:29:59'),(126,126,'poem_bg','/assets/poems/126.webp','/assets/poems/126.webp','ink_wash',NULL,NULL,NULL,'2026-07-12 06:29:59'),(127,127,'poem_bg','/assets/poems/127.webp','/assets/poems/127.webp','ink_wash',NULL,NULL,NULL,'2026-07-12 06:29:59'),(128,128,'poem_bg','/assets/poems/128.webp','/assets/poems/128.webp','ink_wash',NULL,NULL,NULL,'2026-07-12 06:29:59'),(129,129,'poem_bg','/assets/poems/129.webp','/assets/poems/129.webp','ink_wash',NULL,NULL,NULL,'2026-07-12 06:29:59'),(130,130,'poem_bg','/assets/poems/130.webp','/assets/poems/130.webp','ink_wash',NULL,NULL,NULL,'2026-07-12 06:29:59'),(131,131,'poem_bg','/assets/poems/131.webp','/assets/poems/131.webp','ink_wash',NULL,NULL,NULL,'2026-07-12 06:29:59'),(132,132,'poem_bg','/assets/poems/132.webp','/assets/poems/132.webp','ink_wash',NULL,NULL,NULL,'2026-07-12 06:29:59'),(133,133,'poem_bg','/assets/poems/133.webp','/assets/poems/133.webp','ink_wash',NULL,NULL,NULL,'2026-07-12 06:29:59'),(134,134,'poem_bg','/assets/poems/134.webp','/assets/poems/134.webp','ink_wash',NULL,NULL,NULL,'2026-07-12 06:29:59'),(135,135,'poem_bg','/assets/poems/135.webp','/assets/poems/135.webp','ink_wash',NULL,NULL,NULL,'2026-07-12 06:29:59'),(136,136,'poem_bg','/assets/poems/136.webp','/assets/poems/136.webp','ink_wash',NULL,NULL,NULL,'2026-07-12 06:29:59'),(137,137,'poem_bg','/assets/poems/137.webp','/assets/poems/137.webp','ink_wash',NULL,NULL,NULL,'2026-07-12 06:29:59'),(138,138,'poem_bg','/assets/poems/138.webp','/assets/poems/138.webp','ink_wash',NULL,NULL,NULL,'2026-07-12 06:29:59'),(139,139,'poem_bg','/assets/poems/139.webp','/assets/poems/139.webp','ink_wash',NULL,NULL,NULL,'2026-07-12 06:29:59'),(140,140,'poem_bg','/assets/poems/140.webp','/assets/poems/140.webp','ink_wash',NULL,NULL,NULL,'2026-07-12 06:29:59'),(141,141,'poem_bg','/assets/poems/141.webp','/assets/poems/141.webp','ink_wash',NULL,NULL,NULL,'2026-07-12 06:29:59'),(142,142,'poem_bg','/assets/poems/142.webp','/assets/poems/142.webp','ink_wash',NULL,NULL,NULL,'2026-07-12 06:29:59'),(143,143,'poem_bg','/assets/poems/143.webp','/assets/poems/143.webp','ink_wash',NULL,NULL,NULL,'2026-07-12 06:29:59'),(144,144,'poem_bg','/assets/poems/144.webp','/assets/poems/144.webp','ink_wash',NULL,NULL,NULL,'2026-07-12 06:29:59'),(145,145,'poem_bg','/assets/poems/145.webp','/assets/poems/145.webp','ink_wash',NULL,NULL,NULL,'2026-07-12 06:29:59'),(146,146,'poem_bg','/assets/poems/146.webp','/assets/poems/146.webp','ink_wash',NULL,NULL,NULL,'2026-07-12 06:29:59'),(147,147,'poem_bg','/assets/poems/147.webp','/assets/poems/147.webp','ink_wash',NULL,NULL,NULL,'2026-07-12 06:29:59'),(148,148,'poem_bg','/assets/poems/148.webp','/assets/poems/148.webp','ink_wash',NULL,NULL,NULL,'2026-07-12 06:29:59'),(149,149,'poem_bg','/assets/poems/149.webp','/assets/poems/149.webp','ink_wash',NULL,NULL,NULL,'2026-07-12 06:29:59'),(150,150,'poem_bg','/assets/poems/150.webp','/assets/poems/150.webp','ink_wash',NULL,NULL,NULL,'2026-07-12 06:29:59'),(151,151,'poem_bg','/assets/poems/151.webp','/assets/poems/151.webp','ink_wash',NULL,NULL,NULL,'2026-07-12 06:29:59'),(152,152,'poem_bg','/assets/poems/152.webp','/assets/poems/152.webp','ink_wash',NULL,NULL,NULL,'2026-07-12 06:29:59'),(153,153,'poem_bg','/assets/poems/153.webp','/assets/poems/153.webp','ink_wash',NULL,NULL,NULL,'2026-07-12 06:29:59'),(154,154,'poem_bg','/assets/poems/154.webp','/assets/poems/154.webp','ink_wash',NULL,NULL,NULL,'2026-07-12 06:29:59'),(155,155,'poem_bg','/assets/poems/155.webp','/assets/poems/155.webp','ink_wash',NULL,NULL,NULL,'2026-07-12 06:29:59'),(156,156,'poem_bg','/assets/poems/156.webp','/assets/poems/156.webp','ink_wash',NULL,NULL,NULL,'2026-07-12 06:30:00'),(157,157,'poem_bg','/assets/poems/157.webp','/assets/poems/157.webp','ink_wash',NULL,NULL,NULL,'2026-07-12 06:30:00'),(158,158,'poem_bg','/assets/poems/158.webp','/assets/poems/158.webp','ink_wash',NULL,NULL,NULL,'2026-07-12 06:30:00'),(159,159,'poem_bg','/assets/poems/159.webp','/assets/poems/159.webp','ink_wash',NULL,NULL,NULL,'2026-07-12 06:30:00'),(160,160,'poem_bg','/assets/poems/160.webp','/assets/poems/160.webp','ink_wash',NULL,NULL,NULL,'2026-07-12 06:30:00'),(161,161,'poem_bg','/assets/poems/161.webp','/assets/poems/161.webp','ink_wash',NULL,NULL,NULL,'2026-07-12 06:30:00'),(162,162,'poem_bg','/assets/poems/162.webp','/assets/poems/162.webp','ink_wash',NULL,NULL,NULL,'2026-07-12 06:30:00'),(163,163,'poem_bg','/assets/poems/163.webp','/assets/poems/163.webp','ink_wash',NULL,NULL,NULL,'2026-07-12 06:30:00'),(164,164,'poem_bg','/assets/poems/164.webp','/assets/poems/164.webp','ink_wash',NULL,NULL,NULL,'2026-07-12 06:30:00'),(165,165,'poem_bg','/assets/poems/165.webp','/assets/poems/165.webp','ink_wash',NULL,NULL,NULL,'2026-07-12 06:30:00'),(166,166,'poem_bg','/assets/poems/166.webp','/assets/poems/166.webp','ink_wash',NULL,NULL,NULL,'2026-07-12 06:30:00'),(167,167,'poem_bg','/assets/poems/167.webp','/assets/poems/167.webp','ink_wash',NULL,NULL,NULL,'2026-07-12 06:30:00'),(168,168,'poem_bg','/assets/poems/168.webp','/assets/poems/168.webp','ink_wash',NULL,NULL,NULL,'2026-07-12 06:30:00'),(169,169,'poem_bg','/assets/poems/169.webp','/assets/poems/169.webp','ink_wash',NULL,NULL,NULL,'2026-07-12 06:30:00'),(170,170,'poem_bg','/assets/poems/170.webp','/assets/poems/170.webp','ink_wash',NULL,NULL,NULL,'2026-07-12 06:30:00'),(171,171,'poem_bg','/assets/poems/171.webp','/assets/poems/171.webp','ink_wash',NULL,NULL,NULL,'2026-07-12 06:30:00'),(172,172,'poem_bg','/assets/poems/172.webp','/assets/poems/172.webp','ink_wash',NULL,NULL,NULL,'2026-07-12 06:30:00'),(173,173,'poem_bg','/assets/poems/173.webp','/assets/poems/173.webp','ink_wash',NULL,NULL,NULL,'2026-07-12 06:30:00'),(174,174,'poem_bg','/assets/poems/174.webp','/assets/poems/174.webp','ink_wash',NULL,NULL,NULL,'2026-07-12 06:30:00'),(175,175,'poem_bg','/assets/poems/175.webp','/assets/poems/175.webp','ink_wash',NULL,NULL,NULL,'2026-07-12 06:30:00'),(176,176,'poem_bg','/assets/poems/176.webp','/assets/poems/176.webp','ink_wash',NULL,NULL,NULL,'2026-07-12 06:30:00'),(177,177,'poem_bg','/assets/poems/177.webp','/assets/poems/177.webp','ink_wash',NULL,NULL,NULL,'2026-07-12 06:30:00'),(178,178,'poem_bg','/assets/poems/178.webp','/assets/poems/178.webp','ink_wash',NULL,NULL,NULL,'2026-07-12 06:30:00'),(179,179,'poem_bg','/assets/poems/179.webp','/assets/poems/179.webp','ink_wash',NULL,NULL,NULL,'2026-07-12 06:30:00'),(180,180,'poem_bg','/assets/poems/180.webp','/assets/poems/180.webp','ink_wash',NULL,NULL,NULL,'2026-07-12 06:30:00'),(181,181,'poem_bg','/assets/poems/181.webp','/assets/poems/181.webp','ink_wash',NULL,NULL,NULL,'2026-07-12 06:30:00'),(182,182,'poem_bg','/assets/poems/182.webp','/assets/poems/182.webp','ink_wash',NULL,NULL,NULL,'2026-07-12 06:30:00'),(183,183,'poem_bg','/assets/poems/183.webp','/assets/poems/183.webp','ink_wash',NULL,NULL,NULL,'2026-07-12 06:30:00'),(184,184,'poem_bg','/assets/poems/184.webp','/assets/poems/184.webp','ink_wash',NULL,NULL,NULL,'2026-07-12 06:30:00'),(185,185,'poem_bg','/assets/poems/185.webp','/assets/poems/185.webp','ink_wash',NULL,NULL,NULL,'2026-07-12 06:30:00'),(186,186,'poem_bg','/assets/poems/186.webp','/assets/poems/186.webp','ink_wash',NULL,NULL,NULL,'2026-07-12 06:30:00'),(187,187,'poem_bg','/assets/poems/187.webp','/assets/poems/187.webp','ink_wash',NULL,NULL,NULL,'2026-07-12 06:30:00'),(188,188,'poem_bg','/assets/poems/188.webp','/assets/poems/188.webp','ink_wash',NULL,NULL,NULL,'2026-07-12 06:30:00'),(189,189,'poem_bg','/assets/poems/189.webp','/assets/poems/189.webp','ink_wash',NULL,NULL,NULL,'2026-07-12 06:30:00'),(190,190,'poem_bg','/assets/poems/190.webp','/assets/poems/190.webp','ink_wash',NULL,NULL,NULL,'2026-07-12 06:30:00'),(191,191,'poem_bg','/assets/poems/191.webp','/assets/poems/191.webp','ink_wash',NULL,NULL,NULL,'2026-07-12 06:30:00'),(192,192,'poem_bg','/assets/poems/192.webp','/assets/poems/192.webp','ink_wash',NULL,NULL,NULL,'2026-07-12 06:30:00'),(193,193,'poem_bg','/assets/poems/193.webp','/assets/poems/193.webp','ink_wash',NULL,NULL,NULL,'2026-07-12 06:30:00'),(194,194,'poem_bg','/assets/poems/194.webp','/assets/poems/194.webp','ink_wash',NULL,NULL,NULL,'2026-07-12 06:30:00'),(195,195,'poem_bg','/assets/poems/195.webp','/assets/poems/195.webp','ink_wash',NULL,NULL,NULL,'2026-07-12 06:30:00'),(196,196,'poem_bg','/assets/poems/196.webp','/assets/poems/196.webp','ink_wash',NULL,NULL,NULL,'2026-07-12 06:30:00'),(197,197,'poem_bg','/assets/poems/197.webp','/assets/poems/197.webp','ink_wash',NULL,NULL,NULL,'2026-07-12 06:30:00'),(198,198,'poem_bg','/assets/poems/198.webp','/assets/poems/198.webp','ink_wash',NULL,NULL,NULL,'2026-07-12 06:30:00'),(199,199,'poem_bg','/assets/poems/199.webp','/assets/poems/199.webp','ink_wash',NULL,NULL,NULL,'2026-07-12 06:30:00'),(200,200,'poem_bg','/assets/poems/200.webp','/assets/poems/200.webp','ink_wash',NULL,NULL,NULL,'2026-07-12 06:30:00'),(201,201,'poem_bg','/assets/poems/201.webp','/assets/poems/201.webp','ink_wash',NULL,NULL,NULL,'2026-07-12 06:30:00'),(202,202,'poem_bg','/assets/poems/202.webp','/assets/poems/202.webp','ink_wash',NULL,NULL,NULL,'2026-07-12 06:30:00'),(203,203,'poem_bg','/assets/poems/203.webp','/assets/poems/203.webp','ink_wash',NULL,NULL,NULL,'2026-07-12 06:30:00'),(204,204,'poem_bg','/assets/poems/204.webp','/assets/poems/204.webp','ink_wash',NULL,NULL,NULL,'2026-07-12 06:30:00'),(205,205,'poem_bg','/assets/poems/205.webp','/assets/poems/205.webp','ink_wash',NULL,NULL,NULL,'2026-07-12 06:30:00'),(206,206,'poem_bg','/assets/poems/206.webp','/assets/poems/206.webp','ink_wash',NULL,NULL,NULL,'2026-07-12 06:30:00'),(207,207,'poem_bg','/assets/poems/207.webp','/assets/poems/207.webp','ink_wash',NULL,NULL,NULL,'2026-07-12 06:30:00'),(208,208,'poem_bg','/assets/poems/208.webp','/assets/poems/208.webp','ink_wash',NULL,NULL,NULL,'2026-07-12 06:30:00'),(209,209,'poem_bg','/assets/poems/209.webp','/assets/poems/209.webp','ink_wash',NULL,NULL,NULL,'2026-07-12 06:30:00'),(210,210,'poem_bg','/assets/poems/210.webp','/assets/poems/210.webp','ink_wash',NULL,NULL,NULL,'2026-07-12 06:30:00'),(211,211,'poem_bg','/assets/poems/211.webp','/assets/poems/211.webp','ink_wash',NULL,NULL,NULL,'2026-07-12 06:30:00'),(212,212,'poem_bg','/assets/poems/212.webp','/assets/poems/212.webp','ink_wash',NULL,NULL,NULL,'2026-07-12 06:30:00'),(213,213,'poem_bg','/assets/poems/213.webp','/assets/poems/213.webp','ink_wash',NULL,NULL,NULL,'2026-07-12 06:30:00'),(214,214,'poem_bg','/assets/poems/214.webp','/assets/poems/214.webp','ink_wash',NULL,NULL,NULL,'2026-07-12 06:30:00'),(215,215,'poem_bg','/assets/poems/215.webp','/assets/poems/215.webp','ink_wash',NULL,NULL,NULL,'2026-07-12 06:30:00'),(216,216,'poem_bg','/assets/poems/216.webp','/assets/poems/216.webp','ink_wash',NULL,NULL,NULL,'2026-07-12 06:30:00'),(217,217,'poem_bg','/assets/poems/217.webp','/assets/poems/217.webp','ink_wash',NULL,NULL,NULL,'2026-07-12 06:30:00'),(218,218,'poem_bg','/assets/poems/218.webp','/assets/poems/218.webp','ink_wash',NULL,NULL,NULL,'2026-07-12 06:30:00'),(219,219,'poem_bg','/assets/poems/219.webp','/assets/poems/219.webp','ink_wash',NULL,NULL,NULL,'2026-07-12 06:30:00'),(220,220,'poem_bg','/assets/poems/220.webp','/assets/poems/220.webp','ink_wash',NULL,NULL,NULL,'2026-07-12 06:30:00'),(221,221,'poem_bg','/assets/poems/221.webp','/assets/poems/221.webp','ink_wash',NULL,NULL,NULL,'2026-07-12 06:30:00'),(222,222,'poem_bg','/assets/poems/222.webp','/assets/poems/222.webp','ink_wash',NULL,NULL,NULL,'2026-07-12 06:30:00'),(223,223,'poem_bg','/assets/poems/223.webp','/assets/poems/223.webp','ink_wash',NULL,NULL,NULL,'2026-07-12 06:30:01'),(224,224,'poem_bg','/assets/poems/224.webp','/assets/poems/224.webp','ink_wash',NULL,NULL,NULL,'2026-07-12 06:30:01'),(225,225,'poem_bg','/assets/poems/225.webp','/assets/poems/225.webp','ink_wash',NULL,NULL,NULL,'2026-07-12 06:30:01'),(226,226,'poem_bg','/assets/poems/226.webp','/assets/poems/226.webp','ink_wash',NULL,NULL,NULL,'2026-07-12 06:30:01'),(227,227,'poem_bg','/assets/poems/227.webp','/assets/poems/227.webp','ink_wash',NULL,NULL,NULL,'2026-07-12 06:30:01'),(228,228,'poem_bg','/assets/poems/228.webp','/assets/poems/228.webp','ink_wash',NULL,NULL,NULL,'2026-07-12 06:30:01'),(229,229,'poem_bg','/assets/poems/229.webp','/assets/poems/229.webp','ink_wash',NULL,NULL,NULL,'2026-07-12 06:30:01'),(230,230,'poem_bg','/assets/poems/230.webp','/assets/poems/230.webp','ink_wash',NULL,NULL,NULL,'2026-07-12 06:30:01'),(231,231,'poem_bg','/assets/poems/231.webp','/assets/poems/231.webp','ink_wash',NULL,NULL,NULL,'2026-07-12 06:30:01'),(232,232,'poem_bg','/assets/poems/232.webp','/assets/poems/232.webp','ink_wash',NULL,NULL,NULL,'2026-07-12 06:30:01'),(233,233,'poem_bg','/assets/poems/233.webp','/assets/poems/233.webp','ink_wash',NULL,NULL,NULL,'2026-07-12 06:30:01'),(234,234,'poem_bg','/assets/poems/234.webp','/assets/poems/234.webp','ink_wash',NULL,NULL,NULL,'2026-07-12 06:30:01'),(235,235,'poem_bg','/assets/poems/235.webp','/assets/poems/235.webp','ink_wash',NULL,NULL,NULL,'2026-07-12 06:30:01'),(236,236,'poem_bg','/assets/poems/236.webp','/assets/poems/236.webp','ink_wash',NULL,NULL,NULL,'2026-07-12 06:30:01');

--
-- Table structure for table `poem_textbook_refs`
--

CREATE TABLE `poem_textbook_refs` (
  `id` bigint unsigned NOT NULL AUTO_INCREMENT,
  `poem_id` bigint unsigned NOT NULL,
  `publisher` varchar(64) COLLATE utf8mb4_unicode_ci DEFAULT NULL,
  `textbook_version` varchar(64) COLLATE utf8mb4_unicode_ci DEFAULT NULL,
  `grade` varchar(32) COLLATE utf8mb4_unicode_ci DEFAULT NULL,
  `semester` varchar(32) COLLATE utf8mb4_unicode_ci DEFAULT NULL,
  `unit` varchar(64) COLLATE utf8mb4_unicode_ci DEFAULT NULL,
  `lesson_title` varchar(128) COLLATE utf8mb4_unicode_ci DEFAULT NULL,
  `chapter` varchar(128) COLLATE utf8mb4_unicode_ci DEFAULT NULL,
  `note` varchar(255) COLLATE utf8mb4_unicode_ci DEFAULT NULL,
  `verified` tinyint(1) NOT NULL DEFAULT '0',
  `created_at` timestamp NOT NULL DEFAULT CURRENT_TIMESTAMP,
  PRIMARY KEY (`id`),
  KEY `idx_poem` (`poem_id`),
  CONSTRAINT `fk_txref_poem` FOREIGN KEY (`poem_id`) REFERENCES `poems` (`id`) ON DELETE CASCADE
) ENGINE=InnoDB AUTO_INCREMENT=599 DEFAULT CHARSET=utf8mb4 COLLATE=utf8mb4_unicode_ci;

--
-- Dumping data for table `poem_textbook_refs`
--

INSERT INTO `poem_textbook_refs` VALUES (31,1,'统编版','现行版','一年级','下册','课文',NULL,NULL,NULL,1,'2026-07-12 06:39:37'),(32,1,'苏教版','现行版','一年级','上册','课文',NULL,NULL,NULL,1,'2026-07-12 06:39:37'),(33,2,'统编版','现行版','二年级','下册','课文',NULL,NULL,NULL,1,'2026-07-12 06:39:37'),(34,3,'统编版','现行版','三年级','下册','古诗词',NULL,NULL,NULL,1,'2026-07-12 06:39:37'),(35,4,'统编版','现行版','二年级','下册','课文',NULL,NULL,NULL,1,'2026-07-12 06:39:37'),(36,5,'统编版','现行版','三年级','下册','古诗词',NULL,NULL,NULL,1,'2026-07-12 06:39:37'),(37,5,'苏教版','现行版','四年级','上册','课文',NULL,NULL,NULL,1,'2026-07-12 06:39:37'),(38,6,'统编版','现行版','八年级','上册','古诗词',NULL,NULL,NULL,1,'2026-07-12 06:39:37'),(39,7,'统编版','现行版','二年级','下册','课文',NULL,NULL,NULL,1,'2026-07-12 06:39:37'),(40,8,'人教版','现行版','高一','必修上','古诗词',NULL,NULL,NULL,1,'2026-07-12 06:39:37'),(41,9,'统编版','现行版','九年级','上册','古诗词',NULL,NULL,NULL,1,'2026-07-12 06:39:37'),(42,10,'苏教版','现行版','二年级','上册','课文',NULL,NULL,NULL,1,'2026-07-12 06:39:37'),(43,11,'统编版','现行版','四年级','上册','古诗词',NULL,NULL,NULL,1,'2026-07-12 06:39:37'),(44,11,'苏教版','现行版','四年级','上册','课文',NULL,NULL,NULL,1,'2026-07-12 06:39:37'),(45,12,'统编版','现行版','五年级','上册','古诗词',NULL,NULL,NULL,1,'2026-07-12 06:39:37'),(46,13,'统编版','现行版','三年级','上册','古诗词',NULL,NULL,NULL,1,'2026-07-12 06:39:37'),(47,14,'统编版','现行版','二年级','下册','课文',NULL,NULL,NULL,1,'2026-07-12 06:39:37'),(48,15,'统编版','现行版','八年级','上册','古诗词',NULL,NULL,NULL,1,'2026-07-12 06:39:37'),(49,16,'统编版','现行版','一年级','下册','课文',NULL,NULL,NULL,1,'2026-07-12 06:39:37'),(50,16,'苏教版','现行版','二年级','上册','课文',NULL,NULL,NULL,1,'2026-07-12 06:39:37'),(51,18,'苏教版','现行版','二年级','上册','课文',NULL,NULL,NULL,1,'2026-07-12 06:39:37'),(52,19,'统编版','现行版','四年级','上册','古诗词',NULL,NULL,NULL,1,'2026-07-12 06:39:37'),(53,20,'统编版','现行版','七年级','上册','古诗词',NULL,NULL,NULL,1,'2026-07-12 06:39:37'),(54,21,'人教版','现行版','高二','选择性必修','古诗词',NULL,NULL,NULL,1,'2026-07-12 06:39:37'),(55,23,'统编版','现行版','七年级','下册','古诗词',NULL,NULL,NULL,1,'2026-07-12 06:39:37'),(56,24,'统编版','现行版','三年级','上册','古诗词',NULL,NULL,NULL,1,'2026-07-12 06:39:37'),(57,24,'苏教版','现行版','三年级','上册','课文',NULL,NULL,NULL,1,'2026-07-12 06:39:37'),(58,25,'统编版','现行版','三年级','下册','古诗词',NULL,NULL,NULL,1,'2026-07-12 06:39:37'),(59,25,'苏教版','现行版','三年级','上册','课文',NULL,NULL,NULL,1,'2026-07-12 06:39:37'),(60,26,'统编版','现行版','五年级','上册','古诗词',NULL,NULL,NULL,1,'2026-07-12 06:39:37'),(61,27,'统编版','现行版','二年级','下册','课文',NULL,NULL,NULL,1,'2026-07-12 06:39:37'),(62,28,'统编版','现行版','一年级','上册','课文',NULL,NULL,NULL,1,'2026-07-12 06:39:37'),(63,29,'统编版','现行版','四年级','上册','古诗词',NULL,NULL,NULL,1,'2026-07-12 06:39:37'),(64,30,'统编版','现行版','四年级','上册','古诗词',NULL,NULL,NULL,1,'2026-07-12 06:39:37'),(65,31,'苏教版','现行版','一年级','上册','课文',NULL,NULL,NULL,1,'2026-07-12 06:39:37'),(66,32,'统编版','现行版','二年级','下册','课文',NULL,NULL,NULL,1,'2026-07-12 06:39:37'),(67,33,'统编版','现行版','一年级','上册','课文',NULL,NULL,NULL,1,'2026-07-12 06:39:37'),(68,33,'苏教版','现行版','一年级','上册','课文',NULL,NULL,NULL,1,'2026-07-12 06:39:37'),(69,34,'统编版','现行版','三年级','上册','课文',NULL,NULL,NULL,1,'2026-07-12 06:39:37'),(70,35,'苏教版','现行版','六年级','上册','课文',NULL,NULL,NULL,1,'2026-07-12 06:39:37'),(71,36,'统编版','现行版','一年级','下册','课文',NULL,NULL,NULL,1,'2026-07-12 06:39:37'),(72,37,'统编版','现行版','一年级','下册','课文',NULL,NULL,NULL,1,'2026-07-12 06:39:37'),(73,37,'苏教版','现行版','二年级','下册','课文',NULL,NULL,NULL,1,'2026-07-12 06:39:37'),(74,38,'统编版','现行版','二年级','下册','课文',NULL,NULL,NULL,1,'2026-07-12 06:39:37'),(75,39,'统编版','现行版','二年级','下册','课文',NULL,NULL,NULL,1,'2026-07-12 06:39:37'),(76,39,'苏教版','现行版','三年级','下册','课文',NULL,NULL,NULL,1,'2026-07-12 06:39:37'),(77,40,'苏教版','现行版','三年级','下册','课文',NULL,NULL,NULL,1,'2026-07-12 06:39:37'),(78,40,'统编版','现行版','六年级','下册','古诗词',NULL,NULL,NULL,1,'2026-07-12 06:39:37'),(79,42,'统编版','现行版','三年级','下册','古诗词',NULL,NULL,NULL,1,'2026-07-12 06:39:37'),(80,43,'统编版','现行版','六年级','上册','古诗词',NULL,NULL,NULL,1,'2026-07-12 06:39:37'),(81,43,'苏教版','现行版','六年级','上册','课文',NULL,NULL,NULL,1,'2026-07-12 06:39:37'),(82,44,'统编版','现行版','六年级','上册','古诗词',NULL,NULL,NULL,1,'2026-07-12 06:39:37'),(83,45,'统编版','现行版','六年级','上册','古诗词',NULL,NULL,NULL,1,'2026-07-12 06:39:37'),(84,46,'统编版','现行版','三年级','上册','古诗词',NULL,NULL,NULL,1,'2026-07-12 06:39:37'),(85,46,'苏教版','现行版','三年级','上册','课文',NULL,NULL,NULL,1,'2026-07-12 06:39:37'),(86,47,'统编版','现行版','四年级','上册','古诗词',NULL,NULL,NULL,1,'2026-07-12 06:39:37'),(87,48,'统编版','现行版','三年级','下册','古诗词',NULL,NULL,NULL,1,'2026-07-12 06:39:37'),(88,49,'统编版','现行版','三年级','上册','古诗词',NULL,NULL,NULL,1,'2026-07-12 06:39:37'),(89,50,'统编版','现行版','三年级','下册','古诗词',NULL,NULL,NULL,1,'2026-07-12 06:39:37'),(90,51,'统编版','现行版','五年级','上册','古诗词',NULL,NULL,NULL,1,'2026-07-12 06:39:37'),(91,53,'统编版','现行版','四年级','下册','古诗词',NULL,NULL,NULL,1,'2026-07-12 06:39:37'),(92,54,'统编版','现行版','四年级','下册','古诗词',NULL,NULL,NULL,1,'2026-07-12 06:39:37'),(93,55,'统编版','现行版','二年级','上册','古诗词',NULL,NULL,NULL,1,'2026-07-12 06:39:37'),(94,55,'苏教版','现行版','三年级','下册','课文',NULL,NULL,NULL,1,'2026-07-12 06:39:37'),(95,56,'统编版','现行版','六年级','下册','古诗词',NULL,NULL,NULL,1,'2026-07-12 06:39:37'),(96,57,'统编版','现行版','五年级','上册','古诗词',NULL,NULL,NULL,1,'2026-07-12 06:39:37'),(97,58,'统编版','现行版','五年级','上册','古诗词',NULL,NULL,NULL,1,'2026-07-12 06:39:37'),(98,60,'统编版','现行版','四年级','下册','古诗词',NULL,NULL,NULL,1,'2026-07-12 06:39:37'),(99,61,'统编版','现行版','四年级','下册','古诗词',NULL,NULL,NULL,1,'2026-07-12 06:39:37'),(100,62,'统编版','现行版','六年级','下册','古诗词',NULL,NULL,NULL,1,'2026-07-12 06:39:37'),(101,62,'苏教版','现行版','六年级','下册','课文',NULL,NULL,NULL,1,'2026-07-12 06:39:37'),(102,63,'统编版','现行版','六年级','下册','古诗词',NULL,NULL,NULL,1,'2026-07-12 06:39:37'),(103,64,'统编版','现行版','五年级','上册','古诗词',NULL,NULL,NULL,1,'2026-07-12 06:39:37'),(104,65,'苏教版','现行版','七年级','上册','课文',NULL,NULL,NULL,0,'2026-07-12 06:39:37'),(105,66,'统编版','现行版','四年级','上册','古诗词',NULL,NULL,NULL,1,'2026-07-12 06:39:37'),(106,68,'统编版','现行版','七年级','下册','古诗词',NULL,NULL,NULL,1,'2026-07-12 06:39:37'),(107,71,'苏教版','现行版','二年级','上册','课文',NULL,NULL,NULL,1,'2026-07-12 06:39:37'),(108,74,'统编版','现行版','一年级','上册','课文',NULL,NULL,NULL,1,'2026-07-12 06:39:37'),(109,75,'苏教版','现行版','五年级','上册','课文',NULL,NULL,NULL,1,'2026-07-12 06:39:37'),(110,76,'苏教版','现行版','四年级','下册','课文',NULL,NULL,NULL,1,'2026-07-12 06:39:37'),(111,77,'统编版','现行版','七年级','上册','古诗词',NULL,NULL,NULL,1,'2026-07-12 06:39:37'),(112,81,'统编版','现行版','一年级','下册','课文',NULL,NULL,NULL,1,'2026-07-12 06:39:37'),(113,88,'统编版','现行版','三年级','上册','古诗词',NULL,NULL,NULL,1,'2026-07-12 06:39:37'),(114,95,'统编版','现行版','四年级','下册','古诗词',NULL,NULL,NULL,1,'2026-07-12 06:39:37'),(115,96,'统编版','现行版','七年级','下册','古诗词',NULL,NULL,NULL,1,'2026-07-12 06:39:37'),(116,97,'统编版','现行版','七年级','上册','古诗词',NULL,NULL,NULL,1,'2026-07-12 06:39:37'),(117,99,'统编版','现行版','四年级','上册','古诗词',NULL,NULL,NULL,1,'2026-07-12 06:39:37'),(118,100,'统编版','现行版','九年级','上册','词',NULL,NULL,NULL,1,'2026-07-12 06:39:37'),(119,101,'统编版','现行版','一年级','上册','识字',NULL,NULL,NULL,1,'2026-07-12 06:39:37'),(120,102,'统编版','现行版','一年级','上册','课文',NULL,NULL,NULL,1,'2026-07-12 06:39:37'),(121,104,'统编版','现行版','一年级','上册','课文',NULL,NULL,NULL,1,'2026-07-12 06:39:37'),(122,105,'统编版','现行版','七年级','下册','古诗词',NULL,NULL,NULL,1,'2026-07-12 06:39:37'),(123,106,'统编版','现行版','五年级','上册','古诗词',NULL,NULL,NULL,1,'2026-07-12 06:39:37'),(124,107,'统编版','现行版','七年级','上册','古诗词',NULL,NULL,NULL,1,'2026-07-12 06:39:37'),(125,109,'统编版','现行版','七年级','上册','古诗词',NULL,NULL,NULL,1,'2026-07-12 06:39:37'),(126,110,'统编版','现行版','八年级','下册','诗经',NULL,NULL,NULL,1,'2026-07-12 06:39:37'),(127,111,'统编版','现行版','八年级','下册','诗经',NULL,NULL,NULL,1,'2026-07-12 06:39:37'),(128,112,'统编版','现行版','七年级','上册','古诗词',NULL,NULL,NULL,1,'2026-07-12 06:39:37'),(129,113,'统编版','现行版','八年级','上册','古诗词',NULL,NULL,NULL,1,'2026-07-12 06:39:37'),(130,114,'统编版','现行版','七年级','下册','课文',NULL,NULL,NULL,1,'2026-07-12 06:39:37'),(131,114,'苏教版','现行版','七年级','下册','课文',NULL,NULL,NULL,1,'2026-07-12 06:39:37'),(132,115,'统编版','现行版','八年级','下册','古诗词',NULL,NULL,NULL,1,'2026-07-12 06:39:37'),(133,115,'苏教版','现行版','八年级','上册','课文',NULL,NULL,NULL,1,'2026-07-12 06:39:37'),(134,116,'统编版','现行版','七年级','上册','古诗词',NULL,NULL,NULL,1,'2026-07-12 06:39:37'),(135,117,'统编版','现行版','八年级','上册','古诗词',NULL,NULL,NULL,1,'2026-07-12 06:39:37'),(136,118,'统编版','现行版','八年级','上册','古诗词',NULL,NULL,NULL,1,'2026-07-12 06:39:37'),(137,119,'统编版','现行版','七年级','上册','古诗词',NULL,NULL,NULL,1,'2026-07-12 06:39:37'),(138,120,'统编版','现行版','九年级','上册','古诗词',NULL,NULL,NULL,1,'2026-07-12 06:39:37'),(139,121,'统编版','现行版','七年级','下册','古诗词',NULL,NULL,NULL,1,'2026-07-12 06:39:37'),(140,123,'统编版','现行版','一年级','上册','课文',NULL,NULL,NULL,1,'2026-07-12 06:39:37'),(141,124,'统编版','现行版','九年级','下册','古诗词',NULL,NULL,NULL,1,'2026-07-12 06:39:37'),(142,125,'统编版','现行版','九年级','上册','古诗词',NULL,NULL,NULL,1,'2026-07-12 06:39:37'),(143,127,'统编版','现行版','八年级','上册','古诗词',NULL,NULL,NULL,1,'2026-07-12 06:39:37'),(144,129,'人教版','现行版','高二','选择性必修','词',NULL,NULL,NULL,1,'2026-07-12 06:39:37'),(145,130,'统编版','现行版','九年级','上册','词',NULL,NULL,NULL,1,'2026-07-12 06:39:37'),(146,132,'统编版','现行版','七年级','下册','古诗词',NULL,NULL,NULL,1,'2026-07-12 06:39:37'),(147,133,'统编版','现行版','九年级','上册','词',NULL,NULL,NULL,1,'2026-07-12 06:39:37'),(148,134,'统编版','现行版','九年级','上册','词',NULL,NULL,NULL,1,'2026-07-12 06:39:37'),(149,135,'统编版','现行版','八年级','下册','古诗词',NULL,NULL,NULL,1,'2026-07-12 06:39:37'),(150,136,'统编版','现行版','九年级','上册','词',NULL,NULL,NULL,1,'2026-07-12 06:39:37'),(151,138,'统编版','现行版','九年级','上册','词',NULL,NULL,NULL,1,'2026-07-12 06:39:37'),(152,139,'人教版','现行版','高一','必修上','古诗词',NULL,NULL,NULL,1,'2026-07-12 06:39:37'),(153,140,'人教版','现行版','高一','必修上','古诗词',NULL,NULL,NULL,1,'2026-07-12 06:39:37'),(154,141,'人教版','现行版','高一','必修上','古诗词',NULL,NULL,NULL,1,'2026-07-12 06:39:37'),(155,142,'人教版','现行版','高一','必修上','古诗词',NULL,NULL,NULL,1,'2026-07-12 06:39:37'),(156,143,'人教版','现行版','高二','选择性必修','古诗词',NULL,NULL,NULL,1,'2026-07-12 06:39:37'),(157,147,'人教版','现行版','高一','必修上','古诗词',NULL,NULL,NULL,1,'2026-07-12 06:39:37'),(158,148,'人教版','现行版','高二','选择性必修','古诗词',NULL,NULL,NULL,1,'2026-07-12 06:39:37'),(159,150,'人教版','现行版','高二','选择性必修','词',NULL,NULL,NULL,1,'2026-07-12 06:39:37'),(160,151,'人教版','现行版','高一','必修上','词',NULL,NULL,NULL,1,'2026-07-12 06:39:37'),(161,154,'统编版','现行版','八年级','上册','古诗词',NULL,NULL,NULL,1,'2026-07-12 06:39:37'),(162,155,'统编版','现行版','一年级','上册','课文',NULL,NULL,NULL,1,'2026-07-12 06:39:37'),(163,156,'人教版','现行版','高一','必修上','古诗词',NULL,NULL,NULL,1,'2026-07-12 06:39:37'),(164,157,'人教版','现行版','高一','必修上','古诗词',NULL,NULL,NULL,1,'2026-07-12 06:39:37'),(165,159,'人教版','现行版','高二','选修','古诗词',NULL,NULL,NULL,1,'2026-07-12 06:39:37'),(166,160,'人教版','现行版','高二','选择性必修','古诗词',NULL,NULL,NULL,1,'2026-07-12 06:39:37'),(167,163,'统编版','现行版','四年级','上册','古诗词',NULL,NULL,NULL,1,'2026-07-12 06:39:37'),(168,164,'人教版','现行版','高二','选择性必修','古诗词',NULL,NULL,NULL,1,'2026-07-12 06:39:37'),(169,180,'统编版','现行版','七年级','上册','古诗词',NULL,NULL,NULL,1,'2026-07-12 06:39:37'),(170,192,'统编版','现行版','八年级','下册','古诗词',NULL,NULL,NULL,1,'2026-07-12 06:39:37'),(171,210,'苏教版','现行版','七年级','下册','课文',NULL,NULL,NULL,1,'2026-07-12 06:39:37'),(172,225,'统编版','现行版','八年级','下册','古诗词',NULL,NULL,NULL,1,'2026-07-12 06:39:37'),(173,227,'统编版','现行版','八年级','上册','古诗词',NULL,NULL,NULL,1,'2026-07-12 06:39:37'),(174,17,'唐诗三百首','合集','课外','全部','阅读',NULL,NULL,NULL,0,'2026-07-12 06:39:51'),(175,22,'唐诗三百首','合集','课外','全部','阅读',NULL,NULL,NULL,0,'2026-07-12 06:39:51'),(176,41,'唐诗三百首','合集','课外','全部','阅读',NULL,NULL,NULL,0,'2026-07-12 06:39:51'),(177,52,'唐诗三百首','合集','课外','全部','阅读',NULL,NULL,NULL,0,'2026-07-12 06:39:51'),(178,59,'唐诗三百首','合集','课外','全部','阅读',NULL,NULL,NULL,0,'2026-07-12 06:39:51'),(179,67,'唐诗三百首','合集','课外','全部','阅读',NULL,NULL,NULL,0,'2026-07-12 06:39:51'),(180,69,'唐诗三百首','合集','课外','全部','阅读',NULL,NULL,NULL,0,'2026-07-12 06:39:51'),(181,70,'唐诗三百首','合集','课外','全部','阅读',NULL,NULL,NULL,0,'2026-07-12 06:39:51'),(182,72,'唐诗三百首','合集','课外','全部','阅读',NULL,NULL,NULL,0,'2026-07-12 06:39:51'),(183,73,'唐诗三百首','合集','课外','全部','阅读',NULL,NULL,NULL,0,'2026-07-12 06:39:51'),(184,78,'唐诗三百首','合集','课外','全部','阅读',NULL,NULL,NULL,0,'2026-07-12 06:39:51'),(185,79,'唐诗三百首','合集','课外','全部','阅读',NULL,NULL,NULL,0,'2026-07-12 06:39:51'),(186,80,'唐诗三百首','合集','课外','全部','阅读',NULL,NULL,NULL,0,'2026-07-12 06:39:51'),(187,82,'唐诗三百首','合集','课外','全部','阅读',NULL,NULL,NULL,0,'2026-07-12 06:39:51'),(188,83,'唐诗三百首','合集','课外','全部','阅读',NULL,NULL,NULL,0,'2026-07-12 06:39:51'),(189,84,'唐诗三百首','合集','课外','全部','阅读',NULL,NULL,NULL,0,'2026-07-12 06:39:51'),(190,85,'唐诗三百首','合集','课外','全部','阅读',NULL,NULL,NULL,0,'2026-07-12 06:39:51'),(191,86,'唐诗三百首','合集','课外','全部','阅读',NULL,NULL,NULL,0,'2026-07-12 06:39:51'),(192,87,'唐诗三百首','合集','课外','全部','阅读',NULL,NULL,NULL,0,'2026-07-12 06:39:51'),(193,89,'唐诗三百首','合集','课外','全部','阅读',NULL,NULL,NULL,0,'2026-07-12 06:39:51'),(194,90,'唐诗三百首','合集','课外','全部','阅读',NULL,NULL,NULL,0,'2026-07-12 06:39:51'),(195,91,'唐诗三百首','合集','课外','全部','阅读',NULL,NULL,NULL,0,'2026-07-12 06:39:51'),(196,92,'唐诗三百首','合集','课外','全部','阅读',NULL,NULL,NULL,0,'2026-07-12 06:39:51'),(197,93,'唐诗三百首','合集','课外','全部','阅读',NULL,NULL,NULL,0,'2026-07-12 06:39:51'),(198,94,'唐诗三百首','合集','课外','全部','阅读',NULL,NULL,NULL,0,'2026-07-12 06:39:51'),(199,98,'唐诗三百首','合集','课外','全部','阅读',NULL,NULL,NULL,0,'2026-07-12 06:39:51'),(200,103,'唐诗三百首','合集','课外','全部','阅读',NULL,NULL,NULL,0,'2026-07-12 06:39:51'),(201,108,'唐诗三百首','合集','课外','全部','阅读',NULL,NULL,NULL,0,'2026-07-12 06:39:51'),(202,122,'唐诗三百首','合集','课外','全部','阅读',NULL,NULL,NULL,0,'2026-07-12 06:39:51'),(203,126,'唐诗三百首','合集','课外','全部','阅读',NULL,NULL,NULL,0,'2026-07-12 06:39:51'),(204,128,'唐诗三百首','合集','课外','全部','阅读',NULL,NULL,NULL,0,'2026-07-12 06:39:51'),(205,131,'唐诗三百首','合集','课外','全部','阅读',NULL,NULL,NULL,0,'2026-07-12 06:39:51'),(206,137,'唐诗三百首','合集','课外','全部','阅读',NULL,NULL,NULL,0,'2026-07-12 06:39:51'),(207,144,'唐诗三百首','合集','课外','全部','阅读',NULL,NULL,NULL,0,'2026-07-12 06:39:51'),(208,145,'唐诗三百首','合集','课外','全部','阅读',NULL,NULL,NULL,0,'2026-07-12 06:39:51'),(209,146,'唐诗三百首','合集','课外','全部','阅读',NULL,NULL,NULL,0,'2026-07-12 06:39:51'),(210,149,'唐诗三百首','合集','课外','全部','阅读',NULL,NULL,NULL,0,'2026-07-12 06:39:51'),(211,152,'唐诗三百首','合集','课外','全部','阅读',NULL,NULL,NULL,0,'2026-07-12 06:39:51'),(212,153,'唐诗三百首','合集','课外','全部','阅读',NULL,NULL,NULL,0,'2026-07-12 06:39:52'),(213,158,'唐诗三百首','合集','课外','全部','阅读',NULL,NULL,NULL,0,'2026-07-12 06:39:52'),(214,161,'唐诗三百首','合集','课外','全部','阅读',NULL,NULL,NULL,0,'2026-07-12 06:39:52'),(215,162,'唐诗三百首','合集','课外','全部','阅读',NULL,NULL,NULL,0,'2026-07-12 06:39:52'),(216,165,'唐诗三百首','合集','课外','全部','阅读',NULL,NULL,NULL,0,'2026-07-12 06:39:52'),(217,166,'唐诗三百首','合集','课外','全部','阅读',NULL,NULL,NULL,0,'2026-07-12 06:39:52'),(218,167,'唐诗三百首','合集','课外','全部','阅读',NULL,NULL,NULL,0,'2026-07-12 06:39:52'),(219,168,'唐诗三百首','合集','课外','全部','阅读',NULL,NULL,NULL,0,'2026-07-12 06:39:52'),(220,169,'唐诗三百首','合集','课外','全部','阅读',NULL,NULL,NULL,0,'2026-07-12 06:39:52'),(221,170,'唐诗三百首','合集','课外','全部','阅读',NULL,NULL,NULL,0,'2026-07-12 06:39:52'),(222,171,'唐诗三百首','合集','课外','全部','阅读',NULL,NULL,NULL,0,'2026-07-12 06:39:52'),(223,172,'唐诗三百首','合集','课外','全部','阅读',NULL,NULL,NULL,0,'2026-07-12 06:39:52'),(224,173,'唐诗三百首','合集','课外','全部','阅读',NULL,NULL,NULL,0,'2026-07-12 06:39:52'),(225,174,'唐诗三百首','合集','课外','全部','阅读',NULL,NULL,NULL,0,'2026-07-12 06:39:52'),(226,175,'唐诗三百首','合集','课外','全部','阅读',NULL,NULL,NULL,0,'2026-07-12 06:39:52'),(227,176,'唐诗三百首','合集','课外','全部','阅读',NULL,NULL,NULL,0,'2026-07-12 06:39:52'),(228,177,'唐诗三百首','合集','课外','全部','阅读',NULL,NULL,NULL,0,'2026-07-12 06:39:52'),(229,178,'唐诗三百首','合集','课外','全部','阅读',NULL,NULL,NULL,0,'2026-07-12 06:39:52'),(230,179,'唐诗三百首','合集','课外','全部','阅读',NULL,NULL,NULL,0,'2026-07-12 06:39:52'),(231,181,'唐诗三百首','合集','课外','全部','阅读',NULL,NULL,NULL,0,'2026-07-12 06:39:52'),(232,182,'唐诗三百首','合集','课外','全部','阅读',NULL,NULL,NULL,0,'2026-07-12 06:39:52'),(233,183,'唐诗三百首','合集','课外','全部','阅读',NULL,NULL,NULL,0,'2026-07-12 06:39:52'),(234,184,'唐诗三百首','合集','课外','全部','阅读',NULL,NULL,NULL,0,'2026-07-12 06:39:52'),(235,185,'唐诗三百首','合集','课外','全部','阅读',NULL,NULL,NULL,0,'2026-07-12 06:39:52'),(236,186,'唐诗三百首','合集','课外','全部','阅读',NULL,NULL,NULL,0,'2026-07-12 06:39:52'),(237,187,'唐诗三百首','合集','课外','全部','阅读',NULL,NULL,NULL,0,'2026-07-12 06:39:52'),(238,188,'唐诗三百首','合集','课外','全部','阅读',NULL,NULL,NULL,0,'2026-07-12 06:39:52'),(239,189,'唐诗三百首','合集','课外','全部','阅读',NULL,NULL,NULL,0,'2026-07-12 06:39:52'),(240,190,'唐诗三百首','合集','课外','全部','阅读',NULL,NULL,NULL,0,'2026-07-12 06:39:52'),(241,191,'唐诗三百首','合集','课外','全部','阅读',NULL,NULL,NULL,0,'2026-07-12 06:39:52'),(242,193,'唐诗三百首','合集','课外','全部','阅读',NULL,NULL,NULL,0,'2026-07-12 06:39:52'),(243,194,'唐诗三百首','合集','课外','全部','阅读',NULL,NULL,NULL,0,'2026-07-12 06:39:52'),(244,195,'唐诗三百首','合集','课外','全部','阅读',NULL,NULL,NULL,0,'2026-07-12 06:39:52'),(245,196,'唐诗三百首','合集','课外','全部','阅读',NULL,NULL,NULL,0,'2026-07-12 06:39:52'),(246,197,'唐诗三百首','合集','课外','全部','阅读',NULL,NULL,NULL,0,'2026-07-12 06:39:52'),(247,198,'唐诗三百首','合集','课外','全部','阅读',NULL,NULL,NULL,0,'2026-07-12 06:39:52'),(248,199,'唐诗三百首','合集','课外','全部','阅读',NULL,NULL,NULL,0,'2026-07-12 06:39:52'),(249,200,'唐诗三百首','合集','课外','全部','阅读',NULL,NULL,NULL,0,'2026-07-12 06:39:52'),(250,201,'唐诗三百首','合集','课外','全部','阅读',NULL,NULL,NULL,0,'2026-07-12 06:39:52'),(251,202,'唐诗三百首','合集','课外','全部','阅读',NULL,NULL,NULL,0,'2026-07-12 06:39:52'),(252,203,'唐诗三百首','合集','课外','全部','阅读',NULL,NULL,NULL,0,'2026-07-12 06:39:52'),(253,204,'唐诗三百首','合集','课外','全部','阅读',NULL,NULL,NULL,0,'2026-07-12 06:39:52'),(254,205,'唐诗三百首','合集','课外','全部','阅读',NULL,NULL,NULL,0,'2026-07-12 06:39:52'),(255,206,'唐诗三百首','合集','课外','全部','阅读',NULL,NULL,NULL,0,'2026-07-12 06:39:52'),(256,207,'唐诗三百首','合集','课外','全部','阅读',NULL,NULL,NULL,0,'2026-07-12 06:39:52'),(257,208,'唐诗三百首','合集','课外','全部','阅读',NULL,NULL,NULL,0,'2026-07-12 06:39:52'),(258,209,'唐诗三百首','合集','课外','全部','阅读',NULL,NULL,NULL,0,'2026-07-12 06:39:52'),(259,211,'唐诗三百首','合集','课外','全部','阅读',NULL,NULL,NULL,0,'2026-07-12 06:39:52'),(260,212,'唐诗三百首','合集','课外','全部','阅读',NULL,NULL,NULL,0,'2026-07-12 06:39:52'),(261,213,'唐诗三百首','合集','课外','全部','阅读',NULL,NULL,NULL,0,'2026-07-12 06:39:52'),(262,214,'唐诗三百首','合集','课外','全部','阅读',NULL,NULL,NULL,0,'2026-07-12 06:39:52'),(263,215,'唐诗三百首','合集','课外','全部','阅读',NULL,NULL,NULL,0,'2026-07-12 06:39:52'),(264,216,'唐诗三百首','合集','课外','全部','阅读',NULL,NULL,NULL,0,'2026-07-12 06:39:52'),(265,217,'唐诗三百首','合集','课外','全部','阅读',NULL,NULL,NULL,0,'2026-07-12 06:39:52'),(266,218,'唐诗三百首','合集','课外','全部','阅读',NULL,NULL,NULL,0,'2026-07-12 06:39:52'),(267,219,'唐诗三百首','合集','课外','全部','阅读',NULL,NULL,NULL,0,'2026-07-12 06:39:52'),(268,220,'唐诗三百首','合集','课外','全部','阅读',NULL,NULL,NULL,0,'2026-07-12 06:39:52'),(269,221,'唐诗三百首','合集','课外','全部','阅读',NULL,NULL,NULL,0,'2026-07-12 06:39:52'),(270,222,'唐诗三百首','合集','课外','全部','阅读',NULL,NULL,NULL,0,'2026-07-12 06:39:52'),(271,223,'唐诗三百首','合集','课外','全部','阅读',NULL,NULL,NULL,0,'2026-07-12 06:39:52'),(272,224,'唐诗三百首','合集','课外','全部','阅读',NULL,NULL,NULL,0,'2026-07-12 06:39:52'),(273,226,'唐诗三百首','合集','课外','全部','阅读',NULL,NULL,NULL,0,'2026-07-12 06:39:52'),(274,228,'唐诗三百首','合集','课外','全部','阅读',NULL,NULL,NULL,0,'2026-07-12 06:39:52'),(275,229,'唐诗三百首','合集','课外','全部','阅读',NULL,NULL,NULL,0,'2026-07-12 06:39:52'),(276,230,'唐诗三百首','合集','课外','全部','阅读',NULL,NULL,NULL,0,'2026-07-12 06:39:52'),(277,231,'唐诗三百首','合集','课外','全部','阅读',NULL,NULL,NULL,0,'2026-07-12 06:39:52'),(278,232,'唐诗三百首','合集','课外','全部','阅读',NULL,NULL,NULL,0,'2026-07-12 06:39:52'),(279,233,'唐诗三百首','合集','课外','全部','阅读',NULL,NULL,NULL,0,'2026-07-12 06:39:52'),(280,234,'唐诗三百首','合集','课外','全部','阅读',NULL,NULL,NULL,0,'2026-07-12 06:39:52'),(281,235,'唐诗三百首','合集','课外','全部','阅读',NULL,NULL,NULL,0,'2026-07-12 06:39:52'),(282,236,'唐诗三百首','合集','课外','全部','阅读',NULL,NULL,NULL,0,'2026-07-12 06:39:52'),(283,1,'部编版','现行版','一年级','下册','课文',NULL,NULL,NULL,1,'2026-07-13 01:35:25'),(284,2,'部编版','现行版','二年级','下册','课文',NULL,NULL,NULL,1,'2026-07-13 01:35:25'),(285,3,'部编版','现行版','三年级','下册','古诗词',NULL,NULL,NULL,1,'2026-07-13 01:35:25'),(286,4,'部编版','现行版','二年级','下册','课文',NULL,NULL,NULL,1,'2026-07-13 01:35:25'),(287,5,'部编版','现行版','三年级','下册','古诗词',NULL,NULL,NULL,1,'2026-07-13 01:35:25'),(288,6,'部编版','现行版','八年级','上册','古诗词',NULL,NULL,NULL,1,'2026-07-13 01:35:25'),(289,7,'部编版','现行版','二年级','下册','课文',NULL,NULL,NULL,1,'2026-07-13 01:35:25'),(290,9,'部编版','现行版','九年级','上册','古诗词',NULL,NULL,NULL,1,'2026-07-13 01:35:25'),(291,11,'部编版','现行版','四年级','上册','古诗词',NULL,NULL,NULL,1,'2026-07-13 01:35:25'),(292,12,'部编版','现行版','五年级','上册','古诗词',NULL,NULL,NULL,1,'2026-07-13 01:35:25'),(293,13,'部编版','现行版','三年级','上册','古诗词',NULL,NULL,NULL,1,'2026-07-13 01:35:25'),(294,14,'部编版','现行版','二年级','下册','课文',NULL,NULL,NULL,1,'2026-07-13 01:35:25'),(295,15,'部编版','现行版','八年级','上册','古诗词',NULL,NULL,NULL,1,'2026-07-13 01:35:25'),(296,16,'部编版','现行版','一年级','下册','课文',NULL,NULL,NULL,1,'2026-07-13 01:35:25'),(297,19,'部编版','现行版','四年级','上册','古诗词',NULL,NULL,NULL,1,'2026-07-13 01:35:25'),(298,20,'部编版','现行版','七年级','上册','古诗词',NULL,NULL,NULL,1,'2026-07-13 01:35:25'),(299,23,'部编版','现行版','七年级','下册','古诗词',NULL,NULL,NULL,1,'2026-07-13 01:35:25'),(300,24,'部编版','现行版','三年级','上册','古诗词',NULL,NULL,NULL,1,'2026-07-13 01:35:25'),(301,25,'部编版','现行版','三年级','下册','古诗词',NULL,NULL,NULL,1,'2026-07-13 01:35:25'),(302,26,'部编版','现行版','五年级','上册','古诗词',NULL,NULL,NULL,1,'2026-07-13 01:35:25'),(303,27,'部编版','现行版','二年级','下册','课文',NULL,NULL,NULL,1,'2026-07-13 01:35:25'),(304,28,'部编版','现行版','一年级','上册','课文',NULL,NULL,NULL,1,'2026-07-13 01:35:25'),(305,29,'部编版','现行版','四年级','上册','古诗词',NULL,NULL,NULL,1,'2026-07-13 01:35:25'),(306,30,'部编版','现行版','四年级','上册','古诗词',NULL,NULL,NULL,1,'2026-07-13 01:35:25'),(307,32,'部编版','现行版','二年级','下册','课文',NULL,NULL,NULL,1,'2026-07-13 01:35:25'),(308,33,'部编版','现行版','一年级','上册','课文',NULL,NULL,NULL,1,'2026-07-13 01:35:25'),(309,34,'部编版','现行版','三年级','上册','课文',NULL,NULL,NULL,1,'2026-07-13 01:35:25'),(310,36,'部编版','现行版','一年级','下册','课文',NULL,NULL,NULL,1,'2026-07-13 01:35:25'),(311,37,'部编版','现行版','一年级','下册','课文',NULL,NULL,NULL,1,'2026-07-13 01:35:25'),(312,38,'部编版','现行版','二年级','下册','课文',NULL,NULL,NULL,1,'2026-07-13 01:35:25'),(313,39,'部编版','现行版','二年级','下册','课文',NULL,NULL,NULL,1,'2026-07-13 01:35:25'),(314,40,'部编版','现行版','六年级','下册','古诗词',NULL,NULL,NULL,1,'2026-07-13 01:35:25'),(315,42,'部编版','现行版','三年级','下册','古诗词',NULL,NULL,NULL,1,'2026-07-13 01:35:25'),(316,43,'部编版','现行版','六年级','上册','古诗词',NULL,NULL,NULL,1,'2026-07-13 01:35:25'),(317,44,'部编版','现行版','六年级','上册','古诗词',NULL,NULL,NULL,1,'2026-07-13 01:35:25'),(318,45,'部编版','现行版','六年级','上册','古诗词',NULL,NULL,NULL,1,'2026-07-13 01:35:25'),(319,46,'部编版','现行版','三年级','上册','古诗词',NULL,NULL,NULL,1,'2026-07-13 01:35:25'),(320,47,'部编版','现行版','四年级','上册','古诗词',NULL,NULL,NULL,1,'2026-07-13 01:35:25'),(321,48,'部编版','现行版','三年级','下册','古诗词',NULL,NULL,NULL,1,'2026-07-13 01:35:25'),(322,49,'部编版','现行版','三年级','上册','古诗词',NULL,NULL,NULL,1,'2026-07-13 01:35:25'),(323,50,'部编版','现行版','三年级','下册','古诗词',NULL,NULL,NULL,1,'2026-07-13 01:35:25'),(324,51,'部编版','现行版','五年级','上册','古诗词',NULL,NULL,NULL,1,'2026-07-13 01:35:25'),(325,53,'部编版','现行版','四年级','下册','古诗词',NULL,NULL,NULL,1,'2026-07-13 01:35:25'),(326,54,'部编版','现行版','四年级','下册','古诗词',NULL,NULL,NULL,1,'2026-07-13 01:35:25'),(327,55,'部编版','现行版','二年级','上册','古诗词',NULL,NULL,NULL,1,'2026-07-13 01:35:25'),(328,56,'部编版','现行版','六年级','下册','古诗词',NULL,NULL,NULL,1,'2026-07-13 01:35:25'),(329,57,'部编版','现行版','五年级','上册','古诗词',NULL,NULL,NULL,1,'2026-07-13 01:35:25'),(330,58,'部编版','现行版','五年级','上册','古诗词',NULL,NULL,NULL,1,'2026-07-13 01:35:25'),(331,60,'部编版','现行版','四年级','下册','古诗词',NULL,NULL,NULL,1,'2026-07-13 01:35:25'),(332,61,'部编版','现行版','四年级','下册','古诗词',NULL,NULL,NULL,1,'2026-07-13 01:35:25'),(333,62,'部编版','现行版','六年级','下册','古诗词',NULL,NULL,NULL,1,'2026-07-13 01:35:25'),(334,63,'部编版','现行版','六年级','下册','古诗词',NULL,NULL,NULL,1,'2026-07-13 01:35:25'),(335,64,'部编版','现行版','五年级','上册','古诗词',NULL,NULL,NULL,1,'2026-07-13 01:35:25'),(336,66,'部编版','现行版','四年级','上册','古诗词',NULL,NULL,NULL,1,'2026-07-13 01:35:25'),(337,68,'部编版','现行版','七年级','下册','古诗词',NULL,NULL,NULL,1,'2026-07-13 01:35:25'),(338,74,'部编版','现行版','一年级','上册','课文',NULL,NULL,NULL,1,'2026-07-13 01:35:25'),(339,77,'部编版','现行版','七年级','上册','古诗词',NULL,NULL,NULL,1,'2026-07-13 01:35:25'),(340,81,'部编版','现行版','一年级','下册','课文',NULL,NULL,NULL,1,'2026-07-13 01:35:25'),(341,88,'部编版','现行版','三年级','上册','古诗词',NULL,NULL,NULL,1,'2026-07-13 01:35:25'),(342,95,'部编版','现行版','四年级','下册','古诗词',NULL,NULL,NULL,1,'2026-07-13 01:35:25'),(343,96,'部编版','现行版','七年级','下册','古诗词',NULL,NULL,NULL,1,'2026-07-13 01:35:25'),(344,97,'部编版','现行版','七年级','上册','古诗词',NULL,NULL,NULL,1,'2026-07-13 01:35:25'),(345,99,'部编版','现行版','四年级','上册','古诗词',NULL,NULL,NULL,1,'2026-07-13 01:35:25'),(346,100,'部编版','现行版','九年级','上册','词',NULL,NULL,NULL,1,'2026-07-13 01:35:25'),(347,101,'部编版','现行版','一年级','上册','识字',NULL,NULL,NULL,1,'2026-07-13 01:35:25'),(348,102,'部编版','现行版','一年级','上册','课文',NULL,NULL,NULL,1,'2026-07-13 01:35:25'),(349,104,'部编版','现行版','一年级','上册','课文',NULL,NULL,NULL,1,'2026-07-13 01:35:25'),(350,105,'部编版','现行版','七年级','下册','古诗词',NULL,NULL,NULL,1,'2026-07-13 01:35:25'),(351,106,'部编版','现行版','五年级','上册','古诗词',NULL,NULL,NULL,1,'2026-07-13 01:35:25'),(352,107,'部编版','现行版','七年级','上册','古诗词',NULL,NULL,NULL,1,'2026-07-13 01:35:25'),(353,109,'部编版','现行版','七年级','上册','古诗词',NULL,NULL,NULL,1,'2026-07-13 01:35:25'),(354,110,'部编版','现行版','八年级','下册','诗经',NULL,NULL,NULL,1,'2026-07-13 01:35:25'),(355,111,'部编版','现行版','八年级','下册','诗经',NULL,NULL,NULL,1,'2026-07-13 01:35:25'),(356,112,'部编版','现行版','七年级','上册','古诗词',NULL,NULL,NULL,1,'2026-07-13 01:35:25'),(357,113,'部编版','现行版','八年级','上册','古诗词',NULL,NULL,NULL,1,'2026-07-13 01:35:25'),(358,114,'部编版','现行版','七年级','下册','课文',NULL,NULL,NULL,1,'2026-07-13 01:35:25'),(359,115,'部编版','现行版','八年级','下册','古诗词',NULL,NULL,NULL,1,'2026-07-13 01:35:25'),(360,116,'部编版','现行版','七年级','上册','古诗词',NULL,NULL,NULL,1,'2026-07-13 01:35:25'),(361,117,'部编版','现行版','八年级','上册','古诗词',NULL,NULL,NULL,1,'2026-07-13 01:35:25'),(362,118,'部编版','现行版','八年级','上册','古诗词',NULL,NULL,NULL,1,'2026-07-13 01:35:25'),(363,119,'部编版','现行版','七年级','上册','古诗词',NULL,NULL,NULL,1,'2026-07-13 01:35:25'),(364,120,'部编版','现行版','九年级','上册','古诗词',NULL,NULL,NULL,1,'2026-07-13 01:35:25'),(365,121,'部编版','现行版','七年级','下册','古诗词',NULL,NULL,NULL,1,'2026-07-13 01:35:25'),(366,123,'部编版','现行版','一年级','上册','课文',NULL,NULL,NULL,1,'2026-07-13 01:35:25'),(367,124,'部编版','现行版','九年级','下册','古诗词',NULL,NULL,NULL,1,'2026-07-13 01:35:25'),(368,125,'部编版','现行版','九年级','上册','古诗词',NULL,NULL,NULL,1,'2026-07-13 01:35:25'),(369,127,'部编版','现行版','八年级','上册','古诗词',NULL,NULL,NULL,1,'2026-07-13 01:35:25'),(370,130,'部编版','现行版','九年级','上册','词',NULL,NULL,NULL,1,'2026-07-13 01:35:25'),(371,132,'部编版','现行版','七年级','下册','古诗词',NULL,NULL,NULL,1,'2026-07-13 01:35:25'),(372,133,'部编版','现行版','九年级','上册','词',NULL,NULL,NULL,1,'2026-07-13 01:35:25'),(373,134,'部编版','现行版','九年级','上册','词',NULL,NULL,NULL,1,'2026-07-13 01:35:25'),(374,135,'部编版','现行版','八年级','下册','古诗词',NULL,NULL,NULL,1,'2026-07-13 01:35:25'),(375,136,'部编版','现行版','九年级','上册','词',NULL,NULL,NULL,1,'2026-07-13 01:35:25'),(376,138,'部编版','现行版','九年级','上册','词',NULL,NULL,NULL,1,'2026-07-13 01:35:25'),(377,154,'部编版','现行版','八年级','上册','古诗词',NULL,NULL,NULL,1,'2026-07-13 01:35:25'),(378,155,'部编版','现行版','一年级','上册','课文',NULL,NULL,NULL,1,'2026-07-13 01:35:25'),(379,163,'部编版','现行版','四年级','上册','古诗词',NULL,NULL,NULL,1,'2026-07-13 01:35:25'),(380,180,'部编版','现行版','七年级','上册','古诗词',NULL,NULL,NULL,1,'2026-07-13 01:35:25'),(381,192,'部编版','现行版','八年级','下册','古诗词',NULL,NULL,NULL,1,'2026-07-13 01:35:25'),(382,225,'部编版','现行版','八年级','下册','古诗词',NULL,NULL,NULL,1,'2026-07-13 01:35:25'),(383,227,'部编版','现行版','八年级','上册','古诗词',NULL,NULL,NULL,1,'2026-07-13 01:35:25'),(410,1,'人教版','现行版','一年级','下册','课文',NULL,NULL,NULL,1,'2026-07-13 01:57:31'),(411,2,'人教版','现行版','二年级','下册','课文',NULL,NULL,NULL,1,'2026-07-13 01:57:31'),(412,3,'人教版','现行版','三年级','下册','古诗词',NULL,NULL,NULL,1,'2026-07-13 01:57:31'),(413,4,'人教版','现行版','二年级','下册','课文',NULL,NULL,NULL,1,'2026-07-13 01:57:31'),(414,5,'人教版','现行版','三年级','下册','古诗词',NULL,NULL,NULL,1,'2026-07-13 01:57:31'),(415,6,'人教版','现行版','八年级','上册','古诗词',NULL,NULL,NULL,1,'2026-07-13 01:57:31'),(416,7,'人教版','现行版','二年级','下册','课文',NULL,NULL,NULL,1,'2026-07-13 01:57:31'),(417,9,'人教版','现行版','九年级','上册','古诗词',NULL,NULL,NULL,1,'2026-07-13 01:57:31'),(418,11,'人教版','现行版','四年级','上册','古诗词',NULL,NULL,NULL,1,'2026-07-13 01:57:31'),(419,12,'人教版','现行版','五年级','上册','古诗词',NULL,NULL,NULL,1,'2026-07-13 01:57:31'),(420,13,'人教版','现行版','三年级','上册','古诗词',NULL,NULL,NULL,1,'2026-07-13 01:57:31'),(421,14,'人教版','现行版','二年级','下册','课文',NULL,NULL,NULL,1,'2026-07-13 01:57:31'),(422,15,'人教版','现行版','八年级','上册','古诗词',NULL,NULL,NULL,1,'2026-07-13 01:57:31'),(423,16,'人教版','现行版','一年级','下册','课文',NULL,NULL,NULL,1,'2026-07-13 01:57:31'),(424,19,'人教版','现行版','四年级','上册','古诗词',NULL,NULL,NULL,1,'2026-07-13 01:57:31'),(425,20,'人教版','现行版','七年级','上册','古诗词',NULL,NULL,NULL,1,'2026-07-13 01:57:31'),(426,23,'人教版','现行版','七年级','下册','古诗词',NULL,NULL,NULL,1,'2026-07-13 01:57:31'),(427,24,'人教版','现行版','三年级','上册','古诗词',NULL,NULL,NULL,1,'2026-07-13 01:57:31'),(428,25,'人教版','现行版','三年级','下册','古诗词',NULL,NULL,NULL,1,'2026-07-13 01:57:31'),(429,26,'人教版','现行版','五年级','上册','古诗词',NULL,NULL,NULL,1,'2026-07-13 01:57:31'),(430,27,'人教版','现行版','二年级','下册','课文',NULL,NULL,NULL,1,'2026-07-13 01:57:31'),(431,28,'人教版','现行版','一年级','上册','课文',NULL,NULL,NULL,1,'2026-07-13 01:57:31'),(432,29,'人教版','现行版','四年级','上册','古诗词',NULL,NULL,NULL,1,'2026-07-13 01:57:31'),(433,30,'人教版','现行版','四年级','上册','古诗词',NULL,NULL,NULL,1,'2026-07-13 01:57:31'),(434,32,'人教版','现行版','二年级','下册','课文',NULL,NULL,NULL,1,'2026-07-13 01:57:31'),(435,33,'人教版','现行版','一年级','上册','课文',NULL,NULL,NULL,1,'2026-07-13 01:57:31'),(436,34,'人教版','现行版','三年级','上册','课文',NULL,NULL,NULL,1,'2026-07-13 01:57:31'),(437,36,'人教版','现行版','一年级','下册','课文',NULL,NULL,NULL,1,'2026-07-13 01:57:31'),(438,37,'人教版','现行版','一年级','下册','课文',NULL,NULL,NULL,1,'2026-07-13 01:57:31'),(439,38,'人教版','现行版','二年级','下册','课文',NULL,NULL,NULL,1,'2026-07-13 01:57:31'),(440,39,'人教版','现行版','二年级','下册','课文',NULL,NULL,NULL,1,'2026-07-13 01:57:31'),(441,40,'人教版','现行版','六年级','下册','古诗词',NULL,NULL,NULL,1,'2026-07-13 01:57:31'),(442,42,'人教版','现行版','三年级','下册','古诗词',NULL,NULL,NULL,1,'2026-07-13 01:57:31'),(443,43,'人教版','现行版','六年级','上册','古诗词',NULL,NULL,NULL,1,'2026-07-13 01:57:31'),(444,44,'人教版','现行版','六年级','上册','古诗词',NULL,NULL,NULL,1,'2026-07-13 01:57:31'),(445,45,'人教版','现行版','六年级','上册','古诗词',NULL,NULL,NULL,1,'2026-07-13 01:57:31'),(446,46,'人教版','现行版','三年级','上册','古诗词',NULL,NULL,NULL,1,'2026-07-13 01:57:31'),(447,47,'人教版','现行版','四年级','上册','古诗词',NULL,NULL,NULL,1,'2026-07-13 01:57:31'),(448,48,'人教版','现行版','三年级','下册','古诗词',NULL,NULL,NULL,1,'2026-07-13 01:57:31'),(449,49,'人教版','现行版','三年级','上册','古诗词',NULL,NULL,NULL,1,'2026-07-13 01:57:31'),(450,50,'人教版','现行版','三年级','下册','古诗词',NULL,NULL,NULL,1,'2026-07-13 01:57:31'),(451,51,'人教版','现行版','五年级','上册','古诗词',NULL,NULL,NULL,1,'2026-07-13 01:57:31'),(452,53,'人教版','现行版','四年级','下册','古诗词',NULL,NULL,NULL,1,'2026-07-13 01:57:31'),(453,54,'人教版','现行版','四年级','下册','古诗词',NULL,NULL,NULL,1,'2026-07-13 01:57:31'),(454,55,'人教版','现行版','二年级','上册','古诗词',NULL,NULL,NULL,1,'2026-07-13 01:57:31'),(455,56,'人教版','现行版','六年级','下册','古诗词',NULL,NULL,NULL,1,'2026-07-13 01:57:31'),(456,57,'人教版','现行版','五年级','上册','古诗词',NULL,NULL,NULL,1,'2026-07-13 01:57:31'),(457,58,'人教版','现行版','五年级','上册','古诗词',NULL,NULL,NULL,1,'2026-07-13 01:57:31'),(458,60,'人教版','现行版','四年级','下册','古诗词',NULL,NULL,NULL,1,'2026-07-13 01:57:31'),(459,61,'人教版','现行版','四年级','下册','古诗词',NULL,NULL,NULL,1,'2026-07-13 01:57:31'),(460,62,'人教版','现行版','六年级','下册','古诗词',NULL,NULL,NULL,1,'2026-07-13 01:57:31'),(461,63,'人教版','现行版','六年级','下册','古诗词',NULL,NULL,NULL,1,'2026-07-13 01:57:31'),(462,64,'人教版','现行版','五年级','上册','古诗词',NULL,NULL,NULL,1,'2026-07-13 01:57:31'),(463,66,'人教版','现行版','四年级','上册','古诗词',NULL,NULL,NULL,1,'2026-07-13 01:57:31'),(464,68,'人教版','现行版','七年级','下册','古诗词',NULL,NULL,NULL,1,'2026-07-13 01:57:31'),(465,74,'人教版','现行版','一年级','上册','课文',NULL,NULL,NULL,1,'2026-07-13 01:57:31'),(466,77,'人教版','现行版','七年级','上册','古诗词',NULL,NULL,NULL,1,'2026-07-13 01:57:31'),(467,81,'人教版','现行版','一年级','下册','课文',NULL,NULL,NULL,1,'2026-07-13 01:57:31'),(468,88,'人教版','现行版','三年级','上册','古诗词',NULL,NULL,NULL,1,'2026-07-13 01:57:31'),(469,95,'人教版','现行版','四年级','下册','古诗词',NULL,NULL,NULL,1,'2026-07-13 01:57:31'),(470,96,'人教版','现行版','七年级','下册','古诗词',NULL,NULL,NULL,1,'2026-07-13 01:57:31'),(471,97,'人教版','现行版','七年级','上册','古诗词',NULL,NULL,NULL,1,'2026-07-13 01:57:31'),(472,99,'人教版','现行版','四年级','上册','古诗词',NULL,NULL,NULL,1,'2026-07-13 01:57:31'),(473,100,'人教版','现行版','九年级','上册','词',NULL,NULL,NULL,1,'2026-07-13 01:57:31'),(474,101,'人教版','现行版','一年级','上册','识字',NULL,NULL,NULL,1,'2026-07-13 01:57:31'),(475,102,'人教版','现行版','一年级','上册','课文',NULL,NULL,NULL,1,'2026-07-13 01:57:31'),(476,104,'人教版','现行版','一年级','上册','课文',NULL,NULL,NULL,1,'2026-07-13 01:57:31'),(477,105,'人教版','现行版','七年级','下册','古诗词',NULL,NULL,NULL,1,'2026-07-13 01:57:31'),(478,106,'人教版','现行版','五年级','上册','古诗词',NULL,NULL,NULL,1,'2026-07-13 01:57:31'),(479,107,'人教版','现行版','七年级','上册','古诗词',NULL,NULL,NULL,1,'2026-07-13 01:57:31'),(480,109,'人教版','现行版','七年级','上册','古诗词',NULL,NULL,NULL,1,'2026-07-13 01:57:31'),(481,110,'人教版','现行版','八年级','下册','诗经',NULL,NULL,NULL,1,'2026-07-13 01:57:31'),(482,111,'人教版','现行版','八年级','下册','诗经',NULL,NULL,NULL,1,'2026-07-13 01:57:31'),(483,112,'人教版','现行版','七年级','上册','古诗词',NULL,NULL,NULL,1,'2026-07-13 01:57:31'),(484,113,'人教版','现行版','八年级','上册','古诗词',NULL,NULL,NULL,1,'2026-07-13 01:57:31'),(485,114,'人教版','现行版','七年级','下册','课文',NULL,NULL,NULL,1,'2026-07-13 01:57:31'),(486,115,'人教版','现行版','八年级','下册','古诗词',NULL,NULL,NULL,1,'2026-07-13 01:57:31'),(487,116,'人教版','现行版','七年级','上册','古诗词',NULL,NULL,NULL,1,'2026-07-13 01:57:31'),(488,117,'人教版','现行版','八年级','上册','古诗词',NULL,NULL,NULL,1,'2026-07-13 01:57:31'),(489,118,'人教版','现行版','八年级','上册','古诗词',NULL,NULL,NULL,1,'2026-07-13 01:57:31'),(490,119,'人教版','现行版','七年级','上册','古诗词',NULL,NULL,NULL,1,'2026-07-13 01:57:31'),(491,120,'人教版','现行版','九年级','上册','古诗词',NULL,NULL,NULL,1,'2026-07-13 01:57:31'),(492,121,'人教版','现行版','七年级','下册','古诗词',NULL,NULL,NULL,1,'2026-07-13 01:57:31'),(493,123,'人教版','现行版','一年级','上册','课文',NULL,NULL,NULL,1,'2026-07-13 01:57:31'),(494,124,'人教版','现行版','九年级','下册','古诗词',NULL,NULL,NULL,1,'2026-07-13 01:57:31'),(495,125,'人教版','现行版','九年级','上册','古诗词',NULL,NULL,NULL,1,'2026-07-13 01:57:31'),(496,127,'人教版','现行版','八年级','上册','古诗词',NULL,NULL,NULL,1,'2026-07-13 01:57:31'),(497,130,'人教版','现行版','九年级','上册','词',NULL,NULL,NULL,1,'2026-07-13 01:57:31'),(498,132,'人教版','现行版','七年级','下册','古诗词',NULL,NULL,NULL,1,'2026-07-13 01:57:31'),(499,133,'人教版','现行版','九年级','上册','词',NULL,NULL,NULL,1,'2026-07-13 01:57:31'),(500,134,'人教版','现行版','九年级','上册','词',NULL,NULL,NULL,1,'2026-07-13 01:57:31'),(501,135,'人教版','现行版','八年级','下册','古诗词',NULL,NULL,NULL,1,'2026-07-13 01:57:31'),(502,136,'人教版','现行版','九年级','上册','词',NULL,NULL,NULL,1,'2026-07-13 01:57:31'),(503,138,'人教版','现行版','九年级','上册','词',NULL,NULL,NULL,1,'2026-07-13 01:57:31'),(504,154,'人教版','现行版','八年级','上册','古诗词',NULL,NULL,NULL,1,'2026-07-13 01:57:31'),(505,155,'人教版','现行版','一年级','上册','课文',NULL,NULL,NULL,1,'2026-07-13 01:57:31'),(506,163,'人教版','现行版','四年级','上册','古诗词',NULL,NULL,NULL,1,'2026-07-13 01:57:31'),(507,180,'人教版','现行版','七年级','上册','古诗词',NULL,NULL,NULL,1,'2026-07-13 01:57:31'),(508,192,'人教版','现行版','八年级','下册','古诗词',NULL,NULL,NULL,1,'2026-07-13 01:57:31'),(509,225,'人教版','现行版','八年级','下册','古诗词',NULL,NULL,NULL,1,'2026-07-13 01:57:31'),(510,227,'人教版','现行版','八年级','上册','古诗词',NULL,NULL,NULL,1,'2026-07-13 01:57:31'),(537,8,'统编版','现行版','高一','必修上','古诗词',NULL,NULL,NULL,1,'2026-07-13 01:57:31'),(538,21,'统编版','现行版','高二','选择性必修','古诗词',NULL,NULL,NULL,1,'2026-07-13 01:57:31'),(539,129,'统编版','现行版','高二','选择性必修','词',NULL,NULL,NULL,1,'2026-07-13 01:57:31'),(540,139,'统编版','现行版','高一','必修上','古诗词',NULL,NULL,NULL,1,'2026-07-13 01:57:31'),(541,140,'统编版','现行版','高一','必修上','古诗词',NULL,NULL,NULL,1,'2026-07-13 01:57:31'),(542,141,'统编版','现行版','高一','必修上','古诗词',NULL,NULL,NULL,1,'2026-07-13 01:57:31'),(543,142,'统编版','现行版','高一','必修上','古诗词',NULL,NULL,NULL,1,'2026-07-13 01:57:31'),(544,143,'统编版','现行版','高二','选择性必修','古诗词',NULL,NULL,NULL,1,'2026-07-13 01:57:31'),(545,147,'统编版','现行版','高一','必修上','古诗词',NULL,NULL,NULL,1,'2026-07-13 01:57:31'),(546,148,'统编版','现行版','高二','选择性必修','古诗词',NULL,NULL,NULL,1,'2026-07-13 01:57:31'),(547,150,'统编版','现行版','高二','选择性必修','词',NULL,NULL,NULL,1,'2026-07-13 01:57:31'),(548,151,'统编版','现行版','高一','必修上','词',NULL,NULL,NULL,1,'2026-07-13 01:57:31'),(549,156,'统编版','现行版','高一','必修上','古诗词',NULL,NULL,NULL,1,'2026-07-13 01:57:31'),(550,157,'统编版','现行版','高一','必修上','古诗词',NULL,NULL,NULL,1,'2026-07-13 01:57:31'),(551,159,'统编版','现行版','高二','选修','古诗词',NULL,NULL,NULL,1,'2026-07-13 01:57:31'),(552,160,'统编版','现行版','高二','选择性必修','古诗词',NULL,NULL,NULL,1,'2026-07-13 01:57:31'),(553,164,'统编版','现行版','高二','选择性必修','古诗词',NULL,NULL,NULL,1,'2026-07-13 01:57:31'),(568,8,'部编版','现行版','高一','必修上','古诗词',NULL,NULL,NULL,1,'2026-07-13 01:57:31'),(569,21,'部编版','现行版','高二','选择性必修','古诗词',NULL,NULL,NULL,1,'2026-07-13 01:57:31'),(570,129,'部编版','现行版','高二','选择性必修','词',NULL,NULL,NULL,1,'2026-07-13 01:57:31'),(571,139,'部编版','现行版','高一','必修上','古诗词',NULL,NULL,NULL,1,'2026-07-13 01:57:31'),(572,140,'部编版','现行版','高一','必修上','古诗词',NULL,NULL,NULL,1,'2026-07-13 01:57:31'),(573,141,'部编版','现行版','高一','必修上','古诗词',NULL,NULL,NULL,1,'2026-07-13 01:57:31'),(574,142,'部编版','现行版','高一','必修上','古诗词',NULL,NULL,NULL,1,'2026-07-13 01:57:31'),(575,143,'部编版','现行版','高二','选择性必修','古诗词',NULL,NULL,NULL,1,'2026-07-13 01:57:31'),(576,147,'部编版','现行版','高一','必修上','古诗词',NULL,NULL,NULL,1,'2026-07-13 01:57:31'),(577,148,'部编版','现行版','高二','选择性必修','古诗词',NULL,NULL,NULL,1,'2026-07-13 01:57:31'),(578,150,'部编版','现行版','高二','选择性必修','词',NULL,NULL,NULL,1,'2026-07-13 01:57:31'),(579,151,'部编版','现行版','高一','必修上','词',NULL,NULL,NULL,1,'2026-07-13 01:57:31'),(580,156,'部编版','现行版','高一','必修上','古诗词',NULL,NULL,NULL,1,'2026-07-13 01:57:31'),(581,157,'部编版','现行版','高一','必修上','古诗词',NULL,NULL,NULL,1,'2026-07-13 01:57:31'),(582,159,'部编版','现行版','高二','选修','古诗词',NULL,NULL,NULL,1,'2026-07-13 01:57:31'),(583,160,'部编版','现行版','高二','选择性必修','古诗词',NULL,NULL,NULL,1,'2026-07-13 01:57:31'),(584,164,'部编版','现行版','高二','选择性必修','古诗词',NULL,NULL,NULL,1,'2026-07-13 01:57:31');

--
-- Table structure for table `poems`
--

CREATE TABLE `poems` (
  `id` bigint unsigned NOT NULL AUTO_INCREMENT,
  `title` varchar(128) COLLATE utf8mb4_unicode_ci NOT NULL,
  `author` varchar(64) COLLATE utf8mb4_unicode_ci NOT NULL,
  `dynasty` varchar(32) COLLATE utf8mb4_unicode_ci NOT NULL DEFAULT '唐',
  `content` text COLLATE utf8mb4_unicode_ci NOT NULL,
  `lines_json` json NOT NULL,
  `tags` json DEFAULT NULL,
  `difficulty` tinyint NOT NULL DEFAULT '2',
  `source_note` varchar(255) COLLATE utf8mb4_unicode_ci DEFAULT NULL,
  `created_at` timestamp NOT NULL DEFAULT CURRENT_TIMESTAMP,
  PRIMARY KEY (`id`),
  KEY `idx_author` (`author`),
  KEY `idx_difficulty` (`difficulty`)
) ENGINE=InnoDB AUTO_INCREMENT=237 DEFAULT CHARSET=utf8mb4 COLLATE=utf8mb4_unicode_ci;

--
-- Dumping data for table `poems`
--

INSERT INTO `poems` VALUES (1,'静夜思','李白','唐','床前明月光，疑是地上霜。举头望明月，低头思故乡。','[\"床前明月光\", \"疑是地上霜\", \"举头望明月\", \"低头思故乡\"]','[\"思乡\", \"月夜\"]',1,'《李太白集》','2026-07-10 07:39:51'),(2,'望庐山瀑布','李白','唐','日照香炉生紫烟，遥看瀑布挂前川。飞流直下三千尺，疑是银河落九天。','[\"日照香炉生紫烟\", \"遥看瀑布挂前川\", \"飞流直下三千尺\", \"疑是银河落九天\"]','[\"山水\", \"夸张\"]',2,'《李太白集》','2026-07-10 07:39:51'),(3,'早发白帝城','李白','唐','朝辞白帝彩云间，千里江陵一日还。两岸猿声啼不住，轻舟已过万重山。','[\"朝辞白帝彩云间\", \"千里江陵一日还\", \"两岸猿声啼不住\", \"轻舟已过万重山\"]','[\"山水\", \"行旅\"]',2,'《李太白集》','2026-07-10 07:39:51'),(4,'赠汪伦','李白','唐','李白乘舟将欲行，忽闻岸上踏歌声。桃花潭水深千尺，不及汪伦送我情。','[\"李白乘舟将欲行\", \"忽闻岸上踏歌声\", \"桃花潭水深千尺\", \"不及汪伦送我情\"]','[\"送别\", \"友情\"]',1,'《李太白集》','2026-07-10 07:39:51'),(5,'黄鹤楼送孟浩然之广陵','李白','唐','故人西辞黄鹤楼，烟花三月下扬州。孤帆远影碧空尽，唯见长江天际流。','[\"故人西辞黄鹤楼\", \"烟花三月下扬州\", \"孤帆远影碧空尽\", \"唯见长江天际流\"]','[\"送别\", \"行旅\"]',2,'《李太白集》','2026-07-10 07:39:51'),(6,'春望','杜甫','唐','国破山河在，城春草木深。感时花溅泪，恨别鸟惊心。烽火连三月，家书抵万金。白头搔更短，浑欲不胜簪。','[\"国破山河在\", \"城春草木深\", \"感时花溅泪\", \"恨别鸟惊心\", \"烽火连三月\", \"家书抵万金\", \"白头搔更短\", \"浑欲不胜簪\"]','[\"忧国\", \"战乱\"]',3,'《杜工部集》','2026-07-10 07:39:51'),(7,'绝句·两个黄鹂鸣翠柳','杜甫','唐','两个黄鹂鸣翠柳，一行白鹭上青天。窗含西岭千秋雪，门泊东吴万里船。','[\"两个黄鹂鸣翠柳\", \"一行白鹭上青天\", \"窗含西岭千秋雪\", \"门泊东吴万里船\"]','[\"山水\", \"田园\"]',1,'《杜工部集》','2026-07-10 07:39:51'),(8,'登高','杜甫','唐','风急天高猿啸哀，渚清沙白鸟飞回。无边落木萧萧下，不尽长江滚滚来。万里悲秋常作客，百年多病独登台。艰难苦恨繁霜鬓，潦倒新停浊酒杯。','[\"风急天高猿啸哀\", \"渚清沙白鸟飞回\", \"无边落木萧萧下\", \"不尽长江滚滚来\", \"万里悲秋常作客\", \"百年多病独登台\", \"艰难苦恨繁霜鬓\", \"潦倒新停浊酒杯\"]','[\"登高\", \"感怀\"]',4,'《杜工部集》','2026-07-10 07:39:51'),(9,'月夜忆舍弟','杜甫','唐','戍鼓断人行，边秋一雁声。露从今夜白，月是故乡明。有弟皆分散，无家问死生。寄书长不达，况乃未休兵。','[\"戍鼓断人行\", \"边秋一雁声\", \"露从今夜白\", \"月是故乡明\", \"有弟皆分散\", \"无家问死生\", \"寄书长不达\", \"况乃未休兵\"]','[\"思乡\", \"战乱\"]',3,'《杜工部集》','2026-07-10 07:39:51'),(10,'相思','王维','唐','红豆生南国，春来发几枝。愿君多采撷，此物最相思。','[\"红豆生南国\", \"春来发几枝\", \"愿君多采撷\", \"此物最相思\"]','[\"相思\", \"咏物\"]',1,'《王右丞集》','2026-07-10 07:39:51'),(11,'鹿柴','王维','唐','空山不见人，但闻人语响。返景入深林，复照青苔上。','[\"空山不见人\", \"但闻人语响\", \"返景入深林\", \"复照青苔上\"]','[\"山水\", \"禅意\"]',2,'《辋川集》','2026-07-10 07:39:51'),(12,'山居秋暝','王维','唐','空山新雨后，天气晚来秋。明月松间照，清泉石上流。竹喧归浣女，莲动下渔舟。随意春芳歇，王孙自可留。','[\"空山新雨后\", \"天气晚来秋\", \"明月松间照\", \"清泉石上流\", \"竹喧归浣女\", \"莲动下渔舟\", \"随意春芳歇\", \"王孙自可留\"]','[\"山水\", \"田园\"]',3,'《王右丞集》','2026-07-10 07:39:51'),(13,'九月九日忆山东兄弟','王维','唐','独在异乡为异客，每逢佳节倍思亲。遥知兄弟登高处，遍插茱萸少一人。','[\"独在异乡为异客\", \"每逢佳节倍思亲\", \"遥知兄弟登高处\", \"遍插茱萸少一人\"]','[\"思乡\", \"节令\"]',2,'《王右丞集》','2026-07-10 07:39:51'),(14,'赋得古原草送别','白居易','唐','离离原上草，一岁一枯荣。野火烧不尽，春风吹又生。远芳侵古道，晴翠接荒城。又送王孙去，萋萋满别情。','[\"离离原上草\", \"一岁一枯荣\", \"野火烧不尽\", \"春风吹又生\", \"远芳侵古道\", \"晴翠接荒城\", \"又送王孙去\", \"萋萋满别情\"]','[\"送别\", \"咏物\"]',2,'《白氏长庆集》','2026-07-10 07:39:51'),(15,'钱塘湖春行','白居易','唐','孤山寺北贾亭西，水面初平云脚低。几处早莺争暖树，谁家新燕啄春泥。乱花渐欲迷人眼，浅草才能没马蹄。最爱湖东行不足，绿杨阴里白沙堤。','[\"孤山寺北贾亭西\", \"水面初平云脚低\", \"几处早莺争暖树\", \"谁家新燕啄春泥\", \"乱花渐欲迷人眼\", \"浅草才能没马蹄\", \"最爱湖东行不足\", \"绿杨阴里白沙堤\"]','[\"山水\", \"春景\"]',3,'《白氏长庆集》','2026-07-10 07:39:51'),(16,'春晓','孟浩然','唐','春眠不觉晓，处处闻啼鸟。夜来风雨声，花落知多少。','[\"春眠不觉晓\", \"处处闻啼鸟\", \"夜来风雨声\", \"花落知多少\"]','[\"春景\", \"闲适\"]',1,'《孟浩然集》','2026-07-10 07:39:51'),(17,'过故人庄','孟浩然','唐','故人具鸡黍，邀我至田家。绿树村边合，青山郭外斜。开轩面场圃，把酒话桑麻。待到重阳日，还来就菊花。','[\"故人具鸡黍\", \"邀我至田家\", \"绿树村边合\", \"青山郭外斜\", \"开轩面场圃\", \"把酒话桑麻\", \"待到重阳日\", \"还来就菊花\"]','[\"田园\", \"友情\"]',2,'《孟浩然集》','2026-07-10 07:39:51'),(18,'登鹳雀楼','王之涣','唐','白日依山尽，黄河入海流。欲穷千里目，更上一层楼。','[\"白日依山尽\", \"黄河入海流\", \"欲穷千里目\", \"更上一层楼\"]','[\"登高\", \"哲理\"]',1,'《全唐诗》','2026-07-10 07:39:51'),(19,'凉州词·黄河远上','王之涣','唐','黄河远上白云间，一片孤城万仞山。羌笛何须怨杨柳，春风不度玉门关。','[\"黄河远上白云间\", \"一片孤城万仞山\", \"羌笛何须怨杨柳\", \"春风不度玉门关\"]','[\"边塞\"]',2,'《全唐诗》','2026-07-10 07:39:51'),(20,'夜雨寄北','李商隐','唐','君问归期未有期，巴山夜雨涨秋池。何当共剪西窗烛，却话巴山夜雨时。','[\"君问归期未有期\", \"巴山夜雨涨秋池\", \"何当共剪西窗烛\", \"却话巴山夜雨时\"]','[\"相思\", \"行旅\"]',2,'《李义山诗集》','2026-07-10 07:39:51'),(21,'锦瑟','李商隐','唐','锦瑟无端五十弦，一弦一柱思华年。庄生晓梦迷蝴蝶，望帝春心托杜鹃。沧海月明珠有泪，蓝田日暖玉生烟。此情可待成追忆，只是当时已惘然。','[\"锦瑟无端五十弦\", \"一弦一柱思华年\", \"庄生晓梦迷蝴蝶\", \"望帝春心托杜鹃\", \"沧海月明珠有泪\", \"蓝田日暖玉生烟\", \"此情可待成追忆\", \"只是当时已惘然\"]','[\"咏物\", \"感怀\"]',4,'《李义山诗集》','2026-07-10 07:39:51'),(22,'无题·相见时难别亦难','李商隐','唐','相见时难别亦难，东风无力百花残。春蚕到死丝方尽，蜡炬成灰泪始干。晓镜但愁云鬓改，夜吟应觉月光寒。蓬山此去无多路，青鸟殷勤为探看。','[\"相见时难别亦难\", \"东风无力百花残\", \"春蚕到死丝方尽\", \"蜡炬成灰泪始干\", \"晓镜但愁云鬓改\", \"夜吟应觉月光寒\", \"蓬山此去无多路\", \"青鸟殷勤为探看\"]','[\"相思\", \"感怀\"]',4,'《李义山诗集》','2026-07-10 07:39:51'),(23,'泊秦淮','杜牧','唐','烟笼寒水月笼沙，夜泊秦淮近酒家。商女不知亡国恨，隔江犹唱后庭花。','[\"烟笼寒水月笼沙\", \"夜泊秦淮近酒家\", \"商女不知亡国恨\", \"隔江犹唱后庭花\"]','[\"忧国\", \"行旅\"]',3,'《樊川文集》','2026-07-10 07:39:51'),(24,'山行','杜牧','唐','远上寒山石径斜，白云生处有人家。停车坐爱枫林晚，霜叶红于二月花。','[\"远上寒山石径斜\", \"白云生处有人家\", \"停车坐爱枫林晚\", \"霜叶红于二月花\"]','[\"山水\", \"咏物\"]',2,'《樊川文集》','2026-07-10 07:39:51'),(25,'清明','杜牧','唐','清明时节雨纷纷，路上行人欲断魂。借问酒家何处有，牧童遥指杏花村。','[\"清明时节雨纷纷\", \"路上行人欲断魂\", \"借问酒家何处有\", \"牧童遥指杏花村\"]','[\"节令\", \"行旅\"]',1,'《樊川文集》','2026-07-10 07:39:51'),(26,'枫桥夜泊','张继','唐','月落乌啼霜满天，江枫渔火对愁眠。姑苏城外寒山寺，夜半钟声到客船。','[\"月落乌啼霜满天\", \"江枫渔火对愁眠\", \"姑苏城外寒山寺\", \"夜半钟声到客船\"]','[\"行旅\", \"月夜\"]',2,'《全唐诗》','2026-07-10 07:39:51'),(27,'回乡偶书','贺知章','唐','少小离家老大回，乡音无改鬓毛衰。儿童相见不相识，笑问客从何处来。','[\"少小离家老大回\", \"乡音无改鬓毛衰\", \"儿童相见不相识\", \"笑问客从何处来\"]','[\"思乡\", \"感怀\"]',1,'《全唐诗》','2026-07-10 07:39:51'),(28,'咏鹅','骆宾王','唐','鹅，鹅，鹅，曲项向天歌。白毛浮绿水，红掌拨清波。','[\"鹅，鹅，鹅\", \"曲项向天歌\", \"白毛浮绿水\", \"红掌拨清波\"]','[\"咏物\"]',1,'《全唐诗》','2026-07-10 07:39:51'),(29,'凉州词·葡萄美酒','王翰','唐','葡萄美酒夜光杯，欲饮琵琶马上催。醉卧沙场君莫笑，古来征战几人回。','[\"葡萄美酒夜光杯\", \"欲饮琵琶马上催\", \"醉卧沙场君莫笑\", \"古来征战几人回\"]','[\"边塞\"]',2,'《全唐诗》','2026-07-10 07:39:51'),(30,'出塞','王昌龄','唐','秦时明月汉时关，万里长征人未还。但使龙城飞将在，不教胡马度阴山。','[\"秦时明月汉时关\", \"万里长征人未还\", \"但使龙城飞将在\", \"不教胡马度阴山\"]','[\"边塞\"]',2,'《全唐诗》','2026-07-10 07:39:51'),(31,'江雪','柳宗元','唐','千山鸟飞绝，万径人踪灭。孤舟蓑笠翁，独钓寒江雪。','[\"千山鸟飞绝\", \"万径人踪灭\", \"孤舟蓑笠翁\", \"独钓寒江雪\"]','[\"写景\", \"冬天\", \"钓鱼\"]',2,'唐诗三百首扩展','2026-07-12 06:21:54'),(32,'寻隐者不遇','贾岛','唐','松下问童子，言师采药去。只在此山中，云深不知处。','[\"松下问童子\", \"言师采药去\", \"只在此山中\", \"云深不知处\"]','[\"寻访\", \"隐士\"]',1,'唐诗三百首扩展','2026-07-12 06:21:54'),(33,'悯农·其二','李绅','唐','锄禾日当午，汗滴禾下土。谁知盘中餐，粒粒皆辛苦。','[\"锄禾日当午\", \"汗滴禾下土\", \"谁知盘中餐\", \"粒粒皆辛苦\"]','[\"劳动\", \"悯农\"]',1,'唐诗三百首扩展','2026-07-12 06:21:54'),(34,'悯农·其一','李绅','唐','春种一粒粟，秋收万颗子。四海无闲田，农夫犹饿死。','[\"春种一粒粟\", \"秋收万颗子\", \"四海无闲田\", \"农夫犹饿死\"]','[\"悯农\", \"社会\"]',2,'唐诗三百首扩展','2026-07-12 06:21:54'),(35,'江上渔者','范仲淹','宋','江上往来人，但爱鲈鱼美。君看一叶舟，出没风波里。','[\"江上往来人\", \"但爱鲈鱼美\", \"君看一叶舟\", \"出没风波里\"]','[\"写景\", \"渔民\"]',2,'唐诗三百首扩展','2026-07-12 06:21:54'),(36,'所见','袁枚','清','牧童骑黄牛，歌声振林樾。意欲捕鸣蝉，忽然闭口立。','[\"牧童骑黄牛\", \"歌声振林樾\", \"意欲捕鸣蝉\", \"忽然闭口立\"]','[\"田园\", \"儿童\"]',1,'唐诗三百首扩展','2026-07-12 06:21:54'),(37,'小池','杨万里','宋','泉眼无声惜细流，树阴照水爱晴柔。小荷才露尖尖角，早有蜻蜓立上头。','[\"泉眼无声惜细流\", \"树阴照水爱晴柔\", \"小荷才露尖尖角\", \"早有蜻蜓立上头\"]','[\"夏天\", \"写景\"]',2,'唐诗三百首扩展','2026-07-12 06:21:54'),(38,'村居','高鼎','清','草长莺飞二月天，拂堤杨柳醉春烟。儿童散学归来早，忙趁东风放纸鸢。','[\"草长莺飞二月天\", \"拂堤杨柳醉春烟\", \"儿童散学归来早\", \"忙趁东风放纸鸢\"]','[\"春天\", \"儿童\"]',1,'唐诗三百首扩展','2026-07-12 06:21:54'),(39,'咏柳','贺知章','唐','碧玉妆成一树高，万条垂下绿丝绦。不知细叶谁裁出，二月春风似剪刀。','[\"碧玉妆成一树高\", \"万条垂下绿丝绦\", \"不知细叶谁裁出\", \"二月春风似剪刀\"]','[\"春天\", \"咏物\"]',1,'唐诗三百首扩展','2026-07-12 06:21:54'),(40,'游子吟','孟郊','唐','慈母手中线，游子身上衣。临行密密缝，意恐迟迟归。谁言寸草心，报得三春晖。','[\"慈母手中线\", \"游子身上衣\", \"临行密密缝\", \"意恐迟迟归\", \"谁言寸草心\", \"报得三春晖\"]','[\"母爱\", \"送别\"]',2,'唐诗三百首扩展','2026-07-12 06:21:54'),(41,'早春呈水部张十八员外','韩愈','唐','天街小雨润如酥，草色遥看近却无。最是一年春好处，绝胜烟柳满皇都。','[\"天街小雨润如酥\", \"草色遥看近却无\", \"最是一年春好处\", \"绝胜烟柳满皇都\"]','[\"春天\", \"写景\"]',2,'唐诗三百首扩展','2026-07-12 06:21:54'),(42,'元日','王安石','宋','爆竹声中一岁除，春风送暖入屠苏。千门万户曈曈日，总把新桃换旧符。','[\"爆竹声中一岁除\", \"春风送暖入屠苏\", \"千门万户曈曈日\", \"总把新桃换旧符\"]','[\"节日\", \"春节\"]',2,'唐诗三百首扩展','2026-07-12 06:21:54'),(43,'泊船瓜洲','王安石','宋','京口瓜洲一水间，钟山只隔数重山。春风又绿江南岸，明月何时照我还。','[\"京口瓜洲一水间\", \"钟山只隔数重山\", \"春风又绿江南岸\", \"明月何时照我还\"]','[\"思乡\", \"写景\"]',2,'唐诗三百首扩展','2026-07-12 06:21:54'),(44,'书湖阴先生壁','王安石','宋','茅檐长扫净无苔，花木成畦手自栽。一水护田将绿绕，两山排闼送青来。','[\"茅檐长扫净无苔\", \"花木成畦手自栽\", \"一水护田将绿绕\", \"两山排闼送青来\"]','[\"田园\", \"写景\"]',3,'唐诗三百首扩展','2026-07-12 06:21:54'),(45,'六月二十七日望湖楼醉书','苏轼','宋','黑云翻墨未遮山，白雨跳珠乱入船。卷地风来忽吹散，望湖楼下水如天。','[\"黑云翻墨未遮山\", \"白雨跳珠乱入船\", \"卷地风来忽吹散\", \"望湖楼下水如天\"]','[\"写景\", \"夏天\"]',2,'唐诗三百首扩展','2026-07-12 06:21:54'),(46,'饮湖上初晴后雨','苏轼','宋','水光潋滟晴方好，山色空蒙雨亦奇。欲把西湖比西子，淡妆浓抹总相宜。','[\"水光潋滟晴方好\", \"山色空蒙雨亦奇\", \"欲把西湖比西子\", \"淡妆浓抹总相宜\"]','[\"写景\", \"西湖\"]',2,'唐诗三百首扩展','2026-07-12 06:21:54'),(47,'题西林壁','苏轼','宋','横看成岭侧成峰，远近高低各不同。不识庐山真面目，只缘身在此山中。','[\"横看成岭侧成峰\", \"远近高低各不同\", \"不识庐山真面目\", \"只缘身在此山中\"]','[\"哲理\", \"庐山\"]',2,'唐诗三百首扩展','2026-07-12 06:21:54'),(48,'惠崇春江晚景','苏轼','宋','竹外桃花三两枝，春江水暖鸭先知。蒌蒿满地芦芽短，正是河豚欲上时。','[\"竹外桃花三两枝\", \"春江水暖鸭先知\", \"蒌蒿满地芦芽短\", \"正是河豚欲上时\"]','[\"春天\", \"题画\"]',2,'唐诗三百首扩展','2026-07-12 06:21:54'),(49,'赠刘景文','苏轼','宋','荷尽已无擎雨盖，菊残犹有傲霜枝。一年好景君须记，最是橙黄橘绿时。','[\"荷尽已无擎雨盖\", \"菊残犹有傲霜枝\", \"一年好景君须记\", \"最是橙黄橘绿时\"]','[\"秋天\", \"勉励\"]',2,'唐诗三百首扩展','2026-07-12 06:21:54'),(50,'三衢道中','曾几','宋','梅子黄时日日晴，小溪泛尽却山行。绿阴不减来时路，添得黄鹂四五声。','[\"梅子黄时日日晴\", \"小溪泛尽却山行\", \"绿阴不减来时路\", \"添得黄鹂四五声\"]','[\"夏天\", \"纪行\"]',2,'唐诗三百首扩展','2026-07-12 06:21:54'),(51,'示儿','陆游','宋','死去元知万事空，但悲不见九州同。王师北定中原日，家祭无忘告乃翁。','[\"死去元知万事空\", \"但悲不见九州同\", \"王师北定中原日\", \"家祭无忘告乃翁\"]','[\"爱国\", \"遗嘱\"]',3,'唐诗三百首扩展','2026-07-12 06:21:55'),(52,'秋夜将晓出篱门迎凉有感','陆游','宋','三万里河东入海，五千仞岳上摩天。遗民泪尽胡尘里，南望王师又一年。','[\"三万里河东入海\", \"五千仞岳上摩天\", \"遗民泪尽胡尘里\", \"南望王师又一年\"]','[\"爱国\", \"忧民\"]',3,'唐诗三百首扩展','2026-07-12 06:21:55'),(53,'四时田园杂兴·其一','范成大','宋','昼出耘田夜绩麻，村庄儿女各当家。童孙未解供耕织，也傍桑阴学种瓜。','[\"昼出耘田夜绩麻\", \"村庄儿女各当家\", \"童孙未解供耕织\", \"也傍桑阴学种瓜\"]','[\"田园\", \"劳动\"]',2,'唐诗三百首扩展','2026-07-12 06:21:55'),(54,'四时田园杂兴·其二','范成大','宋','梅子金黄杏子肥，麦花雪白菜花稀。日长篱落无人过，惟有蜻蜓蛱蝶飞。','[\"梅子金黄杏子肥\", \"麦花雪白菜花稀\", \"日长篱落无人过\", \"惟有蜻蜓蛱蝶飞\"]','[\"田园\", \"夏天\"]',2,'唐诗三百首扩展','2026-07-12 06:21:55'),(55,'晓出净慈寺送林子方','杨万里','宋','毕竟西湖六月中，风光不与四时同。接天莲叶无穷碧，映日荷花别样红。','[\"毕竟西湖六月中\", \"风光不与四时同\", \"接天莲叶无穷碧\", \"映日荷花别样红\"]','[\"夏天\", \"西湖\", \"送别\"]',2,'唐诗三百首扩展','2026-07-12 06:21:55'),(56,'春日','朱熹','宋','胜日寻芳泗水滨，无边光景一时新。等闲识得东风面，万紫千红总是春。','[\"胜日寻芳泗水滨\", \"无边光景一时新\", \"等闲识得东风面\", \"万紫千红总是春\"]','[\"春天\", \"哲理\"]',2,'唐诗三百首扩展','2026-07-12 06:21:55'),(57,'观书有感','朱熹','宋','半亩方塘一鉴开，天光云影共徘徊。问渠那得清如许，为有源头活水来。','[\"半亩方塘一鉴开\", \"天光云影共徘徊\", \"问渠那得清如许\", \"为有源头活水来\"]','[\"哲理\", \"读书\"]',3,'唐诗三百首扩展','2026-07-12 06:21:55'),(58,'题临安邸','林升','宋','山外青山楼外楼，西湖歌舞几时休。暖风熏得游人醉，直把杭州作汴州。','[\"山外青山楼外楼\", \"西湖歌舞几时休\", \"暖风熏得游人醉\", \"直把杭州作汴州\"]','[\"讽刺\", \"西湖\"]',3,'唐诗三百首扩展','2026-07-12 06:21:55'),(59,'游园不值','叶绍翁','宋','应怜屐齿印苍苔，小扣柴扉久不开。春色满园关不住，一枝红杏出墙来。','[\"应怜屐齿印苍苔\", \"小扣柴扉久不开\", \"春色满园关不住\", \"一枝红杏出墙来\"]','[\"春天\", \"游园\"]',2,'唐诗三百首扩展','2026-07-12 06:21:55'),(60,'乡村四月','翁卷','宋','绿遍山原白满川，子规声里雨如烟。乡村四月闲人少，才了蚕桑又插田。','[\"绿遍山原白满川\", \"子规声里雨如烟\", \"乡村四月闲人少\", \"才了蚕桑又插田\"]','[\"田园\", \"夏天\"]',2,'唐诗三百首扩展','2026-07-12 06:21:55'),(61,'墨梅','王冕','元','吾家洗砚池头树，朵朵花开淡墨痕。不要人夸好颜色，只留清气满乾坤。','[\"吾家洗砚池头树\", \"朵朵花开淡墨痕\", \"不要人夸好颜色\", \"只留清气满乾坤\"]','[\"咏物\", \"梅花\", \"言志\"]',2,'唐诗三百首扩展','2026-07-12 06:21:55'),(62,'石灰吟','于谦','明','千锤万凿出深山，烈火焚烧若等闲。粉骨碎身浑不怕，要留清白在人间。','[\"千锤万凿出深山\", \"烈火焚烧若等闲\", \"粉骨碎身浑不怕\", \"要留清白在人间\"]','[\"咏物\", \"言志\"]',2,'唐诗三百首扩展','2026-07-12 06:21:55'),(63,'竹石','郑燮','清','咬定青山不放松，立根原在破岩中。千磨万击还坚劲，任尔东西南北风。','[\"咬定青山不放松\", \"立根原在破岩中\", \"千磨万击还坚劲\", \"任尔东西南北风\"]','[\"咏物\", \"竹\", \"言志\"]',2,'唐诗三百首扩展','2026-07-12 06:21:55'),(64,'己亥杂诗','龚自珍','清','九州生气恃风雷，万马齐喑究可哀。我劝天公重抖擞，不拘一格降人才。','[\"九州生气恃风雷\", \"万马齐喑究可哀\", \"我劝天公重抖擞\", \"不拘一格降人才\"]','[\"社会\", \"言志\"]',3,'唐诗三百首扩展','2026-07-12 06:21:55'),(65,'村夜','白居易','唐','霜草苍苍虫切切，村南村北行人绝。独出门前望野田，月明荞麦花如雪。','[\"霜草苍苍虫切切\", \"村南村北行人绝\", \"独出门前望野田\", \"月明荞麦花如雪\"]','[\"乡村\", \"月夜\"]',2,'唐诗三百首扩展','2026-07-12 06:21:55'),(66,'暮江吟','白居易','唐','一道残阳铺水中，半江瑟瑟半江红。可怜九月初三夜，露似真珠月似弓。','[\"一道残阳铺水中\", \"半江瑟瑟半江红\", \"可怜九月初三夜\", \"露似真珠月似弓\"]','[\"写景\", \"秋天\"]',2,'唐诗三百首扩展','2026-07-12 06:21:55'),(67,'鸟鸣涧','王维','唐','人闲桂花落，夜静春山空。月出惊山鸟，时鸣春涧中。','[\"人闲桂花落\", \"夜静春山空\", \"月出惊山鸟\", \"时鸣春涧中\"]','[\"春天\", \"月夜\", \"山水\"]',1,'唐诗三百首扩展','2026-07-12 06:21:55'),(68,'竹里馆','王维','唐','独坐幽篁里，弹琴复长啸。深林人不知，明月来相照。','[\"独坐幽篁里\", \"弹琴复长啸\", \"深林人不知\", \"明月来相照\"]','[\"隐居\", \"月夜\"]',2,'唐诗三百首扩展','2026-07-12 06:21:55'),(69,'送元二使安西','王维','唐','渭城朝雨浥轻尘，客舍青青柳色新。劝君更尽一杯酒，西出阳关无故人。','[\"渭城朝雨浥轻尘\", \"客舍青青柳色新\", \"劝君更尽一杯酒\", \"西出阳关无故人\"]','[\"送别\", \"友情\"]',2,'唐诗三百首扩展','2026-07-12 06:21:55'),(70,'莲花坞','王维','唐','日日采莲去，洲长多暮归。弄篙莫溅水，畏湿红莲衣。','[\"日日采莲去\", \"洲长多暮归\", \"弄篙莫溅水\", \"畏湿红莲衣\"]','[\"田园\", \"莲花\"]',2,'唐诗三百首扩展','2026-07-12 06:21:55'),(71,'相思子','王维','唐','红豆生南国，秋来发几枝。愿君多采撷，此物最相思。','[\"红豆生南国\", \"秋来发几枝\", \"愿君多采撷\", \"此物最相思\"]','[\"相思\", \"友情\"]',1,'唐诗三百首扩展','2026-07-12 06:21:55'),(72,'杂诗','王维','唐','君自故乡来，应知故乡事。来日绮窗前，寒梅著花未。','[\"君自故乡来\", \"应知故乡事\", \"来日绮窗前\", \"寒梅著花未\"]','[\"思乡\", \"梅花\"]',2,'唐诗三百首扩展','2026-07-12 06:21:55'),(73,'终南山','王维','唐','太乙近天都，连山接海隅。白云回望合，青霭入看无。','[\"太乙近天都\", \"连山接海隅\", \"白云回望合\", \"青霭入看无\"]','[\"山水\", \"写景\"]',3,'唐诗三百首扩展','2026-07-12 06:21:55'),(74,'画','王维','唐','远看山有色，近听水无声。春去花还在，人来鸟不惊。','[\"远看山有色\", \"近听水无声\", \"春去花还在\", \"人来鸟不惊\"]','[\"题画\", \"哲理\"]',1,'唐诗三百首扩展','2026-07-12 06:21:55'),(75,'秋浦歌','李白','唐','白发三千丈，缘愁似个长。不知明镜里，何处得秋霜。','[\"白发三千丈\", \"缘愁似个长\", \"不知明镜里\", \"何处得秋霜\"]','[\"愁绪\", \"夸张\"]',2,'唐诗三百首扩展','2026-07-12 06:21:55'),(76,'独坐敬亭山','李白','唐','众鸟高飞尽，孤云独去闲。相看两不厌，只有敬亭山。','[\"众鸟高飞尽\", \"孤云独去闲\", \"相看两不厌\", \"只有敬亭山\"]','[\"写景\", \"孤独\"]',2,'唐诗三百首扩展','2026-07-12 06:21:55'),(77,'秋词','刘禹锡','唐','自古逢秋悲寂寥，我言秋日胜春朝。晴空一鹤排云上，便引诗情到碧霄。','[\"自古逢秋悲寂寥\", \"我言秋日胜春朝\", \"晴空一鹤排云上\", \"便引诗情到碧霄\"]','[\"秋天\", \"言志\"]',2,'唐诗三百首扩展','2026-07-12 06:21:55'),(78,'浪淘沙','刘禹锡','唐','九曲黄河万里沙，浪淘风簸自天涯。如今直上银河去，同到牵牛织女家。','[\"九曲黄河万里沙\", \"浪淘风簸自天涯\", \"如今直上银河去\", \"同到牵牛织女家\"]','[\"黄河\", \"想象\"]',2,'唐诗三百首扩展','2026-07-12 06:21:55'),(79,'乌衣巷','刘禹锡','唐','朱雀桥边野草花，乌衣巷口夕阳斜。旧时王谢堂前燕，飞入寻常百姓家。','[\"朱雀桥边野草花\", \"乌衣巷口夕阳斜\", \"旧时王谢堂前燕\", \"飞入寻常百姓家\"]','[\"怀古\", \"感慨\"]',3,'唐诗三百首扩展','2026-07-12 06:21:55'),(80,'问刘十九','白居易','唐','绿蚁新醅酒，红泥小火炉。晚来天欲雪，能饮一杯无。','[\"绿蚁新醅酒\", \"红泥小火炉\", \"晚来天欲雪\", \"能饮一杯无\"]','[\"友情\", \"冬天\"]',1,'唐诗三百首扩展','2026-07-12 06:21:55'),(81,'池上','白居易','唐','小娃撑小艇，偷采白莲回。不解藏踪迹，浮萍一道开。','[\"小娃撑小艇\", \"偷采白莲回\", \"不解藏踪迹\", \"浮萍一道开\"]','[\"儿童\", \"莲花\"]',1,'唐诗三百首扩展','2026-07-12 06:21:55'),(82,'遗爱寺','白居易','唐','弄石临溪坐，寻花绕寺行。时时闻鸟语，处处是泉声。','[\"弄石临溪坐\", \"寻花绕寺行\", \"时时闻鸟语\", \"处处是泉声\"]','[\"写景\", \"闲适\"]',2,'唐诗三百首扩展','2026-07-12 06:21:55'),(83,'夜雪','白居易','唐','已讶衾枕冷，复见窗户明。夜深知雪重，时闻折竹声。','[\"已讶衾枕冷\", \"复见窗户明\", \"夜深知雪重\", \"时闻折竹声\"]','[\"冬天\", \"写景\"]',2,'唐诗三百首扩展','2026-07-12 06:21:55'),(84,'马诗','李贺','唐','大漠沙如雪，燕山月似钩。何当金络脑，快走踏清秋。','[\"大漠沙如雪\", \"燕山月似钩\", \"何当金络脑\", \"快走踏清秋\"]','[\"咏物\", \"马\", \"边塞\"]',2,'唐诗三百首扩展','2026-07-12 06:21:55'),(85,'嫦娥','李商隐','唐','云母屏风烛影深，长河渐落晓星沉。嫦娥应悔偷灵药，碧海青天夜夜心。','[\"云母屏风烛影深\", \"长河渐落晓星沉\", \"嫦娥应悔偷灵药\", \"碧海青天夜夜心\"]','[\"神话\", \"孤独\"]',3,'唐诗三百首扩展','2026-07-12 06:21:55'),(86,'乐游原','李商隐','唐','向晚意不适，驱车登古原。夕阳无限好，只是近黄昏。','[\"向晚意不适\", \"驱车登古原\", \"夕阳无限好\", \"只是近黄昏\"]','[\"感慨\", \"夕阳\"]',1,'唐诗三百首扩展','2026-07-12 06:21:55'),(87,'宿建德江','孟浩然','唐','移舟泊烟渚，日暮客愁新。野旷天低树，江清月近人。','[\"移舟泊烟渚\", \"日暮客愁新\", \"野旷天低树\", \"江清月近人\"]','[\"旅途\", \"写景\"]',2,'唐诗三百首扩展','2026-07-12 06:21:55'),(88,'望洞庭','刘禹锡','唐','湖光秋月两相和，潭面无风镜未磨。遥望洞庭山水翠，白银盘里一青螺。','[\"湖光秋月两相和\", \"潭面无风镜未磨\", \"遥望洞庭山水翠\", \"白银盘里一青螺\"]','[\"写景\", \"秋天\", \"洞庭湖\"]',2,'唐诗三百首扩展','2026-07-12 06:21:55'),(89,'浪淘沙·其二','刘禹锡','唐','八月涛声吼地来，头高数丈触山回。须臾却入海门去，卷起沙堆似雪堆。','[\"八月涛声吼地来\", \"头高数丈触山回\", \"须臾却入海门去\", \"卷起沙堆似雪堆\"]','[\"写景\", \"钱塘江\"]',2,'唐诗三百首扩展','2026-07-12 06:21:55'),(90,'逢雪宿芙蓉山主人','刘长卿','唐','日暮苍山远，天寒白屋贫。柴门闻犬吠，风雪夜归人。','[\"日暮苍山远\", \"天寒白屋贫\", \"柴门闻犬吠\", \"风雪夜归人\"]','[\"冬天\", \"旅途\"]',2,'唐诗三百首扩展','2026-07-12 06:21:55'),(91,'送灵澈上人','刘长卿','唐','苍苍竹林寺，杳杳钟声晚。荷笠带斜阳，青山独归远。','[\"苍苍竹林寺\", \"杳杳钟声晚\", \"荷笠带斜阳\", \"青山独归远\"]','[\"送别\", \"山水\"]',2,'唐诗三百首扩展','2026-07-12 06:21:55'),(92,'弹琴','刘长卿','唐','泠泠七弦上，静听松风寒。古调虽自爱，今人多不弹。','[\"泠泠七弦上\", \"静听松风寒\", \"古调虽自爱\", \"今人多不弹\"]','[\"音乐\", \"感慨\"]',3,'唐诗三百首扩展','2026-07-12 06:21:55'),(93,'送上人','刘长卿','唐','孤云将野鹤，岂向人间住。莫买沃洲山，时人已知处。','[\"孤云将野鹤\", \"岂向人间住\", \"莫买沃洲山\", \"时人已知处\"]','[\"送别\", \"隐士\"]',3,'唐诗三百首扩展','2026-07-12 06:21:55'),(94,'江村即事','司空曙','唐','钓罢归来不系船，江村月落正堪眠。纵然一夜风吹去，只在芦花浅水边。','[\"钓罢归来不系船\", \"江村月落正堪眠\", \"纵然一夜风吹去\", \"只在芦花浅水边\"]','[\"田园\", \"闲适\"]',2,'唐诗三百首扩展','2026-07-12 06:21:55'),(95,'塞下曲','卢纶','唐','月黑雁飞高，单于夜遁逃。欲将轻骑逐，大雪满弓刀。','[\"月黑雁飞高\", \"单于夜遁逃\", \"欲将轻骑逐\", \"大雪满弓刀\"]','[\"边塞\", \"战争\"]',2,'唐诗三百首扩展','2026-07-12 06:21:55'),(96,'逢入京使','岑参','唐','故园东望路漫漫，双袖龙钟泪不干。马上相逢无纸笔，凭君传语报平安。','[\"故园东望路漫漫\", \"双袖龙钟泪不干\", \"马上相逢无纸笔\", \"凭君传语报平安\"]','[\"思乡\", \"旅途\"]',2,'唐诗三百首扩展','2026-07-12 06:21:55'),(97,'行军九日思长安故园','岑参','唐','强欲登高去，无人送酒来。遥怜故园菊，应傍战场开。','[\"强欲登高去\", \"无人送酒来\", \"遥怜故园菊\", \"应傍战场开\"]','[\"思乡\", \"重阳\"]',2,'唐诗三百首扩展','2026-07-12 06:21:55'),(98,'营州歌','高适','唐','营州少年厌原野，狐裘蒙茸猎城下。虏酒千钟不醉人，胡儿十岁能骑马。','[\"营州少年厌原野\", \"狐裘蒙茸猎城下\", \"虏酒千钟不醉人\", \"胡儿十岁能骑马\"]','[\"边塞\", \"民俗\"]',3,'唐诗三百首扩展','2026-07-12 06:21:55'),(99,'别董大','高适','唐','千里黄云白日曛，北风吹雁雪纷纷。莫愁前路无知己，天下谁人不识君。','[\"千里黄云白日曛\", \"北风吹雁雪纷纷\", \"莫愁前路无知己\", \"天下谁人不识君\"]','[\"送别\", \"勉励\"]',2,'唐诗三百首扩展','2026-07-12 06:21:55'),(100,'送李少府贬峡中王少府贬长沙','高适','唐','嗟君此别意何如，驻马衔杯问谪居。巫峡啼猿数行泪，衡阳归雁几封书。','[\"嗟君此别意何如\", \"驻马衔杯问谪居\", \"巫峡啼猿数行泪\", \"衡阳归雁几封书\"]','[\"送别\", \"贬谪\"]',3,'唐诗三百首扩展','2026-07-12 06:21:55'),(101,'一去二三里','邵雍','宋','一去二三里，烟村四五家。亭台六七座，八九十枝花。','[\"一去二三里\", \"烟村四五家\", \"亭台六七座\", \"八九十枝花\"]','[\"数字\", \"田园\"]',1,'人教版中小学+唐诗三百首扩展','2026-07-12 06:29:59'),(102,'画鸡','唐寅','明','头上红冠不用裁，满身雪白走将来。平生不敢轻言语，一叫千门万户开。','[\"头上红冠不用裁\", \"满身雪白走将来\", \"平生不敢轻言语\", \"一叫千门万户开\"]','[\"咏物\", \"公鸡\"]',1,'人教版中小学+唐诗三百首扩展','2026-07-12 06:29:59'),(103,'古朗月行·小时不识月','李白','唐','小时不识月，呼作白玉盘。又疑瑶台镜，飞在青云端。','[\"小时不识月\", \"呼作白玉盘\", \"又疑瑶台镜\", \"飞在青云端\"]','[\"月亮\", \"想象\", \"儿童\"]',1,'人教版中小学+唐诗三百首扩展','2026-07-12 06:29:59'),(104,'风','李峤','唐','解落三秋叶，能开二月花。过江千尺浪，入竹万竿斜。','[\"解落三秋叶\", \"能开二月花\", \"过江千尺浪\", \"入竹万竿斜\"]','[\"咏物\", \"风\"]',1,'人教版中小学+唐诗三百首扩展','2026-07-12 06:29:59'),(105,'登飞来峰','王安石','宋','飞来山上千寻塔，闻说鸡鸣见日升。不畏浮云遮望眼，自缘身在最高层。','[\"飞来山上千寻塔\", \"闻说鸡鸣见日升\", \"不畏浮云遮望眼\", \"自缘身在最高层\"]','[\"哲理\", \"言志\"]',2,'人教版中小学+唐诗三百首扩展','2026-07-12 06:29:59'),(106,'己亥杂诗·浩荡离愁','龚自珍','清','浩荡离愁白日斜，吟鞭东指即天涯。落红不是无情物，化作春泥更护花。','[\"浩荡离愁白日斜\", \"吟鞭东指即天涯\", \"落红不是无情物\", \"化作春泥更护花\"]','[\"言志\", \"离愁\"]',2,'人教版中小学+唐诗三百首扩展','2026-07-12 06:29:59'),(107,'天净沙·秋思','马致远','元','枯藤老树昏鸦，小桥流水人家，古道西风瘦马。夕阳西下，断肠人在天涯。','[\"枯藤老树昏鸦\", \"小桥流水人家\", \"古道西风瘦马\", \"夕阳西下\", \"断肠人在天涯\"]','[\"秋天\", \"思乡\", \"元曲\"]',2,'人教版中小学+唐诗三百首扩展','2026-07-12 06:29:59'),(108,'天净沙·春','白朴','元','春山暖日和风，阑干楼阁帘栊，杨柳秋千院中。啼莺舞燕，小桥流水飞红。','[\"春山暖日和风\", \"阑干楼阁帘栊\", \"杨柳秋千院中\", \"啼莺舞燕\", \"小桥流水飞红\"]','[\"春天\", \"元曲\"]',2,'人教版中小学+唐诗三百首扩展','2026-07-12 06:29:59'),(109,'山坡羊·潼关怀古','张养浩','元','峰峦如聚，波涛如怒，山河表里潼关路。望西都，意踌躇。伤心秦汉经行处，宫阙万间都做了土。兴，百姓苦；亡，百姓苦。','[\"峰峦如聚\", \"波涛如怒\", \"山河表里潼关路\", \"望西都意踌躇\", \"伤心秦汉经行处\", \"宫阙万间都做了土\", \"兴百姓苦\", \"亡百姓苦\"]','[\"怀古\", \"忧民\", \"元曲\"]',3,'人教版中小学+唐诗三百首扩展','2026-07-12 06:29:59'),(110,'关雎','佚名','先秦','关关雎鸠，在河之洲。窈窕淑女，君子好逑。参差荇菜，左右流之。窈窕淑女，寤寐求之。','[\"关关雎鸠\", \"在河之洲\", \"窈窕淑女\", \"君子好逑\", \"参差荇菜\", \"左右流之\", \"窈窕淑女\", \"寤寐求之\"]','[\"诗经\", \"爱情\"]',3,'人教版中小学+唐诗三百首扩展','2026-07-12 06:29:59'),(111,'蒹葭','佚名','先秦','蒹葭苍苍，白露为霜。所谓伊人，在水一方。溯洄从之，道阻且长。溯游从之，宛在水中央。','[\"蒹葭苍苍\", \"白露为霜\", \"所谓伊人\", \"在水一方\", \"溯洄从之\", \"道阻且长\", \"溯游从之\", \"宛在水中央\"]','[\"诗经\", \"思念\"]',3,'人教版中小学+唐诗三百首扩展','2026-07-12 06:29:59'),(112,'观沧海','曹操','汉','东临碣石，以观沧海。水何澹澹，山岛竦峙。树木丛生，百草丰茂。秋风萧瑟，洪波涌起。日月之行，若出其中。星汉灿烂，若出其里。幸甚至哉，歌以咏志。','[\"东临碣石\", \"以观沧海\", \"水何澹澹\", \"山岛竦峙\", \"树木丛生\", \"百草丰茂\", \"秋风萧瑟\", \"洪波涌起\", \"日月之行\", \"若出其中\", \"星汉灿烂\", \"若出其里\", \"幸甚至哉\", \"歌以咏志\"]','[\"大海\", \"壮志\", \"建安\"]',3,'人教版中小学+唐诗三百首扩展','2026-07-12 06:29:59'),(113,'饮酒·其五','陶渊明','晋','结庐在人境，而无车马喧。问君何能尔？心远地自偏。采菊东篱下，悠然见南山。山气日夕佳，飞鸟相与还。此中有真意，欲辨已忘言。','[\"结庐在人境\", \"而无车马喧\", \"问君何能尔\", \"心远地自偏\", \"采菊东篱下\", \"悠然见南山\", \"山气日夕佳\", \"飞鸟相与还\", \"此中有真意\", \"欲辨已忘言\"]','[\"隐居\", \"田园\", \"菊花\"]',3,'人教版中小学+唐诗三百首扩展','2026-07-12 06:29:59'),(114,'木兰辞·节选','佚名','南北朝','唧唧复唧唧，木兰当户织。不闻机杼声，唯闻女叹息。问女何所思，问女何所忆。女亦无所思，女亦无所忆。','[\"唧唧复唧唧\", \"木兰当户织\", \"不闻机杼声\", \"唯闻女叹息\", \"问女何所思\", \"问女何所忆\", \"女亦无所思\", \"女亦无所忆\"]','[\"巾帼\", \"北朝民歌\", \"叙事\"]',3,'人教版中小学+唐诗三百首扩展','2026-07-12 06:29:59'),(115,'送杜少府之任蜀州','王勃','唐','城阙辅三秦，风烟望五津。与君离别意，同是宦游人。海内存知己，天涯若比邻。无为在歧路，儿女共沾巾。','[\"城阙辅三秦\", \"风烟望五津\", \"与君离别意\", \"同是宦游人\", \"海内存知己\", \"天涯若比邻\", \"无为在歧路\", \"儿女共沾巾\"]','[\"送别\", \"友情\"]',2,'人教版中小学+唐诗三百首扩展','2026-07-12 06:29:59'),(116,'次北固山下','王湾','唐','客路青山外，行舟绿水前。潮平两岸阔，风正一帆悬。海日生残夜，江春入旧年。乡书何处达？归雁洛阳边。','[\"客路青山外\", \"行舟绿水前\", \"潮平两岸阔\", \"风正一帆悬\", \"海日生残夜\", \"江春入旧年\", \"乡书何处达\", \"归雁洛阳边\"]','[\"旅途\", \"思乡\"]',2,'人教版中小学+唐诗三百首扩展','2026-07-12 06:29:59'),(117,'使至塞上','王维','唐','单车欲问边，属国过居延。征蓬出汉塞，归雁入胡天。大漠孤烟直，长河落日圆。萧关逢候骑，都护在燕然。','[\"单车欲问边\", \"属国过居延\", \"征蓬出汉塞\", \"归雁入胡天\", \"大漠孤烟直\", \"长河落日圆\", \"萧关逢候骑\", \"都护在燕然\"]','[\"边塞\", \"写景\"]',2,'人教版中小学+唐诗三百首扩展','2026-07-12 06:29:59'),(118,'黄鹤楼','崔颢','唐','昔人已乘黄鹤去，此地空余黄鹤楼。黄鹤一去不复返，白云千载空悠悠。晴川历历汉阳树，芳草萋萋鹦鹉洲。日暮乡关何处是？烟波江上使人愁。','[\"昔人已乘黄鹤去\", \"此地空余黄鹤楼\", \"黄鹤一去不复返\", \"白云千载空悠悠\", \"晴川历历汉阳树\", \"芳草萋萋鹦鹉洲\", \"日暮乡关何处是\", \"烟波江上使人愁\"]','[\"怀古\", \"思乡\"]',3,'人教版中小学+唐诗三百首扩展','2026-07-12 06:29:59'),(119,'闻王昌龄左迁龙标遥有此寄','李白','唐','杨花落尽子规啼，闻道龙标过五溪。我寄愁心与明月，随君直到夜郎西。','[\"杨花落尽子规啼\", \"闻道龙标过五溪\", \"我寄愁心与明月\", \"随君直到夜郎西\"]','[\"友情\", \"送别\"]',2,'人教版中小学+唐诗三百首扩展','2026-07-12 06:29:59'),(120,'行路难·其一','李白','唐','金樽清酒斗十千，玉盘珍羞直万钱。停杯投箸不能食，拔剑四顾心茫然。欲渡黄河冰塞川，将登太行雪满山。闲来垂钓碧溪上，忽复乘舟梦日边。行路难！行路难！多歧路，今安在？长风破浪会有时，直挂云帆济沧海。','[\"金樽清酒斗十千\", \"玉盘珍羞直万钱\", \"停杯投箸不能食\", \"拔剑四顾心茫然\", \"欲渡黄河冰塞川\", \"将登太行雪满山\", \"闲来垂钓碧溪上\", \"忽复乘舟梦日边\", \"长风破浪会有时\", \"直挂云帆济沧海\"]','[\"壮志\", \"困惑\"]',3,'人教版中小学+唐诗三百首扩展','2026-07-12 06:29:59'),(121,'望岳','杜甫','唐','岱宗夫如何？齐鲁青未了。造化钟神秀，阴阳割昏晓。荡胸生曾云，决眦入归鸟。会当凌绝顶，一览众山小。','[\"岱宗夫如何\", \"齐鲁青未了\", \"造化钟神秀\", \"阴阳割昏晓\", \"荡胸生曾云\", \"决眦入归鸟\", \"会当凌绝顶\", \"一览众山小\"]','[\"泰山\", \"壮志\"]',2,'人教版中小学+唐诗三百首扩展','2026-07-12 06:29:59'),(122,'春夜喜雨','杜甫','唐','好雨知时节，当春乃发生。随风潜入夜，润物细无声。野径云俱黑，江船火独明。晓看红湿处，花重锦官城。','[\"好雨知时节\", \"当春乃发生\", \"随风潜入夜\", \"润物细无声\", \"野径云俱黑\", \"江船火独明\", \"晓看红湿处\", \"花重锦官城\"]','[\"春天\", \"春雨\"]',1,'人教版中小学+唐诗三百首扩展','2026-07-12 06:29:59'),(123,'茅屋为秋风所破歌·节选','杜甫','唐','安得广厦千万间，大庇天下寒士俱欢颜！风雨不动安如山。呜呼！何时眼前突兀见此屋，吾庐独破受冻死亦足！','[\"安得广厦千万间\", \"大庇天下寒士俱欢颜\", \"风雨不动安如山\", \"何时眼前突兀见此屋\", \"吾庐独破受冻死亦足\"]','[\"忧民\", \"理想\"]',3,'人教版中小学+唐诗三百首扩展','2026-07-12 06:29:59'),(124,'白雪歌送武判官归京·节选','岑参','唐','北风卷地白草折，胡天八月即飞雪。忽如一夜春风来，千树万树梨花开。散入珠帘湿罗幕，狐裘不暖锦衾薄。','[\"北风卷地白草折\", \"胡天八月即飞雪\", \"忽如一夜春风来\", \"千树万树梨花开\", \"散入珠帘湿罗幕\", \"狐裘不暖锦衾薄\"]','[\"边塞\", \"雪\", \"送别\"]',3,'人教版中小学+唐诗三百首扩展','2026-07-12 06:29:59'),(125,'酬乐天扬州初逢席上见赠','刘禹锡','唐','巴山楚水凄凉地，二十三年弃置身。怀旧空吟闻笛赋，到乡翻似烂柯人。沉舟侧畔千帆过，病树前头万木春。今日听君歌一曲，暂凭杯酒长精神。','[\"巴山楚水凄凉地\", \"二十三年弃置身\", \"怀旧空吟闻笛赋\", \"到乡翻似烂柯人\", \"沉舟侧畔千帆过\", \"病树前头万木春\", \"今日听君歌一曲\", \"暂凭杯酒长精神\"]','[\"感慨\", \"哲理\"]',3,'人教版中小学+唐诗三百首扩展','2026-07-12 06:29:59'),(126,'观刈麦·节选','白居易','唐','田家少闲月，五月人倍忙。夜来南风起，小麦覆陇黄。妇姑荷箪食，童稚携壶浆。','[\"田家少闲月\", \"五月人倍忙\", \"夜来南风起\", \"小麦覆陇黄\", \"妇姑荷箪食\", \"童稚携壶浆\"]','[\"劳动\", \"悯农\"]',2,'人教版中小学+唐诗三百首扩展','2026-07-12 06:29:59'),(127,'赤壁','杜牧','唐','折戟沉沙铁未销，自将磨洗认前朝。东风不与周郎便，铜雀春深锁二乔。','[\"折戟沉沙铁未销\", \"自将磨洗认前朝\", \"东风不与周郎便\", \"铜雀春深锁二乔\"]','[\"怀古\", \"三国\"]',2,'人教版中小学+唐诗三百首扩展','2026-07-12 06:29:59'),(128,'无题·相见时难·补充','李商隐','唐','相见时难别亦难，东风无力百花残。春蚕到死丝方尽，蜡炬成灰泪始干。晓镜但愁云鬓改，夜吟应觉月光寒。蓬山此去无多路，青鸟殷勤为探看。','[\"相见时难别亦难\", \"东风无力百花残\", \"春蚕到死丝方尽\", \"蜡炬成灰泪始干\", \"晓镜但愁云鬓改\", \"夜吟应觉月光寒\", \"蓬山此去无多路\", \"青鸟殷勤为探看\"]','[\"爱情\", \"思念\"]',3,'人教版中小学+唐诗三百首扩展','2026-07-12 06:29:59'),(129,'相见欢·无言独上西楼','李煜','五代','无言独上西楼，月如钩。寂寞梧桐深院锁清秋。剪不断，理还乱，是离愁。别是一般滋味在心头。','[\"无言独上西楼\", \"月如钩\", \"寂寞梧桐深院锁清秋\", \"剪不断\", \"理还乱\", \"是离愁\", \"别是一般滋味在心头\"]','[\"亡国\", \"愁\", \"词\"]',3,'人教版中小学+唐诗三百首扩展','2026-07-12 06:29:59'),(130,'渔家傲·秋思','范仲淹','宋','塞下秋来风景异，衡阳雁去无留意。四面边声连角起，千嶂里，长烟落日孤城闭。浊酒一杯家万里，燕然未勒归无计。羌管悠悠霜满地，人不寐，将军白发征夫泪。','[\"塞下秋来风景异\", \"衡阳雁去无留意\", \"四面边声连角起\", \"千嶂里长烟落日孤城闭\", \"浊酒一杯家万里\", \"燕然未勒归无计\", \"羌管悠悠霜满地\", \"人不寐将军白发征夫泪\"]','[\"边塞\", \"思乡\", \"词\"]',3,'人教版中小学+唐诗三百首扩展','2026-07-12 06:29:59'),(131,'浣溪沙·一曲新词酒一杯','晏殊','宋','一曲新词酒一杯，去年天气旧亭台。夕阳西下几时回？无可奈何花落去，似曾相识燕归来。小园香径独徘徊。','[\"一曲新词酒一杯\", \"去年天气旧亭台\", \"夕阳西下几时回\", \"无可奈何花落去\", \"似曾相识燕归来\", \"小园香径独徘徊\"]','[\"感慨\", \"惜时\", \"词\"]',2,'人教版中小学+唐诗三百首扩展','2026-07-12 06:29:59'),(132,'登飞来峰·补充','王安石','宋','飞来山上千寻塔，闻说鸡鸣见日升。不畏浮云遮望眼，自缘身在最高层。','[\"飞来山上千寻塔\", \"闻说鸡鸣见日升\", \"不畏浮云遮望眼\", \"自缘身在最高层\"]','[\"哲理\", \"言志\"]',2,'人教版中小学+唐诗三百首扩展','2026-07-12 06:29:59'),(133,'江城子·密州出猎','苏轼','宋','老夫聊发少年狂，左牵黄，右擎苍，锦帽貂裘，千骑卷平冈。为报倾城随太守，亲射虎，看孙郎。酒酣胸胆尚开张，鬓微霜，又何妨！持节云中，何日遣冯唐？会挽雕弓如满月，西北望，射天狼。','[\"老夫聊发少年狂\", \"左牵黄右擎苍\", \"锦帽貂裘千骑卷平冈\", \"为报倾城随太守\", \"亲射虎看孙郎\", \"酒酣胸胆尚开张\", \"鬓微霜又何妨\", \"会挽雕弓如满月\", \"西北望射天狼\"]','[\"壮志\", \"狩猎\", \"词\"]',3,'人教版中小学+唐诗三百首扩展','2026-07-12 06:29:59'),(134,'水调歌头·明月几时有','苏轼','宋','明月几时有？把酒问青天。不知天上宫阙，今夕是何年。我欲乘风归去，又恐琼楼玉宇，高处不胜寒。起舞弄清影，何似在人间。转朱阁，低绮户，照无眠。不应有恨，何事长向别时圆？人有悲欢离合，月有阴晴圆缺，此事古难全。但愿人长久，千里共婵娟。','[\"明月几时有\", \"把酒问青天\", \"不知天上宫阙\", \"今夕是何年\", \"我欲乘风归去\", \"又恐琼楼玉宇\", \"高处不胜寒\", \"起舞弄清影\", \"何似在人间\", \"但愿人长久\", \"千里共婵娟\"]','[\"月亮\", \"思念\", \"中秋\", \"词\"]',3,'人教版中小学+唐诗三百首扩展','2026-07-12 06:29:59'),(135,'卜算子·咏梅','陆游','宋','驿外断桥边，寂寞开无主。已是黄昏独自愁，更著风和雨。无意苦争春，一任群芳妒。零落成泥碾作尘，只有香如故。','[\"驿外断桥边\", \"寂寞开无主\", \"已是黄昏独自愁\", \"更著风和雨\", \"无意苦争春\", \"一任群芳妒\", \"零落成泥碾作尘\", \"只有香如故\"]','[\"咏物\", \"梅花\", \"言志\", \"词\"]',3,'人教版中小学+唐诗三百首扩展','2026-07-12 06:29:59'),(136,'破阵子·为陈同甫赋壮词以寄之','辛弃疾','宋','醉里挑灯看剑，梦回吹角连营。八百里分麾下炙，五十弦翻塞外声。沙场秋点兵。马作的卢飞快，弓如霹雳弦惊。了却君王天下事，赢得生前身后名。可怜白发生！','[\"醉里挑灯看剑\", \"梦回吹角连营\", \"八百里分麾下炙\", \"五十弦翻塞外声\", \"沙场秋点兵\", \"马作的卢飞快\", \"弓如霹雳弦惊\", \"了却君王天下事\", \"赢得生前身后名\", \"可怜白发生\"]','[\"壮志\", \"战争\", \"词\"]',3,'人教版中小学+唐诗三百首扩展','2026-07-12 06:29:59'),(137,'西江月·夜行黄沙道中','辛弃疾','宋','明月别枝惊鹊，清风半夜鸣蝉。稻花香里说丰年，听取蛙声一片。七八个星天外，两三点雨山前。旧时茅店社林边，路转溪桥忽见。','[\"明月别枝惊鹊\", \"清风半夜鸣蝉\", \"稻花香里说丰年\", \"听取蛙声一片\", \"七八个星天外\", \"两三点雨山前\", \"旧时茅店社林边\", \"路转溪桥忽见\"]','[\"夏天\", \"田园\", \"词\"]',2,'人教版中小学+唐诗三百首扩展','2026-07-12 06:29:59'),(138,'沁园春·长沙·节选','毛泽东','现代','独立寒秋，湘江北去，橘子洲头。看万山红遍，层林尽染；漫江碧透，百舸争流。鹰击长空，鱼翔浅底，万类霜天竞自由。怅寥廓，问苍茫大地，谁主沉浮？','[\"独立寒秋\", \"湘江北去\", \"橘子洲头\", \"看万山红遍\", \"层林尽染\", \"漫江碧透\", \"百舸争流\", \"鹰击长空\", \"鱼翔浅底\", \"万类霜天竞自由\"]','[\"秋天\", \"壮志\", \"词\"]',3,'人教版中小学+唐诗三百首扩展','2026-07-12 06:29:59'),(139,'短歌行','曹操','汉','对酒当歌，人生几何！譬如朝露，去日苦多。慨当以慷，忧思难忘。何以解忧？唯有杜康。青青子衿，悠悠我心。但为君故，沉吟至今。呦呦鹿鸣，食野之苹。我有嘉宾，鼓瑟吹笙。','[\"对酒当歌\", \"人生几何\", \"譬如朝露\", \"去日苦多\", \"慨当以慷\", \"忧思难忘\", \"何以解忧\", \"唯有杜康\", \"青青子衿\", \"悠悠我心\"]','[\"建安\", \"壮志\", \"饮酒\"]',3,'人教版中小学+唐诗三百首扩展','2026-07-12 06:29:59'),(140,'归园田居·其一','陶渊明','晋','少无适俗韵，性本爱丘山。误落尘网中，一去三十年。羁鸟恋旧林，池鱼思故渊。开荒南野际，守拙归园田。方宅十余亩，草屋八九间。榆柳荫后檐，桃李罗堂前。','[\"少无适俗韵\", \"性本爱丘山\", \"误落尘网中\", \"一去三十年\", \"羁鸟恋旧林\", \"池鱼思故渊\", \"开荒南野际\", \"守拙归园田\", \"方宅十余亩\", \"草屋八九间\", \"榆柳荫后檐\", \"桃李罗堂前\"]','[\"田园\", \"隐居\"]',3,'人教版中小学+唐诗三百首扩展','2026-07-12 06:29:59'),(141,'梦游天姥吟留别·节选','李白','唐','海客谈瀛洲，烟涛微茫信难求。越人语天姥，云霞明灭或可睹。天姥连天向天横，势拔五岳掩赤城。天台四万八千丈，对此欲倒东南倾。安能摧眉折腰事权贵，使我不得开心颜！','[\"海客谈瀛洲\", \"烟涛微茫信难求\", \"越人语天姥\", \"云霞明灭或可睹\", \"天姥连天向天横\", \"势拔五岳掩赤城\", \"安能摧眉折腰事权贵\", \"使我不得开心颜\"]','[\"想象\", \"言志\"]',3,'人教版中小学+唐诗三百首扩展','2026-07-12 06:29:59'),(142,'蜀道难·节选','李白','唐','噫吁嚱，危乎高哉！蜀道之难，难于上青天！蚕丛及鱼凫，开国何茫然！尔来四万八千岁，不与秦塞通人烟。','[\"噫吁嚱\", \"危乎高哉\", \"蜀道之难\", \"难于上青天\", \"蚕丛及鱼凫\", \"开国何茫然\", \"尔来四万八千岁\", \"不与秦塞通人烟\"]','[\"蜀地\", \"壮志\"]',3,'人教版中小学+唐诗三百首扩展','2026-07-12 06:29:59'),(143,'蜀相','杜甫','唐','丞相祠堂何处寻？锦官城外柏森森。映阶碧草自春色，隔叶黄鹂空好音。三顾频烦天下计，两朝开济老臣心。出师未捷身先死，长使英雄泪满襟。','[\"丞相祠堂何处寻\", \"锦官城外柏森森\", \"映阶碧草自春色\", \"隔叶黄鹂空好音\", \"三顾频烦天下计\", \"两朝开济老臣心\", \"出师未捷身先死\", \"长使英雄泪满襟\"]','[\"诸葛亮\", \"怀古\"]',3,'人教版中小学+唐诗三百首扩展','2026-07-12 06:29:59'),(144,'客至','杜甫','唐','舍南舍北皆春水，但见群鸥日日来。花径不曾缘客扫，蓬门今始为君开。盘飧市远无兼味，樽酒家贫只旧醅。肯与邻翁相对饮，隔篱呼取尽余杯。','[\"舍南舍北皆春水\", \"但见群鸥日日来\", \"花径不曾缘客扫\", \"蓬门今始为君开\", \"盘飧市远无兼味\", \"樽酒家贫只旧醅\", \"肯与邻翁相对饮\", \"隔篱呼取尽余杯\"]','[\"待客\", \"闲适\"]',3,'人教版中小学+唐诗三百首扩展','2026-07-12 06:29:59'),(145,'登岳阳楼','杜甫','唐','昔闻洞庭水，今上岳阳楼。吴楚东南坼，乾坤日夜浮。亲朋无一字，老病有孤舟。戎马关山北，凭轩涕泗流。','[\"昔闻洞庭水\", \"今上岳阳楼\", \"吴楚东南坼\", \"乾坤日夜浮\", \"亲朋无一字\", \"老病有孤舟\", \"戎马关山北\", \"凭轩涕泗流\"]','[\"洞庭湖\", \"忧国\"]',3,'人教版中小学+唐诗三百首扩展','2026-07-12 06:29:59'),(146,'石头城','刘禹锡','唐','山围故国周遭在，潮打空城寂寞回。淮水东边旧时月，夜深还过女墙来。','[\"山围故国周遭在\", \"潮打空城寂寞回\", \"淮水东边旧时月\", \"夜深还过女墙来\"]','[\"怀古\", \"金陵\"]',3,'人教版中小学+唐诗三百首扩展','2026-07-12 06:29:59'),(147,'琵琶行·节选','白居易','唐','浔阳江头夜送客，枫叶荻花秋瑟瑟。主人下马客在船，举酒欲饮无管弦。醉不成欢惨将别，别时茫茫江浸月。千呼万唤始出来，犹抱琵琶半遮面。','[\"浔阳江头夜送客\", \"枫叶荻花秋瑟瑟\", \"主人下马客在船\", \"举酒欲饮无管弦\", \"千呼万唤始出来\", \"犹抱琵琶半遮面\"]','[\"音乐\", \"贬谪\", \"叙事\"]',3,'人教版中小学+唐诗三百首扩展','2026-07-12 06:29:59'),(148,'李凭箜篌引·节选','李贺','唐','吴丝蜀桐张高秋，空山凝云颓不流。江娥啼竹素女愁，李凭中国弹箜篌。昆山玉碎凤凰叫，芙蓉泣露香兰笑。','[\"吴丝蜀桐张高秋\", \"空山凝云颓不流\", \"江娥啼竹素女愁\", \"李凭中国弹箜篌\", \"昆山玉碎凤凰叫\", \"芙蓉泣露香兰笑\"]','[\"音乐\", \"想象\"]',3,'人教版中小学+唐诗三百首扩展','2026-07-12 06:29:59'),(149,'过华清宫·其一','杜牧','唐','长安回望绣成堆，山顶千门次第开。一骑红尘妃子笑，无人知是荔枝来。','[\"长安回望绣成堆\", \"山顶千门次第开\", \"一骑红尘妃子笑\", \"无人知是荔枝来\"]','[\"讽刺\", \"历史\"]',3,'人教版中小学+唐诗三百首扩展','2026-07-12 06:29:59'),(150,'菩萨蛮·小山重叠金明灭','温庭筠','唐','小山重叠金明灭，鬓云欲度香腮雪。懒起画蛾眉，弄妆梳洗迟。照花前后镜，花面交相映。新帖绣罗襦，双双金鹧鸪。','[\"小山重叠金明灭\", \"鬓云欲度香腮雪\", \"懒起画蛾眉\", \"弄妆梳洗迟\", \"照花前后镜\", \"花面交相映\", \"新帖绣罗襦\", \"双双金鹧鸪\"]','[\"闺怨\", \"词\"]',3,'人教版中小学+唐诗三百首扩展','2026-07-12 06:29:59'),(151,'虞美人·春花秋月何时了','李煜','五代','春花秋月何时了？往事知多少。小楼昨夜又东风，故国不堪回首月明中。雕栏玉砌应犹在，只是朱颜改。问君能有几多愁？恰似一江春水向东流。','[\"春花秋月何时了\", \"往事知多少\", \"小楼昨夜又东风\", \"故国不堪回首月明中\", \"雕栏玉砌应犹在\", \"只是朱颜改\", \"问君能有几多愁\", \"恰似一江春水向东流\"]','[\"亡国\", \"愁\", \"词\"]',3,'人教版中小学+唐诗三百首扩展','2026-07-12 06:29:59'),(152,'蝶恋花·槛菊愁烟兰泣露','晏殊','宋','槛菊愁烟兰泣露。罗幕轻寒，燕子双飞去。明月不谙离恨苦，斜光到晓穿朱户。昨夜西风凋碧树。独上高楼，望尽天涯路。欲寄彩笺兼尺素，山长水阔知何处？','[\"槛菊愁烟兰泣露\", \"罗幕轻寒\", \"燕子双飞去\", \"明月不谙离恨苦\", \"斜光到晓穿朱户\", \"昨夜西风凋碧树\", \"独上高楼\", \"望尽天涯路\", \"欲寄彩笺兼尺素\", \"山长水阔知何处\"]','[\"思念\", \"词\"]',3,'人教版中小学+唐诗三百首扩展','2026-07-12 06:29:59'),(153,'桂枝香·金陵怀古','王安石','宋','登临送目，正故国晚秋，天气初肃。千里澄江似练，翠峰如簇。归帆去棹残阳里，背西风、酒旗斜矗。彩舟云淡，星河鹭起，画图难足。','[\"登临送目\", \"正故国晚秋\", \"天气初肃\", \"千里澄江似练\", \"翠峰如簇\", \"归帆去棹残阳里\", \"背西风酒旗斜矗\", \"彩舟云淡\", \"星河鹭起\", \"画图难足\"]','[\"怀古\", \"金陵\", \"词\"]',3,'人教版中小学+唐诗三百首扩展','2026-07-12 06:29:59'),(154,'念奴娇·赤壁怀古','苏轼','宋','大江东去，浪淘尽，千古风流人物。故垒西边，人道是，三国周郎赤壁。乱石穿空，惊涛拍岸，卷起千堆雪。江山如画，一时多少豪杰。遥想公瑾当年，小乔初嫁了，雄姿英发。羽扇纶巾，谈笑间，樯橹灰飞烟灭。故国神游，多情应笑我，早生华发。人生如梦，一尊还酹江月。','[\"大江东去\", \"浪淘尽\", \"千古风流人物\", \"故垒西边人道是\", \"三国周郎赤壁\", \"乱石穿空\", \"惊涛拍岸\", \"卷起千堆雪\", \"江山如画\", \"一时多少豪杰\", \"遥想公瑾当年\", \"小乔初嫁了\", \"雄姿英发\", \"人生如梦\", \"一尊还酹江月\"]','[\"赤壁\", \"怀古\", \"壮志\", \"词\"]',3,'人教版中小学+唐诗三百首扩展','2026-07-12 06:29:59'),(155,'定风波·莫听穿林打叶声','苏轼','宋','莫听穿林打叶声，何妨吟啸且徐行。竹杖芒鞋轻胜马，谁怕？一蓑烟雨任平生。料峭春风吹酒醒，微冷，山头斜照却相迎。回首向来萧瑟处，归去，也无风雨也无晴。','[\"莫听穿林打叶声\", \"何妨吟啸且徐行\", \"竹杖芒鞋轻胜马\", \"一蓑烟雨任平生\", \"料峭春风吹酒醒\", \"山头斜照却相迎\", \"回首向来萧瑟处\", \"归去\", \"也无风雨也无晴\"]','[\"哲理\", \"旷达\", \"词\"]',3,'人教版中小学+唐诗三百首扩展','2026-07-12 06:29:59'),(156,'声声慢·寻寻觅觅','李清照','宋','寻寻觅觅，冷冷清清，凄凄惨惨戚戚。乍暖还寒时候，最难将息。三杯两盏淡酒，怎敌他、晚来风急？雁过也，正伤心，却是旧时相识。满地黄花堆积，憔悴损，如今有谁堪摘？守着窗儿，独自怎生得黑？梧桐更兼细雨，到黄昏、点点滴滴。这次第，怎一个愁字了得！','[\"寻寻觅觅\", \"冷冷清清\", \"凄凄惨惨戚戚\", \"乍暖还寒时候\", \"最难将息\", \"三杯两盏淡酒\", \"怎敌他晚来风急\", \"满地黄花堆积\", \"梧桐更兼细雨\", \"到黄昏点点滴滴\"]','[\"愁\", \"孤独\", \"词\"]',3,'人教版中小学+唐诗三百首扩展','2026-07-12 06:29:59'),(157,'永遇乐·京口北固亭怀古','辛弃疾','宋','千古江山，英雄无觅孙仲谋处。舞榭歌台，风流总被雨打风吹去。斜阳草树，寻常巷陌，人道寄奴曾住。想当年，金戈铁马，气吞万里如虎。','[\"千古江山\", \"英雄无觅孙仲谋处\", \"舞榭歌台\", \"风流总被雨打风吹去\", \"斜阳草树\", \"寻常巷陌\", \"人道寄奴曾住\", \"想当年\", \"金戈铁马\", \"气吞万里如虎\"]','[\"怀古\", \"壮志\", \"词\"]',3,'人教版中小学+唐诗三百首扩展','2026-07-12 06:30:00'),(158,'扬州慢·淮左名都·节选','姜夔','宋','淮左名都，竹西佳处，解鞍少驻初程。过春风十里，尽荠麦青青。自胡马窥江去后，废池乔木，犹厌言兵。','[\"淮左名都\", \"竹西佳处\", \"解鞍少驻初程\", \"过春风十里\", \"尽荠麦青青\", \"自胡马窥江去后\", \"废池乔木\", \"犹厌言兵\"]','[\"怀古\", \"扬州\", \"词\"]',3,'人教版中小学+唐诗三百首扩展','2026-07-12 06:30:00'),(159,'长恨歌·节选','白居易','唐','汉皇重色思倾国，御宇多年求不得。杨家有女初长成，养在深闺人未识。天生丽质难自弃，一朝选在君王侧。回眸一笑百媚生，六宫粉黛无颜色。在天愿作比翼鸟，在地愿为连理枝。天长地久有时尽，此恨绵绵无绝期。','[\"汉皇重色思倾国\", \"御宇多年求不得\", \"杨家有女初长成\", \"养在深闺人未识\", \"天生丽质难自弃\", \"一朝选在君王侧\", \"回眸一笑百媚生\", \"六宫粉黛无颜色\", \"在天愿作比翼鸟\", \"在地愿为连理枝\", \"天长地久有时尽\", \"此恨绵绵无绝期\"]','[\"爱情\", \"叙事\", \"杨贵妃\"]',3,'人教版中小学+唐诗三百首扩展','2026-07-12 06:30:00'),(160,'春江花月夜·节选','张若虚','唐','春江潮水连海平，海上明月共潮生。滟滟随波千万里，何处春江无月明！江畔何人初见月？江月何年初照人？人生代代无穷已，江月年年望相似。不知江月待何人，但见长江送流水。','[\"春江潮水连海平\", \"海上明月共潮生\", \"滟滟随波千万里\", \"何处春江无月明\", \"江畔何人初见月\", \"江月何年初照人\", \"人生代代无穷已\", \"江月年年望相似\", \"不知江月待何人\", \"但见长江送流水\"]','[\"月亮\", \"春天\", \"哲理\"]',3,'人教版中小学+唐诗三百首扩展','2026-07-12 06:30:00'),(161,'代悲白头翁·节选','刘希夷','唐','洛阳城东桃李花，飞来飞去落谁家？洛阳女儿好颜色，坐见落花长叹息。今年花落颜色改，明年花开复谁在？年年岁岁花相似，岁岁年年人不同。','[\"洛阳城东桃李花\", \"飞来飞去落谁家\", \"今年花落颜色改\", \"明年花开复谁在\", \"年年岁岁花相似\", \"岁岁年年人不同\"]','[\"感慨\", \"惜时\"]',3,'人教版中小学+唐诗三百首扩展','2026-07-12 06:30:00'),(162,'登幽州台歌','陈子昂','唐','前不见古人，后不见来者。念天地之悠悠，独怆然而涕下。','[\"前不见古人\", \"后不见来者\", \"念天地之悠悠\", \"独怆然而涕下\"]','[\"孤独\", \"壮志\"]',1,'人教版中小学+唐诗三百首扩展','2026-07-12 06:30:00'),(163,'凉州词·补充','王翰','唐','葡萄美酒夜光杯，欲饮琵琶马上催。醉卧沙场君莫笑，古来征战几人回？','[\"葡萄美酒夜光杯\", \"欲饮琵琶马上催\", \"醉卧沙场君莫笑\", \"古来征战几人回\"]','[\"边塞\", \"饮酒\"]',2,'人教版中小学+唐诗三百首扩展','2026-07-12 06:30:00'),(164,'燕歌行·节选','高适','唐','汉家烟尘在东北，汉将辞家破残贼。男儿本自重横行，天子非常赐颜色。战士军前半死生，美人帐下犹歌舞。','[\"汉家烟尘在东北\", \"汉将辞家破残贼\", \"男儿本自重横行\", \"天子非常赐颜色\", \"战士军前半死生\", \"美人帐下犹歌舞\"]','[\"边塞\", \"战争\"]',3,'人教版中小学+唐诗三百首扩展','2026-07-12 06:30:00'),(165,'古从军行','李颀','唐','白日登山望烽火，黄昏饮马傍交河。行人刁斗风沙暗，公主琵琶幽怨多。','[\"白日登山望烽火\", \"黄昏饮马傍交河\", \"行人刁斗风沙暗\", \"公主琵琶幽怨多\"]','[\"边塞\", \"战争\"]',3,'人教版中小学+唐诗三百首扩展','2026-07-12 06:30:00'),(166,'送魏万之京','李颀','唐','朝闻游子唱离歌，昨夜微霜初渡河。鸿雁不堪愁里听，云山况是客中过。','[\"朝闻游子唱离歌\", \"昨夜微霜初渡河\", \"鸿雁不堪愁里听\", \"云山况是客中过\"]','[\"送别\"]',3,'人教版中小学+唐诗三百首扩展','2026-07-12 06:30:00'),(167,'古意','李颀','唐','男儿事长征，少小幽燕客。赌胜马蹄下，由来轻七尺。','[\"男儿事长征\", \"少小幽燕客\", \"赌胜马蹄下\", \"由来轻七尺\"]','[\"边塞\", \"壮士\"]',3,'人教版中小学+唐诗三百首扩展','2026-07-12 06:30:00'),(168,'送陈章甫','李颀','唐','四月南风大麦黄，枣花未落桐叶长。青山朝别暮还见，嘶马出门思旧乡。','[\"四月南风大麦黄\", \"枣花未落桐叶长\", \"青山朝别暮还见\", \"嘶马出门思旧乡\"]','[\"送别\"]',3,'人教版中小学+唐诗三百首扩展','2026-07-12 06:30:00'),(169,'琴歌','李颀','唐','主人有酒欢今夕，请奏鸣琴广陵客。月照城头乌半飞，霜凄万木风入衣。','[\"主人有酒欢今夕\", \"请奏鸣琴广陵客\", \"月照城头乌半飞\", \"霜凄万木风入衣\"]','[\"音乐\"]',3,'人教版中小学+唐诗三百首扩展','2026-07-12 06:30:00'),(170,'听董大弹胡笳声兼寄语弄房给事','李颀','唐','蔡女昔造胡笳声，一弹一十有八拍。胡人落泪沾边草，汉使断肠对归客。','[\"蔡女昔造胡笳声\", \"一弹一十有八拍\", \"胡人落泪沾边草\", \"汉使断肠对归客\"]','[\"音乐\"]',3,'人教版中小学+唐诗三百首扩展','2026-07-12 06:30:00'),(171,'听安万善吹觱篥歌','李颀','唐','南山截竹为觱篥，此乐本自龟兹出。流传汉地曲转奇，凉州胡人为我吹。','[\"南山截竹为觱篥\", \"此乐本自龟兹出\", \"流传汉地曲转奇\", \"凉州胡人为我吹\"]','[\"音乐\"]',3,'人教版中小学+唐诗三百首扩展','2026-07-12 06:30:00'),(172,'夜归鹿门歌','孟浩然','唐','山寺钟鸣昼已昏，渔梁渡头争渡喧。人随沙岸向江村，余亦乘舟归鹿门。','[\"山寺钟鸣昼已昏\", \"渔梁渡头争渡喧\", \"人随沙岸向江村\", \"余亦乘舟归鹿门\"]','[\"隐居\", \"山水\"]',2,'人教版中小学+唐诗三百首扩展','2026-07-12 06:30:00'),(173,'庐山谣寄卢侍御虚舟·节选','李白','唐','我本楚狂人，凤歌笑孔丘。手持绿玉杖，朝别黄鹤楼。五岳寻仙不辞远，一生好入名山游。','[\"我本楚狂人\", \"凤歌笑孔丘\", \"手持绿玉杖\", \"朝别黄鹤楼\", \"五岳寻仙不辞远\", \"一生好入名山游\"]','[\"山水\", \"狂放\"]',3,'人教版中小学+唐诗三百首扩展','2026-07-12 06:30:00'),(174,'秋登宣城谢脁北楼','李白','唐','江城如画里，山晓望晴空。两水夹明镜，双桥落彩虹。','[\"江城如画里\", \"山晓望晴空\", \"两水夹明镜\", \"双桥落彩虹\"]','[\"写景\", \"秋天\"]',3,'人教版中小学+唐诗三百首扩展','2026-07-12 06:30:00'),(175,'宣州谢脁楼饯别校书叔云','李白','唐','弃我去者昨日之日不可留，乱我心者今日之日多烦忧。长风万里送秋雁，对此可以酣高楼。蓬莱文章建安骨，中间小谢又清发。俱怀逸兴壮思飞，欲上青天揽明月。抽刀断水水更流，举杯消愁愁更愁。人生在世不称意，明朝散发弄扁舟。','[\"弃我去者昨日之日不可留\", \"乱我心者今日之日多烦忧\", \"长风万里送秋雁\", \"对此可以酣高楼\", \"抽刀断水水更流\", \"举杯消愁愁更愁\", \"人生在世不称意\", \"明朝散发弄扁舟\"]','[\"愁绪\", \"壮志\"]',3,'人教版中小学+唐诗三百首扩展','2026-07-12 06:30:00'),(176,'走马川行奉送封大夫出师西征·节选','岑参','唐','君不见走马川行雪海边，平沙莽莽黄入天。轮台九月风夜吼，一川碎石大如斗，随风满地石乱走。','[\"君不见走马川行雪海边\", \"平沙莽莽黄入天\", \"轮台九月风夜吼\", \"一川碎石大如斗\", \"随风满地石乱走\"]','[\"边塞\", \"风雪\"]',3,'人教版中小学+唐诗三百首扩展','2026-07-12 06:30:00'),(177,'月夜','刘方平','唐','更深月色半人家，北斗阑干南斗斜。今夜偏知春气暖，虫声新透绿窗纱。','[\"更深月色半人家\", \"北斗阑干南斗斜\", \"今夜偏知春气暖\", \"虫声新透绿窗纱\"]','[\"春天\", \"月夜\"]',2,'人教版中小学+唐诗三百首扩展','2026-07-12 06:30:00'),(178,'春怨','刘方平','唐','纱窗日落渐黄昏，金屋无人见泪痕。寂寞空庭春欲晚，梨花满地不开门。','[\"纱窗日落渐黄昏\", \"金屋无人见泪痕\", \"寂寞空庭春欲晚\", \"梨花满地不开门\"]','[\"闺怨\", \"春天\"]',2,'人教版中小学+唐诗三百首扩展','2026-07-12 06:30:00'),(179,'江南曲','李益','唐','嫁得瞿塘贾，朝朝误妾期。早知潮有信，嫁与弄潮儿。','[\"嫁得瞿塘贾\", \"朝朝误妾期\", \"早知潮有信\", \"嫁与弄潮儿\"]','[\"闺怨\", \"商人\"]',2,'人教版中小学+唐诗三百首扩展','2026-07-12 06:30:00'),(180,'夜上受降城闻笛','李益','唐','回乐烽前沙似雪，受降城外月如霜。不知何处吹芦管，一夜征人尽望乡。','[\"回乐烽前沙似雪\", \"受降城外月如霜\", \"不知何处吹芦管\", \"一夜征人尽望乡\"]','[\"边塞\", \"思乡\"]',2,'人教版中小学+唐诗三百首扩展','2026-07-12 06:30:00'),(181,'宫词','顾况','唐','玉楼天半起笙歌，风送宫嫔笑语和。月殿影开闻夜漏，水晶帘卷近秋河。','[\"玉楼天半起笙歌\", \"风送宫嫔笑语和\", \"月殿影开闻夜漏\", \"水晶帘卷近秋河\"]','[\"宫廷\"]',3,'人教版中小学+唐诗三百首扩展','2026-07-12 06:30:00'),(182,'桃花溪','张旭','唐','隐隐飞桥隔野烟，石矶西畔问渔船。桃花尽日随流水，洞在清溪何处边。','[\"隐隐飞桥隔野烟\", \"石矶西畔问渔船\", \"桃花尽日随流水\", \"洞在清溪何处边\"]','[\"写景\", \"桃源\"]',2,'人教版中小学+唐诗三百首扩展','2026-07-12 06:30:00'),(183,'九月十日即事','李白','唐','昨日登高罢，今朝再举觞。菊花何太苦，遭此两重阳。','[\"昨日登高罢\", \"今朝再举觞\", \"菊花何太苦\", \"遭此两重阳\"]','[\"重阳\", \"菊花\"]',2,'人教版中小学+唐诗三百首扩展','2026-07-12 06:30:00'),(184,'军城早秋','严武','唐','昨夜秋风入汉关，朔云边月满西山。更催飞将追骄虏，莫遣沙场匹马还。','[\"昨夜秋风入汉关\", \"朔云边月满西山\", \"更催飞将追骄虏\", \"莫遣沙场匹马还\"]','[\"边塞\", \"秋天\"]',2,'人教版中小学+唐诗三百首扩展','2026-07-12 06:30:00'),(185,'春行即兴','李华','唐','宜阳城下草萋萋，涧水东流复向西。芳树无人花自落，春山一路鸟空啼。','[\"宜阳城下草萋萋\", \"涧水东流复向西\", \"芳树无人花自落\", \"春山一路鸟空啼\"]','[\"春天\", \"荒凉\"]',2,'人教版中小学+唐诗三百首扩展','2026-07-12 06:30:00'),(186,'华清宫','吴融','唐','四郊飞雪暗云端，唯此宫中落旋干。绿树碧檐相掩映，无人知道外边寒。','[\"四郊飞雪暗云端\", \"唯此宫中落旋干\", \"绿树碧檐相掩映\", \"无人知道外边寒\"]','[\"讽刺\", \"宫廷\"]',2,'人教版中小学+唐诗三百首扩展','2026-07-12 06:30:00'),(187,'塞上听吹笛','高适','唐','雪净胡天牧马还，月明羌笛戍楼间。借问梅花何处落，风吹一夜满关山。','[\"雪净胡天牧马还\", \"月明羌笛戍楼间\", \"借问梅花何处落\", \"风吹一夜满关山\"]','[\"边塞\", \"音乐\"]',2,'人教版中小学+唐诗三百首扩展','2026-07-12 06:30:00'),(188,'除夜作','高适','唐','旅馆寒灯独不眠，客心何事转凄然。故乡今夜思千里，霜鬓明朝又一年。','[\"旅馆寒灯独不眠\", \"客心何事转凄然\", \"故乡今夜思千里\", \"霜鬓明朝又一年\"]','[\"除夕\", \"思乡\"]',2,'人教版中小学+唐诗三百首扩展','2026-07-12 06:30:00'),(189,'落花','严恽','唐','春光冉冉归何处，落花满川烟霭暮。尽日问花花不语，为谁零落为谁开。','[\"春光冉冉归何处\", \"落花满川烟霭暮\", \"尽日问花花不语\", \"为谁零落为谁开\"]','[\"惜春\", \"落花\"]',2,'人教版中小学+唐诗三百首扩展','2026-07-12 06:30:00'),(190,'春泛若耶溪','綦毋潜','唐','幽意无断绝，此去随所偶。晚风吹行舟，花路入溪口。','[\"幽意无断绝\", \"此去随所偶\", \"晚风吹行舟\", \"花路入溪口\"]','[\"山水\", \"闲适\"]',3,'人教版中小学+唐诗三百首扩展','2026-07-12 06:30:00'),(191,'宿王昌龄隐居','常建','唐','清溪深不测，隐处唯孤云。松际露微月，清光犹为君。','[\"清溪深不测\", \"隐处唯孤云\", \"松际露微月\", \"清光犹为君\"]','[\"隐居\", \"友情\"]',3,'人教版中小学+唐诗三百首扩展','2026-07-12 06:30:00'),(192,'题破山寺后禅院','常建','唐','清晨入古寺，初日照高林。曲径通幽处，禅房花木深。山光悦鸟性，潭影空人心。万籁此都寂，但余钟磬音。','[\"清晨入古寺\", \"初日照高林\", \"曲径通幽处\", \"禅房花木深\", \"山光悦鸟性\", \"潭影空人心\", \"万籁此都寂\", \"但余钟磬音\"]','[\"禅意\", \"山水\"]',3,'人教版中小学+唐诗三百首扩展','2026-07-12 06:30:00'),(193,'与高适薛据同登慈恩寺浮图·节选','岑参','唐','塔势如涌出，孤高耸天宫。登临出世界，磴道盘虚空。','[\"塔势如涌出\", \"孤高耸天宫\", \"登临出世界\", \"磴道盘虚空\"]','[\"写景\", \"登塔\"]',3,'人教版中小学+唐诗三百首扩展','2026-07-12 06:30:00'),(194,'寄左省杜拾遗','岑参','唐','联步趋丹陛，分曹限紫微。晓随天仗入，暮惹御香归。','[\"联步趋丹陛\", \"分曹限紫微\", \"晓随天仗入\", \"暮惹御香归\"]','[\"官场\", \"友情\"]',3,'人教版中小学+唐诗三百首扩展','2026-07-12 06:30:00'),(195,'贼退示官吏·节选','元结','唐','昔岁逢太平，山林二十年。泉源在庭户，洞壑当门前。','[\"昔岁逢太平\", \"山林二十年\", \"泉源在庭户\", \"洞壑当门前\"]','[\"社会\", \"感慨\"]',3,'人教版中小学+唐诗三百首扩展','2026-07-12 06:30:00'),(196,'郡斋雨中与文书交燕','韦应物','唐','兵卫森画戟，宴寝凝清香。海上风雨至，逍遥池阁凉。','[\"兵卫森画戟\", \"宴寝凝清香\", \"海上风雨至\", \"逍遥池阁凉\"]','[\"官场\", \"闲适\"]',3,'人教版中小学+唐诗三百首扩展','2026-07-12 06:30:00'),(197,'初发扬子寄元大校书','韦应物','唐','凄凄去亲爱，泛泛入烟雾。归棹洛阳人，残钟广陵树。','[\"凄凄去亲爱\", \"泛泛入烟雾\", \"归棹洛阳人\", \"残钟广陵树\"]','[\"送别\"]',3,'人教版中小学+唐诗三百首扩展','2026-07-12 06:30:00'),(198,'寄全椒山中道士','韦应物','唐','今朝郡斋冷，忽念山中客。涧底束荆薪，归来煮白石。','[\"今朝郡斋冷\", \"忽念山中客\", \"涧底束荆薪\", \"归来煮白石\"]','[\"友情\", \"道士\"]',3,'人教版中小学+唐诗三百首扩展','2026-07-12 06:30:00'),(199,'长安遇冯著','韦应物','唐','客从东方来，衣上灞陵雨。问客何为来，愁人不如故。','[\"客从东方来\", \"衣上灞陵雨\", \"问客何为来\", \"愁人不如故\"]','[\"友情\"]',3,'人教版中小学+唐诗三百首扩展','2026-07-12 06:30:00'),(200,'夕次盱眙县','韦应物','唐','落帆逗淮镇，停舫临孤驿。浩浩风起波，冥冥日沉夕。','[\"落帆逗淮镇\", \"停舫临孤驿\", \"浩浩风起波\", \"冥冥日沉夕\"]','[\"旅途\", \"写景\"]',3,'人教版中小学+唐诗三百首扩展','2026-07-12 06:30:00'),(201,'东郊','韦应物','唐','吏舍跼终年，出郊旷清曙。杨柳散和风，青山澹吾虑。','[\"吏舍跼终年\", \"出郊旷清曙\", \"杨柳散和风\", \"青山澹吾虑\"]','[\"郊游\", \"闲适\"]',3,'人教版中小学+唐诗三百首扩展','2026-07-12 06:30:00'),(202,'送杨氏女','韦应物','唐','永日方戚戚，出行复悠悠。女子今有行，大江溯轻舟。','[\"永日方戚戚\", \"出行复悠悠\", \"女子今有行\", \"大江溯轻舟\"]','[\"送别\", \"亲情\"]',3,'人教版中小学+唐诗三百首扩展','2026-07-12 06:30:00'),(203,'淮上喜会梁川故人','韦应物','唐','江汉曾为客，相逢每醉还。浮云一别后，流水十年间。','[\"江汉曾为客\", \"相逢每醉还\", \"浮云一别后\", \"流水十年间\"]','[\"友情\", \"重逢\"]',2,'人教版中小学+唐诗三百首扩展','2026-07-12 06:30:00'),(204,'赋得暮雨送李胄','韦应物','唐','楚江微雨里，建业暮钟时。漠漠帆来重，冥冥鸟去迟。','[\"楚江微雨里\", \"建业暮钟时\", \"漠漠帆来重\", \"冥冥鸟去迟\"]','[\"送别\", \"雨\"]',3,'人教版中小学+唐诗三百首扩展','2026-07-12 06:30:00'),(205,'酬程延秋夜即事见赠','韩翃','唐','长簟迎风早，空城澹月华。星河秋一雁，砧杵夜千家。','[\"长簟迎风早\", \"空城澹月华\", \"星河秋一雁\", \"砧杵夜千家\"]','[\"秋天\", \"友情\"]',3,'人教版中小学+唐诗三百首扩展','2026-07-12 06:30:00'),(206,'酬程近秋夜即事见赠','韩翃','唐','长簟迎风早，空城淡月华。星河秋一雁，砧杵夜千家。节候看应晚，心期卧已赊。','[\"长簟迎风早\", \"空城淡月华\", \"星河秋一雁\", \"砧杵夜千家\", \"节候看应晚\", \"心期卧已赊\"]','[\"秋天\", \"友情\"]',3,'人教版中小学+唐诗三百首扩展','2026-07-12 06:30:00'),(207,'寒食','韩翃','唐','春城无处不飞花，寒食东风御柳斜。日暮汉宫传蜡烛，轻烟散入五侯家。','[\"春城无处不飞花\", \"寒食东风御柳斜\", \"日暮汉宫传蜡烛\", \"轻烟散入五侯家\"]','[\"寒食\", \"讽刺\"]',2,'人教版中小学+唐诗三百首扩展','2026-07-12 06:30:00'),(208,'同题仙游观','韩翃','唐','仙台初见五城楼，风物凄凄宿雨收。山色遥连秦树晚，砧声近报汉宫秋。','[\"仙台初见五城楼\", \"风物凄凄宿雨收\", \"山色遥连秦树晚\", \"砧声近报汉宫秋\"]','[\"道观\", \"秋天\"]',3,'人教版中小学+唐诗三百首扩展','2026-07-12 06:30:00'),(209,'春思','皇甫冉','唐','莺啼燕语报新年，马邑龙堆路数千。家住层城临汉苑，心随明月到胡天。','[\"莺啼燕语报新年\", \"马邑龙堆路数千\", \"家住层城临汉苑\", \"心随明月到胡天\"]','[\"春天\", \"思妇\"]',3,'人教版中小学+唐诗三百首扩展','2026-07-12 06:30:00'),(210,'滁州西涧','韦应物','唐','独怜幽草涧边生，上有黄鹂深树鸣。春潮带雨晚来急，野渡无人舟自横。','[\"独怜幽草涧边生\", \"上有黄鹂深树鸣\", \"春潮带雨晚来急\", \"野渡无人舟自横\"]','[\"春天\", \"写景\", \"闲适\"]',1,'人教版中小学+唐诗三百首扩展','2026-07-12 06:30:00'),(211,'台城','韦庄','唐','江雨霏霏江草齐，六朝如梦鸟空啼。无情最是台城柳，依旧烟笼十里堤。','[\"江雨霏霏江草齐\", \"六朝如梦鸟空啼\", \"无情最是台城柳\", \"依旧烟笼十里堤\"]','[\"怀古\", \"金陵\"]',3,'人教版中小学+唐诗三百首扩展','2026-07-12 06:30:00'),(212,'金谷园','杜牧','唐','繁华事散逐香尘，流水无情草自春。日暮东风怨啼鸟，落花犹似坠楼人。','[\"繁华事散逐香尘\", \"流水无情草自春\", \"日暮东风怨啼鸟\", \"落花犹似坠楼人\"]','[\"怀古\", \"落花\"]',3,'人教版中小学+唐诗三百首扩展','2026-07-12 06:30:00'),(213,'赠别·其一','杜牧','唐','娉娉袅袅十三余，豆蔻梢头二月初。春风十里扬州路，卷上珠帘总不如。','[\"娉娉袅袅十三余\", \"豆蔻梢头二月初\", \"春风十里扬州路\", \"卷上珠帘总不如\"]','[\"赠别\", \"扬州\"]',2,'人教版中小学+唐诗三百首扩展','2026-07-12 06:30:00'),(214,'赠别·其二','杜牧','唐','多情却似总无情，唯觉樽前笑不成。蜡烛有心还惜别，替人垂泪到天明。','[\"多情却似总无情\", \"唯觉樽前笑不成\", \"蜡烛有心还惜别\", \"替人垂泪到天明\"]','[\"赠别\", \"离愁\"]',2,'人教版中小学+唐诗三百首扩展','2026-07-12 06:30:00'),(215,'秋夕','杜牧','唐','银烛秋光冷画屏，轻罗小扇扑流萤。天阶夜色凉如水，坐看牵牛织女星。','[\"银烛秋光冷画屏\", \"轻罗小扇扑流萤\", \"天阶夜色凉如水\", \"坐看牵牛织女星\"]','[\"秋天\", \"七夕\", \"宫怨\"]',2,'人教版中小学+唐诗三百首扩展','2026-07-12 06:30:00'),(216,'瑶瑟怨','温庭筠','唐','冰簟银床梦不成，碧天如水夜云轻。雁声远过潇湘去，十二楼中月自明。','[\"冰簟银床梦不成\", \"碧天如水夜云轻\", \"雁声远过潇湘去\", \"十二楼中月自明\"]','[\"闺怨\", \"秋天\"]',3,'人教版中小学+唐诗三百首扩展','2026-07-12 06:30:00'),(217,'商山早行','温庭筠','唐','晨起动征铎，客行悲故乡。鸡声茅店月，人迹板桥霜。','[\"晨起动征铎\", \"客行悲故乡\", \"鸡声茅店月\", \"人迹板桥霜\"]','[\"旅途\", \"思乡\"]',2,'人教版中小学+唐诗三百首扩展','2026-07-12 06:30:00'),(218,'苏武庙','温庭筠','唐','苏武魂销汉使前，古祠高树两茫然。云边雁断胡天月，陇上羊归塞草烟。','[\"苏武魂销汉使前\", \"古祠高树两茫然\", \"云边雁断胡天月\", \"陇上羊归塞草烟\"]','[\"怀古\", \"苏武\"]',3,'人教版中小学+唐诗三百首扩展','2026-07-12 06:30:00'),(219,'隋宫','李商隐','唐','紫泉宫殿锁烟霞，欲取芜城作帝家。玉玺不缘归日角，锦帆应是到天涯。','[\"紫泉宫殿锁烟霞\", \"欲取芜城作帝家\", \"玉玺不缘归日角\", \"锦帆应是到天涯\"]','[\"怀古\", \"隋炀帝\"]',3,'人教版中小学+唐诗三百首扩展','2026-07-12 06:30:00'),(220,'筹笔驿','李商隐','唐','猿鸟犹疑畏简书，风云常为护储胥。徒令上将挥神笔，终见降王走传车。','[\"猿鸟犹疑畏简书\", \"风云常为护储胥\", \"徒令上将挥神笔\", \"终见降王走传车\"]','[\"怀古\", \"诸葛亮\"]',3,'人教版中小学+唐诗三百首扩展','2026-07-12 06:30:00'),(221,'无题·重帏深下莫愁堂','李商隐','唐','重帏深下莫愁堂，卧后清宵细细长。神女生涯原是梦，小姑居处本无郎。','[\"重帏深下莫愁堂\", \"卧后清宵细细长\", \"神女生涯原是梦\", \"小姑居处本无郎\"]','[\"无题\", \"闺怨\"]',3,'人教版中小学+唐诗三百首扩展','2026-07-12 06:30:00'),(222,'春雨','李商隐','唐','怅卧新春白袷衣，白门寥落意多违。红楼隔雨相望冷，珠箔飘灯独自归。','[\"怅卧新春白袷衣\", \"白门寥落意多违\", \"红楼隔雨相望冷\", \"珠箔飘灯独自归\"]','[\"春雨\", \"思念\"]',3,'人教版中小学+唐诗三百首扩展','2026-07-12 06:30:00'),(223,'夜泊牛渚怀古','李白','唐','牛渚西江夜，青天无片云。登舟望秋月，空忆谢将军。余亦能高咏，斯人不可闻。明朝挂帆席，枫叶落纷纷。','[\"牛渚西江夜\", \"青天无片云\", \"登舟望秋月\", \"空忆谢将军\", \"余亦能高咏\", \"斯人不可闻\", \"明朝挂帆席\", \"枫叶落纷纷\"]','[\"怀古\", \"秋天\"]',3,'人教版中小学+唐诗三百首扩展','2026-07-12 06:30:01'),(224,'登乐游原','李商隐','唐','向晚意不适，驱车登古原。夕阳无限好，只是近黄昏。','[\"向晚意不适\", \"驱车登古原\", \"夕阳无限好\", \"只是近黄昏\"]','[\"感慨\", \"夕阳\"]',1,'人教版中小学+唐诗三百首扩展','2026-07-12 06:30:01'),(225,'送友人','李白','唐','青山横北郭，白水绕东城。此地一为别，孤蓬万里征。浮云游子意，落日故人情。挥手自兹去，萧萧班马鸣。','[\"青山横北郭\", \"白水绕东城\", \"此地一为别\", \"孤蓬万里征\", \"浮云游子意\", \"落日故人情\", \"挥手自兹去\", \"萧萧班马鸣\"]','[\"送别\", \"友情\"]',2,'人教版中小学+唐诗三百首扩展','2026-07-12 06:30:01'),(226,'听蜀僧濬弹琴','李白','唐','蜀僧抱绿绮，西下峨眉峰。为我一挥手，如听万壑松。','[\"蜀僧抱绿绮\", \"西下峨眉峰\", \"为我一挥手\", \"如听万壑松\"]','[\"音乐\", \"友情\"]',2,'人教版中小学+唐诗三百首扩展','2026-07-12 06:30:01'),(227,'渡荆门送别','李白','唐','渡远荆门外，来从楚国游。山随平野尽，江入大荒流。月下飞天镜，云生结海楼。仍怜故乡水，万里送行舟。','[\"渡远荆门外\", \"来从楚国游\", \"山随平野尽\", \"江入大荒流\", \"月下飞天镜\", \"云生结海楼\", \"仍怜故乡水\", \"万里送行舟\"]','[\"旅途\", \"写景\", \"思乡\"]',2,'人教版中小学+唐诗三百首扩展','2026-07-12 06:30:01'),(228,'喜见外弟又言别','李益','唐','十年离乱后，长大一相逢。问姓惊初见，称名忆旧容。','[\"十年离乱后\", \"长大一相逢\", \"问姓惊初见\", \"称名忆旧容\"]','[\"重逢\", \"战乱\"]',3,'人教版中小学+唐诗三百首扩展','2026-07-12 06:30:01'),(229,'云阳馆与韩绅宿别','司空曙','唐','故人江海别，几度隔山川。乍见翻疑梦，相悲各问年。','[\"故人江海别\", \"几度隔山川\", \"乍见翻疑梦\", \"相悲各问年\"]','[\"重逢\", \"友情\"]',3,'人教版中小学+唐诗三百首扩展','2026-07-12 06:30:01'),(230,'贼平后送人北归','司空曙','唐','世乱同南去，时清独北还。他乡生白发，旧国见青山。','[\"世乱同南去\", \"时清独北还\", \"他乡生白发\", \"旧国见青山\"]','[\"送别\", \"战乱\"]',3,'人教版中小学+唐诗三百首扩展','2026-07-12 06:30:01'),(231,'喜外弟卢纶见宿','司空曙','唐','静夜四无邻，荒居旧业贫。雨中黄叶树，灯下白头人。','[\"静夜四无邻\", \"荒居旧业贫\", \"雨中黄叶树\", \"灯下白头人\"]','[\"友情\", \"贫寒\"]',3,'人教版中小学+唐诗三百首扩展','2026-07-12 06:30:01'),(232,'后宫词','白居易','唐','泪湿罗巾梦不成，夜深前殿按歌声。红颜未老恩先断，斜倚熏笼坐到明。','[\"泪湿罗巾梦不成\", \"夜深前殿按歌声\", \"红颜未老恩先断\", \"斜倚熏笼坐到明\"]','[\"宫怨\"]',2,'人教版中小学+唐诗三百首扩展','2026-07-12 06:30:01'),(233,'登柳州城楼寄漳汀封连四州','柳宗元','唐','城上高楼接大荒，海天愁思正茫茫。惊风乱飐芙蓉水，密雨斜侵薜荔墙。','[\"城上高楼接大荒\", \"海天愁思正茫茫\", \"惊风乱飐芙蓉水\", \"密雨斜侵薜荔墙\"]','[\"贬谪\", \"愁\"]',3,'人教版中小学+唐诗三百首扩展','2026-07-12 06:30:01'),(234,'溪居','柳宗元','唐','久为簪组累，幸此南夷谪。闲依农圃邻，偶似山林客。','[\"久为簪组累\", \"幸此南夷谪\", \"闲依农圃邻\", \"偶似山林客\"]','[\"贬谪\", \"田园\"]',3,'人教版中小学+唐诗三百首扩展','2026-07-12 06:30:01'),(235,'西塞山怀古','刘禹锡','唐','王濬楼船下益州，金陵王气黯然收。千寻铁锁沉江底，一片降幡出石头。','[\"王濬楼船下益州\", \"金陵王气黯然收\", \"千寻铁锁沉江底\", \"一片降幡出石头\"]','[\"怀古\", \"金陵\"]',3,'人教版中小学+唐诗三百首扩展','2026-07-12 06:30:01'),(236,'蜀先主庙','刘禹锡','唐','天下英雄气，千秋尚凛然。势分三足鼎，业复五铢钱。','[\"天下英雄气\", \"千秋尚凛然\", \"势分三足鼎\", \"业复五铢钱\"]','[\"怀古\", \"刘备\"]',3,'人教版中小学+唐诗三百首扩展','2026-07-12 06:30:01');

--
-- Table structure for table `questions`
--

CREATE TABLE `questions` (
  `id` bigint unsigned NOT NULL AUTO_INCREMENT,
  `poem_id` bigint unsigned NOT NULL,
  `type` varchar(32) COLLATE utf8mb4_unicode_ci NOT NULL,
  `prompt` text COLLATE utf8mb4_unicode_ci NOT NULL,
  `options` json DEFAULT NULL,
  `answer` json NOT NULL,
  `explanation` text COLLATE utf8mb4_unicode_ci,
  `difficulty` tinyint NOT NULL DEFAULT '2',
  `enabled` tinyint(1) NOT NULL DEFAULT '1',
  `created_at` timestamp NOT NULL DEFAULT CURRENT_TIMESTAMP,
  PRIMARY KEY (`id`),
  KEY `idx_poem` (`poem_id`),
  KEY `idx_type_enabled` (`type`,`enabled`),
  CONSTRAINT `fk_question_poem` FOREIGN KEY (`poem_id`) REFERENCES `poems` (`id`) ON DELETE CASCADE
) ENGINE=InnoDB AUTO_INCREMENT=769 DEFAULT CHARSET=utf8mb4 COLLATE=utf8mb4_unicode_ci;

--
-- Dumping data for table `questions`
--

INSERT INTO `questions` VALUES (1,1,'fill_blank','补全下列诗句中缺失的一句（李白《静夜思》）：\n＿＿＿，疑是地上霜，举头望明月，低头思故乡。','[\"床前明月光\", \"绿树村边合\", \"浑欲不胜簪\", \"邀我至田家\"]','{\"index\": 0, \"value\": \"床前明月光\"}','原句：床前明月光。选自 李白《静夜思》。',1,1,'2026-07-10 07:39:51'),(2,1,'guess_author','以下诗句出自哪位诗人？\n\"床前明月光，疑是地上霜。\"','[\"孟浩然\", \"王昌龄\", \"贺知章\", \"李白\"]','{\"index\": 3, \"value\": \"李白\"}','出自 李白《静夜思》。',1,1,'2026-07-10 07:39:51'),(3,1,'guess_title','以下诗句出自哪首诗？\n\"床前明月光，疑是地上霜。\"（作者：李白）','[\"静夜思\", \"过故人庄\", \"出塞\", \"赠汪伦\"]','{\"index\": 0, \"value\": \"静夜思\"}','出自 李白《静夜思》。',1,1,'2026-07-10 07:39:51'),(4,1,'choose_next_line','\"疑是地上霜\"的下一句是？（李白《静夜思》）','[\"牧童遥指杏花村\", \"万里悲秋常作客\", \"独在异乡为异客\", \"举头望明月\"]','{\"index\": 3, \"value\": \"举头望明月\"}','原句：疑是地上霜，举头望明月。选自 李白《静夜思》。',1,1,'2026-07-10 07:39:51'),(5,1,'imagery','李白《静夜思》主要表达的题材/意境是？','[\"田园\", \"忧国\", \"思乡\", \"闺怨\"]','{\"index\": 2, \"value\": \"思乡\"}','《静夜思》的主要题材为「思乡」（标签：思乡、月夜)。',1,1,'2026-07-10 07:39:51'),(6,2,'fill_blank','补全下列诗句中缺失的一句（李白《望庐山瀑布》）：\n日照香炉生紫烟，＿＿＿，飞流直下三千尺，疑是银河落九天。','[\"遥看瀑布挂前川\", \"处处闻啼鸟\", \"乡音无改鬓毛衰\", \"离离原上草\"]','{\"index\": 0, \"value\": \"遥看瀑布挂前川\"}','原句：遥看瀑布挂前川。选自 李白《望庐山瀑布》。',2,1,'2026-07-10 07:39:51'),(7,2,'guess_author','以下诗句出自哪位诗人？\n\"日照香炉生紫烟，遥看瀑布挂前川。\"','[\"杜甫\", \"王维\", \"李白\", \"张继\"]','{\"index\": 2, \"value\": \"李白\"}','出自 李白《望庐山瀑布》。',2,1,'2026-07-10 07:39:51'),(8,2,'guess_title','以下诗句出自哪首诗？\n\"日照香炉生紫烟，遥看瀑布挂前川。\"（作者：李白）','[\"山行\", \"望庐山瀑布\", \"清明\", \"九月九日忆山东兄弟\"]','{\"index\": 1, \"value\": \"望庐山瀑布\"}','出自 李白《望庐山瀑布》。',2,1,'2026-07-10 07:39:51'),(9,2,'choose_next_line','\"日照香炉生紫烟\"的下一句是？（李白《望庐山瀑布》）','[\"唯见长江天际流\", \"春风吹又生\", \"君问归期未有期\", \"遥看瀑布挂前川\"]','{\"index\": 3, \"value\": \"遥看瀑布挂前川\"}','原句：日照香炉生紫烟，遥看瀑布挂前川。选自 李白《望庐山瀑布》。',2,1,'2026-07-10 07:39:51'),(10,2,'imagery','李白《望庐山瀑布》主要表达的题材/意境是？','[\"忧国\", \"春景\", \"山水\", \"相思\"]','{\"index\": 2, \"value\": \"山水\"}','《望庐山瀑布》的主要题材为「山水」（标签：山水、夸张)。',2,1,'2026-07-10 07:39:51'),(11,3,'fill_blank','补全下列诗句中缺失的一句（李白《早发白帝城》）：\n＿＿＿，千里江陵一日还，两岸猿声啼不住，轻舟已过万重山。','[\"隔江犹唱后庭花\", \"明月松间照\", \"低头思故乡\", \"朝辞白帝彩云间\"]','{\"index\": 3, \"value\": \"朝辞白帝彩云间\"}','原句：朝辞白帝彩云间。选自 李白《早发白帝城》。',2,1,'2026-07-10 07:39:51'),(12,3,'guess_author','以下诗句出自哪位诗人？\n\"朝辞白帝彩云间，千里江陵一日还。\"','[\"李白\", \"王维\", \"王翰\", \"骆宾王\"]','{\"index\": 0, \"value\": \"李白\"}','出自 李白《早发白帝城》。',2,1,'2026-07-10 07:39:51'),(13,3,'guess_title','以下诗句出自哪首诗？\n\"朝辞白帝彩云间，千里江陵一日还。\"（作者：李白）','[\"夜雨寄北\", \"山行\", \"静夜思\", \"早发白帝城\"]','{\"index\": 3, \"value\": \"早发白帝城\"}','出自 李白《早发白帝城》。',2,1,'2026-07-10 07:39:51'),(14,3,'choose_next_line','\"两岸猿声啼不住\"的下一句是？（李白《早发白帝城》）','[\"遥看瀑布挂前川\", \"一片孤城万仞山\", \"孤帆远影碧空尽\", \"轻舟已过万重山\"]','{\"index\": 3, \"value\": \"轻舟已过万重山\"}','原句：两岸猿声啼不住，轻舟已过万重山。选自 李白《早发白帝城》。',2,1,'2026-07-10 07:39:51'),(15,3,'imagery','李白《早发白帝城》主要表达的题材/意境是？','[\"闺怨\", \"山水\", \"禅意\", \"边塞\"]','{\"index\": 1, \"value\": \"山水\"}','《早发白帝城》的主要题材为「山水」（标签：山水、行旅)。',2,1,'2026-07-10 07:39:51'),(16,4,'fill_blank','补全下列诗句中缺失的一句（李白《赠汪伦》）：\n李白乘舟将欲行，忽闻岸上踏歌声，桃花潭水深千尺，＿＿＿。','[\"两岸猿声啼不住\", \"不及汪伦送我情\", \"离离原上草\", \"空山不见人\"]','{\"index\": 1, \"value\": \"不及汪伦送我情\"}','原句：不及汪伦送我情。选自 李白《赠汪伦》。',1,1,'2026-07-10 07:39:51'),(17,4,'guess_author','以下诗句出自哪位诗人？\n\"李白乘舟将欲行，忽闻岸上踏歌声。\"','[\"贺知章\", \"骆宾王\", \"王昌龄\", \"李白\"]','{\"index\": 3, \"value\": \"李白\"}','出自 李白《赠汪伦》。',1,1,'2026-07-10 07:39:51'),(18,4,'guess_title','以下诗句出自哪首诗？\n\"李白乘舟将欲行，忽闻岸上踏歌声。\"（作者：李白）','[\"赠汪伦\", \"过故人庄\", \"山行\", \"登鹳雀楼\"]','{\"index\": 0, \"value\": \"赠汪伦\"}','出自 李白《赠汪伦》。',1,1,'2026-07-10 07:39:51'),(19,4,'choose_next_line','\"李白乘舟将欲行\"的下一句是？（李白《赠汪伦》）','[\"黄河入海流\", \"忽闻岸上踏歌声\", \"萋萋满别情\", \"青山郭外斜\"]','{\"index\": 1, \"value\": \"忽闻岸上踏歌声\"}','原句：李白乘舟将欲行，忽闻岸上踏歌声。选自 李白《赠汪伦》。',1,1,'2026-07-10 07:39:51'),(20,4,'imagery','李白《赠汪伦》主要表达的题材/意境是？','[\"忧国\", \"闲适\", \"送别\", \"咏物\"]','{\"index\": 2, \"value\": \"送别\"}','《赠汪伦》的主要题材为「送别」（标签：送别、友情)。',1,1,'2026-07-10 07:39:51'),(21,5,'fill_blank','补全下列诗句中缺失的一句（李白《黄鹤楼送孟浩然之广陵》）：\n＿＿＿，烟花三月下扬州，孤帆远影碧空尽，唯见长江天际流。','[\"此物最相思\", \"花落知多少\", \"故人西辞黄鹤楼\", \"欲穷千里目\"]','{\"index\": 2, \"value\": \"故人西辞黄鹤楼\"}','原句：故人西辞黄鹤楼。选自 李白《黄鹤楼送孟浩然之广陵》。',2,1,'2026-07-10 07:39:51'),(22,5,'guess_author','以下诗句出自哪位诗人？\n\"故人西辞黄鹤楼，烟花三月下扬州。\"','[\"王之涣\", \"孟浩然\", \"李白\", \"白居易\"]','{\"index\": 2, \"value\": \"李白\"}','出自 李白《黄鹤楼送孟浩然之广陵》。',2,1,'2026-07-10 07:39:51'),(23,5,'guess_title','以下诗句出自哪首诗？\n\"故人西辞黄鹤楼，烟花三月下扬州。\"（作者：李白）','[\"黄鹤楼送孟浩然之广陵\", \"赠汪伦\", \"凉州词·葡萄美酒\", \"夜雨寄北\"]','{\"index\": 0, \"value\": \"黄鹤楼送孟浩然之广陵\"}','出自 李白《黄鹤楼送孟浩然之广陵》。',2,1,'2026-07-10 07:39:51'),(24,5,'choose_next_line','\"孤帆远影碧空尽\"的下一句是？（李白《黄鹤楼送孟浩然之广陵》）','[\"把酒话桑麻\", \"蜡炬成灰泪始干\", \"唯见长江天际流\", \"两岸猿声啼不住\"]','{\"index\": 2, \"value\": \"唯见长江天际流\"}','原句：孤帆远影碧空尽，唯见长江天际流。选自 李白《黄鹤楼送孟浩然之广陵》。',2,1,'2026-07-10 07:39:51'),(25,5,'imagery','李白《黄鹤楼送孟浩然之广陵》主要表达的题材/意境是？','[\"春景\", \"思乡\", \"送别\", \"边塞\"]','{\"index\": 2, \"value\": \"送别\"}','《黄鹤楼送孟浩然之广陵》的主要题材为「送别」（标签：送别、行旅)。',2,1,'2026-07-10 07:39:51'),(26,6,'fill_blank','补全下列诗句中缺失的一句（杜甫《春望》）：\n国破山河在，城春草木深，感时花溅泪，恨别鸟惊心，＿＿＿，家书抵万金，白头搔更短，浑欲不胜簪。','[\"烽火连三月\", \"愿君多采撷\", \"野火烧不尽\", \"烟花三月下扬州\"]','{\"index\": 0, \"value\": \"烽火连三月\"}','原句：烽火连三月。选自 杜甫《春望》。',3,1,'2026-07-10 07:39:51'),(27,6,'guess_author','以下诗句出自哪位诗人？\n\"国破山河在，城春草木深。\"','[\"骆宾王\", \"王之涣\", \"杜甫\", \"张继\"]','{\"index\": 2, \"value\": \"杜甫\"}','出自 杜甫《春望》。',3,1,'2026-07-10 07:39:51'),(28,6,'guess_title','以下诗句出自哪首诗？\n\"国破山河在，城春草木深。\"（作者：杜甫）','[\"登高\", \"黄鹤楼送孟浩然之广陵\", \"过故人庄\", \"春望\"]','{\"index\": 3, \"value\": \"春望\"}','出自 杜甫《春望》。',3,1,'2026-07-10 07:39:51'),(29,6,'choose_next_line','\"国破山河在\"的下一句是？（杜甫《春望》）','[\"此情可待成追忆\", \"城春草木深\", \"百年多病独登台\", \"露从今夜白\"]','{\"index\": 1, \"value\": \"城春草木深\"}','原句：国破山河在，城春草木深。选自 杜甫《春望》。',3,1,'2026-07-10 07:39:51'),(30,6,'imagery','杜甫《春望》主要表达的题材/意境是？','[\"登高\", \"禅意\", \"忧国\", \"友情\"]','{\"index\": 2, \"value\": \"忧国\"}','《春望》的主要题材为「忧国」（标签：忧国、战乱)。',3,1,'2026-07-10 07:39:51'),(31,7,'fill_blank','补全下列诗句中缺失的一句（杜甫《绝句·两个黄鹂鸣翠柳》）：\n＿＿＿，一行白鹭上青天，窗含西岭千秋雪，门泊东吴万里船。','[\"最爱湖东行不足\", \"待到重阳日\", \"两个黄鹂鸣翠柳\", \"一岁一枯荣\"]','{\"index\": 2, \"value\": \"两个黄鹂鸣翠柳\"}','原句：两个黄鹂鸣翠柳。选自 杜甫《绝句·两个黄鹂鸣翠柳》。',1,1,'2026-07-10 07:39:51'),(32,7,'guess_author','以下诗句出自哪位诗人？\n\"两个黄鹂鸣翠柳，一行白鹭上青天。\"','[\"骆宾王\", \"王翰\", \"孟浩然\", \"杜甫\"]','{\"index\": 3, \"value\": \"杜甫\"}','出自 杜甫《绝句·两个黄鹂鸣翠柳》。',1,1,'2026-07-10 07:39:51'),(33,7,'guess_title','以下诗句出自哪首诗？\n\"两个黄鹂鸣翠柳，一行白鹭上青天。\"（作者：杜甫）','[\"绝句·两个黄鹂鸣翠柳\", \"回乡偶书\", \"凉州词·葡萄美酒\", \"鹿柴\"]','{\"index\": 0, \"value\": \"绝句·两个黄鹂鸣翠柳\"}','出自 杜甫《绝句·两个黄鹂鸣翠柳》。',1,1,'2026-07-10 07:39:51'),(34,7,'choose_next_line','\"一行白鹭上青天\"的下一句是？（杜甫《绝句·两个黄鹂鸣翠柳》）','[\"窗含西岭千秋雪\", \"春来发几枝\", \"蜡炬成灰泪始干\", \"不尽长江滚滚来\"]','{\"index\": 0, \"value\": \"窗含西岭千秋雪\"}','原句：一行白鹭上青天，窗含西岭千秋雪。选自 杜甫《绝句·两个黄鹂鸣翠柳》。',1,1,'2026-07-10 07:39:51'),(35,7,'imagery','杜甫《绝句·两个黄鹂鸣翠柳》主要表达的题材/意境是？','[\"山水\", \"哲理\", \"春景\", \"月夜\"]','{\"index\": 0, \"value\": \"山水\"}','《绝句·两个黄鹂鸣翠柳》的主要题材为「山水」（标签：山水、田园)。',1,1,'2026-07-10 07:39:51'),(36,8,'fill_blank','补全下列诗句中缺失的一句（杜甫《登高》）：\n风急天高猿啸哀，渚清沙白鸟飞回，无边落木萧萧下，＿＿＿，万里悲秋常作客，百年多病独登台，艰难苦恨繁霜鬓，潦倒新停浊酒杯。','[\"离离原上草\", \"不尽长江滚滚来\", \"清明时节雨纷纷\", \"空山新雨后\"]','{\"index\": 1, \"value\": \"不尽长江滚滚来\"}','原句：不尽长江滚滚来。选自 杜甫《登高》。',4,1,'2026-07-10 07:39:51'),(37,8,'guess_author','以下诗句出自哪位诗人？\n\"风急天高猿啸哀，渚清沙白鸟飞回。\"','[\"张继\", \"杜甫\", \"王翰\", \"贺知章\"]','{\"index\": 1, \"value\": \"杜甫\"}','出自 杜甫《登高》。',4,1,'2026-07-10 07:39:51'),(38,8,'guess_title','以下诗句出自哪首诗？\n\"风急天高猿啸哀，渚清沙白鸟飞回。\"（作者：杜甫）','[\"过故人庄\", \"凉州词·黄河远上\", \"登高\", \"咏鹅\"]','{\"index\": 2, \"value\": \"登高\"}','出自 杜甫《登高》。',4,1,'2026-07-10 07:39:51'),(39,8,'choose_next_line','\"艰难苦恨繁霜鬓\"的下一句是？（杜甫《登高》）','[\"潦倒新停浊酒杯\", \"天气晚来秋\", \"烟花三月下扬州\", \"明月松间照\"]','{\"index\": 0, \"value\": \"潦倒新停浊酒杯\"}','原句：艰难苦恨繁霜鬓，潦倒新停浊酒杯。选自 杜甫《登高》。',4,1,'2026-07-10 07:39:51'),(40,8,'imagery','杜甫《登高》主要表达的题材/意境是？','[\"行旅\", \"山水\", \"登高\", \"月夜\"]','{\"index\": 2, \"value\": \"登高\"}','《登高》的主要题材为「登高」（标签：登高、感怀)。',4,1,'2026-07-10 07:39:51'),(41,9,'fill_blank','补全下列诗句中缺失的一句（杜甫《月夜忆舍弟》）：\n戍鼓断人行，边秋一雁声，＿＿＿，月是故乡明，有弟皆分散，无家问死生，寄书长不达，况乃未休兵。','[\"天气晚来秋\", \"夜半钟声到客船\", \"露从今夜白\", \"春来发几枝\"]','{\"index\": 2, \"value\": \"露从今夜白\"}','原句：露从今夜白。选自 杜甫《月夜忆舍弟》。',3,1,'2026-07-10 07:39:51'),(42,9,'guess_author','以下诗句出自哪位诗人？\n\"戍鼓断人行，边秋一雁声。\"','[\"杜甫\", \"李白\", \"张继\", \"李商隐\"]','{\"index\": 0, \"value\": \"杜甫\"}','出自 杜甫《月夜忆舍弟》。',3,1,'2026-07-10 07:39:51'),(43,9,'guess_title','以下诗句出自哪首诗？\n\"戍鼓断人行，边秋一雁声。\"（作者：杜甫）','[\"九月九日忆山东兄弟\", \"夜雨寄北\", \"锦瑟\", \"月夜忆舍弟\"]','{\"index\": 3, \"value\": \"月夜忆舍弟\"}','出自 杜甫《月夜忆舍弟》。',3,1,'2026-07-10 07:39:51'),(44,9,'choose_next_line','\"无家问死生\"的下一句是？（杜甫《月夜忆舍弟》）','[\"江枫渔火对愁眠\", \"遥知兄弟登高处\", \"疑是银河落九天\", \"寄书长不达\"]','{\"index\": 3, \"value\": \"寄书长不达\"}','原句：无家问死生，寄书长不达。选自 杜甫《月夜忆舍弟》。',3,1,'2026-07-10 07:39:51'),(45,9,'imagery','杜甫《月夜忆舍弟》主要表达的题材/意境是？','[\"感怀\", \"夸张\", \"思乡\", \"哲理\"]','{\"index\": 2, \"value\": \"思乡\"}','《月夜忆舍弟》的主要题材为「思乡」（标签：思乡、战乱)。',3,1,'2026-07-10 07:39:51'),(46,10,'fill_blank','补全下列诗句中缺失的一句（王维《相思》）：\n红豆生南国，＿＿＿，愿君多采撷，此物最相思。','[\"邀我至田家\", \"春来发几枝\", \"无家问死生\", \"万里悲秋常作客\"]','{\"index\": 1, \"value\": \"春来发几枝\"}','原句：春来发几枝。选自 王维《相思》。',1,1,'2026-07-10 07:39:51'),(47,10,'guess_author','以下诗句出自哪位诗人？\n\"红豆生南国，春来发几枝。\"','[\"王翰\", \"王维\", \"王之涣\", \"王昌龄\"]','{\"index\": 1, \"value\": \"王维\"}','出自 王维《相思》。',1,1,'2026-07-10 07:39:51'),(48,10,'guess_title','以下诗句出自哪首诗？\n\"红豆生南国，春来发几枝。\"（作者：王维）','[\"过故人庄\", \"相思\", \"登鹳雀楼\", \"山居秋暝\"]','{\"index\": 1, \"value\": \"相思\"}','出自 王维《相思》。',1,1,'2026-07-10 07:39:51'),(49,10,'choose_next_line','\"愿君多采撷\"的下一句是？（王维《相思》）','[\"不及汪伦送我情\", \"此物最相思\", \"烽火连三月\", \"返景入深林\"]','{\"index\": 1, \"value\": \"此物最相思\"}','原句：愿君多采撷，此物最相思。选自 王维《相思》。',1,1,'2026-07-10 07:39:51'),(50,10,'imagery','王维《相思》主要表达的题材/意境是？','[\"相思\", \"行旅\", \"春景\", \"夸张\"]','{\"index\": 0, \"value\": \"相思\"}','《相思》的主要题材为「相思」（标签：相思、咏物)。',1,1,'2026-07-10 07:39:51'),(51,11,'fill_blank','补全下列诗句中缺失的一句（王维《鹿柴》）：\n＿＿＿，但闻人语响，返景入深林，复照青苔上。','[\"乱花渐欲迷人眼\", \"黄河入海流\", \"空山不见人\", \"戍鼓断人行\"]','{\"index\": 2, \"value\": \"空山不见人\"}','原句：空山不见人。选自 王维《鹿柴》。',2,1,'2026-07-10 07:39:51'),(52,11,'guess_author','以下诗句出自哪位诗人？\n\"空山不见人，但闻人语响。\"','[\"王之涣\", \"贺知章\", \"王维\", \"王昌龄\"]','{\"index\": 2, \"value\": \"王维\"}','出自 王维《鹿柴》。',2,1,'2026-07-10 07:39:51'),(53,11,'guess_title','以下诗句出自哪首诗？\n\"空山不见人，但闻人语响。\"（作者：王维）','[\"鹿柴\", \"赋得古原草送别\", \"春望\", \"咏鹅\"]','{\"index\": 0, \"value\": \"鹿柴\"}','出自 王维《鹿柴》。',2,1,'2026-07-10 07:39:51'),(54,11,'choose_next_line','\"返景入深林\"的下一句是？（王维《鹿柴》）','[\"孤帆远影碧空尽\", \"举头望明月\", \"儿童相见不相识\", \"复照青苔上\"]','{\"index\": 3, \"value\": \"复照青苔上\"}','原句：返景入深林，复照青苔上。选自 王维《鹿柴》。',2,1,'2026-07-10 07:39:51'),(55,11,'imagery','王维《鹿柴》主要表达的题材/意境是？','[\"送别\", \"闲适\", \"行旅\", \"山水\"]','{\"index\": 3, \"value\": \"山水\"}','《鹿柴》的主要题材为「山水」（标签：山水、禅意)。',2,1,'2026-07-10 07:39:51'),(56,12,'fill_blank','补全下列诗句中缺失的一句（王维《山居秋暝》）：\n空山新雨后，天气晚来秋，明月松间照，清泉石上流，竹喧归浣女，莲动下渔舟，随意春芳歇，＿＿＿。','[\"王孙自可留\", \"野火烧不尽\", \"乡音无改鬓毛衰\", \"巴山夜雨涨秋池\"]','{\"index\": 0, \"value\": \"王孙自可留\"}','原句：王孙自可留。选自 王维《山居秋暝》。',3,1,'2026-07-10 07:39:51'),(57,12,'guess_author','以下诗句出自哪位诗人？\n\"空山新雨后，天气晚来秋。\"','[\"张继\", \"王维\", \"王之涣\", \"杜甫\"]','{\"index\": 1, \"value\": \"王维\"}','出自 王维《山居秋暝》。',3,1,'2026-07-10 07:39:51'),(58,12,'guess_title','以下诗句出自哪首诗？\n\"空山新雨后，天气晚来秋。\"（作者：王维）','[\"枫桥夜泊\", \"山居秋暝\", \"月夜忆舍弟\", \"望庐山瀑布\"]','{\"index\": 1, \"value\": \"山居秋暝\"}','出自 王维《山居秋暝》。',3,1,'2026-07-10 07:39:51'),(59,12,'choose_next_line','\"清泉石上流\"的下一句是？（王维《山居秋暝》）','[\"夜半钟声到客船\", \"轻舟已过万重山\", \"愿君多采撷\", \"竹喧归浣女\"]','{\"index\": 3, \"value\": \"竹喧归浣女\"}','原句：清泉石上流，竹喧归浣女。选自 王维《山居秋暝》。',3,1,'2026-07-10 07:39:51'),(60,12,'imagery','王维《山居秋暝》主要表达的题材/意境是？','[\"节令\", \"友情\", \"山水\", \"哲理\"]','{\"index\": 2, \"value\": \"山水\"}','《山居秋暝》的主要题材为「山水」（标签：山水、田园)。',3,1,'2026-07-10 07:39:51'),(61,13,'fill_blank','补全下列诗句中缺失的一句（王维《九月九日忆山东兄弟》）：\n独在异乡为异客，每逢佳节倍思亲，＿＿＿，遍插茱萸少一人。','[\"城春草木深\", \"遥知兄弟登高处\", \"烟花三月下扬州\", \"还来就菊花\"]','{\"index\": 1, \"value\": \"遥知兄弟登高处\"}','原句：遥知兄弟登高处。选自 王维《九月九日忆山东兄弟》。',2,1,'2026-07-10 07:39:51'),(62,13,'guess_author','以下诗句出自哪位诗人？\n\"独在异乡为异客，每逢佳节倍思亲。\"','[\"王维\", \"张继\", \"杜甫\", \"孟浩然\"]','{\"index\": 0, \"value\": \"王维\"}','出自 王维《九月九日忆山东兄弟》。',2,1,'2026-07-10 07:39:51'),(63,13,'guess_title','以下诗句出自哪首诗？\n\"独在异乡为异客，每逢佳节倍思亲。\"（作者：王维）','[\"九月九日忆山东兄弟\", \"绝句·两个黄鹂鸣翠柳\", \"赠汪伦\", \"咏鹅\"]','{\"index\": 0, \"value\": \"九月九日忆山东兄弟\"}','出自 王维《九月九日忆山东兄弟》。',2,1,'2026-07-10 07:39:51'),(64,13,'choose_next_line','\"每逢佳节倍思亲\"的下一句是？（王维《九月九日忆山东兄弟》）','[\"遥知兄弟登高处\", \"开轩面场圃\", \"故人具鸡黍\", \"蓝田日暖玉生烟\"]','{\"index\": 0, \"value\": \"遥知兄弟登高处\"}','原句：每逢佳节倍思亲，遥知兄弟登高处。选自 王维《九月九日忆山东兄弟》。',2,1,'2026-07-10 07:39:51'),(65,13,'imagery','王维《九月九日忆山东兄弟》主要表达的题材/意境是？','[\"思乡\", \"忧国\", \"感怀\", \"送别\"]','{\"index\": 0, \"value\": \"思乡\"}','《九月九日忆山东兄弟》的主要题材为「思乡」（标签：思乡、节令)。',2,1,'2026-07-10 07:39:51'),(66,14,'fill_blank','补全下列诗句中缺失的一句（白居易《赋得古原草送别》）：\n＿＿＿，一岁一枯荣，野火烧不尽，春风吹又生，远芳侵古道，晴翠接荒城，又送王孙去，萋萋满别情。','[\"却话巴山夜雨时\", \"离离原上草\", \"路上行人欲断魂\", \"春蚕到死丝方尽\"]','{\"index\": 1, \"value\": \"离离原上草\"}','原句：离离原上草。选自 白居易《赋得古原草送别》。',2,1,'2026-07-10 07:39:51'),(67,14,'guess_author','以下诗句出自哪位诗人？\n\"离离原上草，一岁一枯荣。\"','[\"王翰\", \"贺知章\", \"白居易\", \"孟浩然\"]','{\"index\": 2, \"value\": \"白居易\"}','出自 白居易《赋得古原草送别》。',2,1,'2026-07-10 07:39:51'),(68,14,'guess_title','以下诗句出自哪首诗？\n\"离离原上草，一岁一枯荣。\"（作者：白居易）','[\"出塞\", \"赋得古原草送别\", \"黄鹤楼送孟浩然之广陵\", \"钱塘湖春行\"]','{\"index\": 1, \"value\": \"赋得古原草送别\"}','出自 白居易《赋得古原草送别》。',2,1,'2026-07-10 07:39:51'),(69,14,'choose_next_line','\"晴翠接荒城\"的下一句是？（白居易《赋得古原草送别》）','[\"烟花三月下扬州\", \"万里长征人未还\", \"处处闻啼鸟\", \"又送王孙去\"]','{\"index\": 3, \"value\": \"又送王孙去\"}','原句：晴翠接荒城，又送王孙去。选自 白居易《赋得古原草送别》。',2,1,'2026-07-10 07:39:51'),(70,14,'imagery','白居易《赋得古原草送别》主要表达的题材/意境是？','[\"田园\", \"送别\", \"感怀\", \"登高\"]','{\"index\": 1, \"value\": \"送别\"}','《赋得古原草送别》的主要题材为「送别」（标签：送别、咏物)。',2,1,'2026-07-10 07:39:51'),(71,15,'fill_blank','补全下列诗句中缺失的一句（白居易《钱塘湖春行》）：\n＿＿＿，水面初平云脚低，几处早莺争暖树，谁家新燕啄春泥，乱花渐欲迷人眼，浅草才能没马蹄，最爱湖东行不足，绿杨阴里白沙堤。','[\"欲穷千里目\", \"一片孤城万仞山\", \"孤山寺北贾亭西\", \"蓬山此去无多路\"]','{\"index\": 2, \"value\": \"孤山寺北贾亭西\"}','原句：孤山寺北贾亭西。选自 白居易《钱塘湖春行》。',3,1,'2026-07-10 07:39:51'),(72,15,'guess_author','以下诗句出自哪位诗人？\n\"孤山寺北贾亭西，水面初平云脚低。\"','[\"王昌龄\", \"贺知章\", \"白居易\", \"王翰\"]','{\"index\": 2, \"value\": \"白居易\"}','出自 白居易《钱塘湖春行》。',3,1,'2026-07-10 07:39:51'),(73,15,'guess_title','以下诗句出自哪首诗？\n\"孤山寺北贾亭西，水面初平云脚低。\"（作者：白居易）','[\"登鹳雀楼\", \"钱塘湖春行\", \"黄鹤楼送孟浩然之广陵\", \"过故人庄\"]','{\"index\": 1, \"value\": \"钱塘湖春行\"}','出自 白居易《钱塘湖春行》。',3,1,'2026-07-10 07:39:51'),(74,15,'choose_next_line','\"乱花渐欲迷人眼\"的下一句是？（白居易《钱塘湖春行》）','[\"烟笼寒水月笼沙\", \"巴山夜雨涨秋池\", \"万里悲秋常作客\", \"浅草才能没马蹄\"]','{\"index\": 3, \"value\": \"浅草才能没马蹄\"}','原句：乱花渐欲迷人眼，浅草才能没马蹄。选自 白居易《钱塘湖春行》。',3,1,'2026-07-10 07:39:51'),(75,15,'imagery','白居易《钱塘湖春行》主要表达的题材/意境是？','[\"山水\", \"田园\", \"行旅\", \"月夜\"]','{\"index\": 0, \"value\": \"山水\"}','《钱塘湖春行》的主要题材为「山水」（标签：山水、春景)。',3,1,'2026-07-10 07:39:51'),(76,16,'fill_blank','补全下列诗句中缺失的一句（孟浩然《春晓》）：\n春眠不觉晓，处处闻啼鸟，夜来风雨声，＿＿＿。','[\"晓镜但愁云鬓改\", \"花落知多少\", \"待到重阳日\", \"白日依山尽\"]','{\"index\": 1, \"value\": \"花落知多少\"}','原句：花落知多少。选自 孟浩然《春晓》。',1,1,'2026-07-10 07:39:51'),(77,16,'guess_author','以下诗句出自哪位诗人？\n\"春眠不觉晓，处处闻啼鸟。\"','[\"王昌龄\", \"孟浩然\", \"张继\", \"王维\"]','{\"index\": 1, \"value\": \"孟浩然\"}','出自 孟浩然《春晓》。',1,1,'2026-07-10 07:39:51'),(78,16,'guess_title','以下诗句出自哪首诗？\n\"春眠不觉晓，处处闻啼鸟。\"（作者：孟浩然）','[\"凉州词·葡萄美酒\", \"春望\", \"春晓\", \"早发白帝城\"]','{\"index\": 2, \"value\": \"春晓\"}','出自 孟浩然《春晓》。',1,1,'2026-07-10 07:39:51'),(79,16,'choose_next_line','\"春眠不觉晓\"的下一句是？（孟浩然《春晓》）','[\"竹喧归浣女\", \"遥看瀑布挂前川\", \"处处闻啼鸟\", \"秦时明月汉时关\"]','{\"index\": 2, \"value\": \"处处闻啼鸟\"}','原句：春眠不觉晓，处处闻啼鸟。选自 孟浩然《春晓》。',1,1,'2026-07-10 07:39:51'),(80,16,'imagery','孟浩然《春晓》主要表达的题材/意境是？','[\"友情\", \"春景\", \"边塞\", \"咏物\"]','{\"index\": 1, \"value\": \"春景\"}','《春晓》的主要题材为「春景」（标签：春景、闲适)。',1,1,'2026-07-10 07:39:51'),(81,17,'fill_blank','补全下列诗句中缺失的一句（孟浩然《过故人庄》）：\n故人具鸡黍，邀我至田家，绿树村边合，＿＿＿，开轩面场圃，把酒话桑麻，待到重阳日，还来就菊花。','[\"青山郭外斜\", \"李白乘舟将欲行\", \"儿童相见不相识\", \"夜泊秦淮近酒家\"]','{\"index\": 0, \"value\": \"青山郭外斜\"}','原句：青山郭外斜。选自 孟浩然《过故人庄》。',2,1,'2026-07-10 07:39:51'),(82,17,'guess_author','以下诗句出自哪位诗人？\n\"故人具鸡黍，邀我至田家。\"','[\"孟浩然\", \"张继\", \"杜牧\", \"贺知章\"]','{\"index\": 0, \"value\": \"孟浩然\"}','出自 孟浩然《过故人庄》。',2,1,'2026-07-10 07:39:51'),(83,17,'guess_title','以下诗句出自哪首诗？\n\"故人具鸡黍，邀我至田家。\"（作者：孟浩然）','[\"凉州词·黄河远上\", \"锦瑟\", \"过故人庄\", \"望庐山瀑布\"]','{\"index\": 2, \"value\": \"过故人庄\"}','出自 孟浩然《过故人庄》。',2,1,'2026-07-10 07:39:51'),(84,17,'choose_next_line','\"开轩面场圃\"的下一句是？（孟浩然《过故人庄》）','[\"故人西辞黄鹤楼\", \"最爱湖东行不足\", \"不教胡马度阴山\", \"把酒话桑麻\"]','{\"index\": 3, \"value\": \"把酒话桑麻\"}','原句：开轩面场圃，把酒话桑麻。选自 孟浩然《过故人庄》。',2,1,'2026-07-10 07:39:51'),(85,17,'imagery','孟浩然《过故人庄》主要表达的题材/意境是？','[\"田园\", \"闲适\", \"送别\", \"思乡\"]','{\"index\": 0, \"value\": \"田园\"}','《过故人庄》的主要题材为「田园」（标签：田园、友情)。',2,1,'2026-07-10 07:39:51'),(86,18,'fill_blank','补全下列诗句中缺失的一句（王之涣《登鹳雀楼》）：\n白日依山尽，黄河入海流，＿＿＿，更上一层楼。','[\"万里长征人未还\", \"欲穷千里目\", \"东风无力百花残\", \"国破山河在\"]','{\"index\": 1, \"value\": \"欲穷千里目\"}','原句：欲穷千里目。选自 王之涣《登鹳雀楼》。',1,1,'2026-07-10 07:39:51'),(87,18,'guess_author','以下诗句出自哪位诗人？\n\"白日依山尽，黄河入海流。\"','[\"李商隐\", \"王之涣\", \"孟浩然\", \"王翰\"]','{\"index\": 1, \"value\": \"王之涣\"}','出自 王之涣《登鹳雀楼》。',1,1,'2026-07-10 07:39:51'),(88,18,'guess_title','以下诗句出自哪首诗？\n\"白日依山尽，黄河入海流。\"（作者：王之涣）','[\"月夜忆舍弟\", \"无题·相见时难别亦难\", \"凉州词·葡萄美酒\", \"登鹳雀楼\"]','{\"index\": 3, \"value\": \"登鹳雀楼\"}','出自 王之涣《登鹳雀楼》。',1,1,'2026-07-10 07:39:51'),(89,18,'choose_next_line','\"黄河入海流\"的下一句是？（王之涣《登鹳雀楼》）','[\"欲穷千里目\", \"两岸猿声啼不住\", \"东风无力百花残\", \"隔江犹唱后庭花\"]','{\"index\": 0, \"value\": \"欲穷千里目\"}','原句：黄河入海流，欲穷千里目。选自 王之涣《登鹳雀楼》。',1,1,'2026-07-10 07:39:51'),(90,18,'imagery','王之涣《登鹳雀楼》主要表达的题材/意境是？','[\"咏物\", \"登高\", \"相思\", \"田园\"]','{\"index\": 1, \"value\": \"登高\"}','《登鹳雀楼》的主要题材为「登高」（标签：登高、哲理)。',1,1,'2026-07-10 07:39:51'),(91,19,'fill_blank','补全下列诗句中缺失的一句（王之涣《凉州词·黄河远上》）：\n黄河远上白云间，一片孤城万仞山，羌笛何须怨杨柳，＿＿＿。','[\"不尽长江滚滚来\", \"夜吟应觉月光寒\", \"乡音无改鬓毛衰\", \"春风不度玉门关\"]','{\"index\": 3, \"value\": \"春风不度玉门关\"}','原句：春风不度玉门关。选自 王之涣《凉州词·黄河远上》。',2,1,'2026-07-10 07:39:51'),(92,19,'guess_author','以下诗句出自哪位诗人？\n\"黄河远上白云间，一片孤城万仞山。\"','[\"王之涣\", \"李商隐\", \"骆宾王\", \"王维\"]','{\"index\": 0, \"value\": \"王之涣\"}','出自 王之涣《凉州词·黄河远上》。',2,1,'2026-07-10 07:39:51'),(93,19,'guess_title','以下诗句出自哪首诗？\n\"黄河远上白云间，一片孤城万仞山。\"（作者：王之涣）','[\"泊秦淮\", \"过故人庄\", \"锦瑟\", \"凉州词·黄河远上\"]','{\"index\": 3, \"value\": \"凉州词·黄河远上\"}','出自 王之涣《凉州词·黄河远上》。',2,1,'2026-07-10 07:39:51'),(94,19,'choose_next_line','\"黄河远上白云间\"的下一句是？（王之涣《凉州词·黄河远上》）','[\"野火烧不尽\", \"一片孤城万仞山\", \"夜半钟声到客船\", \"此情可待成追忆\"]','{\"index\": 1, \"value\": \"一片孤城万仞山\"}','原句：黄河远上白云间，一片孤城万仞山。选自 王之涣《凉州词·黄河远上》。',2,1,'2026-07-10 07:39:51'),(95,19,'imagery','王之涣《凉州词·黄河远上》主要表达的题材/意境是？','[\"边塞\", \"友情\", \"禅意\", \"月夜\"]','{\"index\": 0, \"value\": \"边塞\"}','《凉州词·黄河远上》的主要题材为「边塞」（标签：边塞)。',2,1,'2026-07-10 07:39:51'),(96,20,'fill_blank','补全下列诗句中缺失的一句（李商隐《夜雨寄北》）：\n君问归期未有期，巴山夜雨涨秋池，何当共剪西窗烛，＿＿＿。','[\"轻舟已过万重山\", \"此物最相思\", \"却话巴山夜雨时\", \"沧海月明珠有泪\"]','{\"index\": 2, \"value\": \"却话巴山夜雨时\"}','原句：却话巴山夜雨时。选自 李商隐《夜雨寄北》。',2,1,'2026-07-10 07:39:51'),(97,20,'guess_author','以下诗句出自哪位诗人？\n\"君问归期未有期，巴山夜雨涨秋池。\"','[\"李商隐\", \"白居易\", \"骆宾王\", \"孟浩然\"]','{\"index\": 0, \"value\": \"李商隐\"}','出自 李商隐《夜雨寄北》。',2,1,'2026-07-10 07:39:51'),(98,20,'guess_title','以下诗句出自哪首诗？\n\"君问归期未有期，巴山夜雨涨秋池。\"（作者：李商隐）','[\"夜雨寄北\", \"登高\", \"回乡偶书\", \"早发白帝城\"]','{\"index\": 0, \"value\": \"夜雨寄北\"}','出自 李商隐《夜雨寄北》。',2,1,'2026-07-10 07:39:51'),(99,20,'choose_next_line','\"君问归期未有期\"的下一句是？（李商隐《夜雨寄北》）','[\"巴山夜雨涨秋池\", \"不教胡马度阴山\", \"日照香炉生紫烟\", \"欲饮琵琶马上催\"]','{\"index\": 0, \"value\": \"巴山夜雨涨秋池\"}','原句：君问归期未有期，巴山夜雨涨秋池。选自 李商隐《夜雨寄北》。',2,1,'2026-07-10 07:39:51'),(100,20,'imagery','李商隐《夜雨寄北》主要表达的题材/意境是？','[\"边塞\", \"夸张\", \"节令\", \"相思\"]','{\"index\": 3, \"value\": \"相思\"}','《夜雨寄北》的主要题材为「相思」（标签：相思、行旅)。',2,1,'2026-07-10 07:39:51'),(101,21,'fill_blank','补全下列诗句中缺失的一句（李商隐《锦瑟》）：\n锦瑟无端五十弦，一弦一柱思华年，＿＿＿，望帝春心托杜鹃，沧海月明珠有泪，蓝田日暖玉生烟，此情可待成追忆，只是当时已惘然。','[\"夜吟应觉月光寒\", \"庄生晓梦迷蝴蝶\", \"春眠不觉晓\", \"春风不度玉门关\"]','{\"index\": 1, \"value\": \"庄生晓梦迷蝴蝶\"}','原句：庄生晓梦迷蝴蝶。选自 李商隐《锦瑟》。',4,1,'2026-07-10 07:39:51'),(102,21,'guess_author','以下诗句出自哪位诗人？\n\"锦瑟无端五十弦，一弦一柱思华年。\"','[\"李商隐\", \"杜牧\", \"王昌龄\", \"骆宾王\"]','{\"index\": 0, \"value\": \"李商隐\"}','出自 李商隐《锦瑟》。',4,1,'2026-07-10 07:39:51'),(103,21,'guess_title','以下诗句出自哪首诗？\n\"锦瑟无端五十弦，一弦一柱思华年。\"（作者：李商隐）','[\"枫桥夜泊\", \"凉州词·黄河远上\", \"夜雨寄北\", \"锦瑟\"]','{\"index\": 3, \"value\": \"锦瑟\"}','出自 李商隐《锦瑟》。',4,1,'2026-07-10 07:39:51'),(104,21,'choose_next_line','\"沧海月明珠有泪\"的下一句是？（李商隐《锦瑟》）','[\"但闻人语响\", \"清明时节雨纷纷\", \"日照香炉生紫烟\", \"蓝田日暖玉生烟\"]','{\"index\": 3, \"value\": \"蓝田日暖玉生烟\"}','原句：沧海月明珠有泪，蓝田日暖玉生烟。选自 李商隐《锦瑟》。',4,1,'2026-07-10 07:39:51'),(105,21,'imagery','李商隐《锦瑟》主要表达的题材/意境是？','[\"咏物\", \"忧国\", \"边塞\", \"友情\"]','{\"index\": 0, \"value\": \"咏物\"}','《锦瑟》的主要题材为「咏物」（标签：咏物、感怀)。',4,1,'2026-07-10 07:39:51'),(106,22,'fill_blank','补全下列诗句中缺失的一句（李商隐《无题·相见时难别亦难》）：\n相见时难别亦难，东风无力百花残，春蚕到死丝方尽，蜡炬成灰泪始干，＿＿＿，夜吟应觉月光寒，蓬山此去无多路，青鸟殷勤为探看。','[\"最爱湖东行不足\", \"更上一层楼\", \"愿君多采撷\", \"晓镜但愁云鬓改\"]','{\"index\": 3, \"value\": \"晓镜但愁云鬓改\"}','原句：晓镜但愁云鬓改。选自 李商隐《无题·相见时难别亦难》。',4,1,'2026-07-10 07:39:51'),(107,22,'guess_author','以下诗句出自哪位诗人？\n\"相见时难别亦难，东风无力百花残。\"','[\"杜牧\", \"李白\", \"孟浩然\", \"李商隐\"]','{\"index\": 3, \"value\": \"李商隐\"}','出自 李商隐《无题·相见时难别亦难》。',4,1,'2026-07-10 07:39:51'),(108,22,'guess_title','以下诗句出自哪首诗？\n\"相见时难别亦难，东风无力百花残。\"（作者：李商隐）','[\"登高\", \"夜雨寄北\", \"无题·相见时难别亦难\", \"月夜忆舍弟\"]','{\"index\": 2, \"value\": \"无题·相见时难别亦难\"}','出自 李商隐《无题·相见时难别亦难》。',4,1,'2026-07-10 07:39:51'),(109,22,'choose_next_line','\"蜡炬成灰泪始干\"的下一句是？（李商隐《无题·相见时难别亦难》）','[\"唯见长江天际流\", \"蓝田日暖玉生烟\", \"艰难苦恨繁霜鬓\", \"晓镜但愁云鬓改\"]','{\"index\": 3, \"value\": \"晓镜但愁云鬓改\"}','原句：蜡炬成灰泪始干，晓镜但愁云鬓改。选自 李商隐《无题·相见时难别亦难》。',4,1,'2026-07-10 07:39:51'),(110,22,'imagery','李商隐《无题·相见时难别亦难》主要表达的题材/意境是？','[\"送别\", \"相思\", \"田园\", \"节令\"]','{\"index\": 1, \"value\": \"相思\"}','《无题·相见时难别亦难》的主要题材为「相思」（标签：相思、感怀)。',4,1,'2026-07-10 07:39:51'),(111,23,'fill_blank','补全下列诗句中缺失的一句（杜牧《泊秦淮》）：\n烟笼寒水月笼沙，夜泊秦淮近酒家，＿＿＿，隔江犹唱后庭花。','[\"古来征战几人回\", \"一行白鹭上青天\", \"商女不知亡国恨\", \"遍插茱萸少一人\"]','{\"index\": 2, \"value\": \"商女不知亡国恨\"}','原句：商女不知亡国恨。选自 杜牧《泊秦淮》。',3,1,'2026-07-10 07:39:51'),(112,23,'guess_author','以下诗句出自哪位诗人？\n\"烟笼寒水月笼沙，夜泊秦淮近酒家。\"','[\"王翰\", \"李商隐\", \"杜牧\", \"孟浩然\"]','{\"index\": 2, \"value\": \"杜牧\"}','出自 杜牧《泊秦淮》。',3,1,'2026-07-10 07:39:51'),(113,23,'guess_title','以下诗句出自哪首诗？\n\"烟笼寒水月笼沙，夜泊秦淮近酒家。\"（作者：杜牧）','[\"清明\", \"泊秦淮\", \"月夜忆舍弟\", \"凉州词·葡萄美酒\"]','{\"index\": 1, \"value\": \"泊秦淮\"}','出自 杜牧《泊秦淮》。',3,1,'2026-07-10 07:39:51'),(114,23,'choose_next_line','\"夜泊秦淮近酒家\"的下一句是？（杜牧《泊秦淮》）','[\"乡音无改鬓毛衰\", \"一行白鹭上青天\", \"远芳侵古道\", \"商女不知亡国恨\"]','{\"index\": 3, \"value\": \"商女不知亡国恨\"}','原句：夜泊秦淮近酒家，商女不知亡国恨。选自 杜牧《泊秦淮》。',3,1,'2026-07-10 07:39:51'),(115,23,'imagery','杜牧《泊秦淮》主要表达的题材/意境是？','[\"忧国\", \"友情\", \"春景\", \"思乡\"]','{\"index\": 0, \"value\": \"忧国\"}','《泊秦淮》的主要题材为「忧国」（标签：忧国、行旅)。',3,1,'2026-07-10 07:39:51'),(116,24,'fill_blank','补全下列诗句中缺失的一句（杜牧《山行》）：\n远上寒山石径斜，＿＿＿，停车坐爱枫林晚，霜叶红于二月花。','[\"白云生处有人家\", \"离离原上草\", \"春来发几枝\", \"白日依山尽\"]','{\"index\": 0, \"value\": \"白云生处有人家\"}','原句：白云生处有人家。选自 杜牧《山行》。',2,1,'2026-07-10 07:39:51'),(117,24,'guess_author','以下诗句出自哪位诗人？\n\"远上寒山石径斜，白云生处有人家。\"','[\"孟浩然\", \"李商隐\", \"杜牧\", \"王维\"]','{\"index\": 2, \"value\": \"杜牧\"}','出自 杜牧《山行》。',2,1,'2026-07-10 07:39:51'),(118,24,'guess_title','以下诗句出自哪首诗？\n\"远上寒山石径斜，白云生处有人家。\"（作者：杜牧）','[\"相思\", \"山行\", \"无题·相见时难别亦难\", \"静夜思\"]','{\"index\": 1, \"value\": \"山行\"}','出自 杜牧《山行》。',2,1,'2026-07-10 07:39:51'),(119,24,'choose_next_line','\"停车坐爱枫林晚\"的下一句是？（杜牧《山行》）','[\"霜叶红于二月花\", \"把酒话桑麻\", \"此情可待成追忆\", \"随意春芳歇\"]','{\"index\": 0, \"value\": \"霜叶红于二月花\"}','原句：停车坐爱枫林晚，霜叶红于二月花。选自 杜牧《山行》。',2,1,'2026-07-10 07:39:51'),(120,24,'imagery','杜牧《山行》主要表达的题材/意境是？','[\"山水\", \"友情\", \"节令\", \"闺怨\"]','{\"index\": 0, \"value\": \"山水\"}','《山行》的主要题材为「山水」（标签：山水、咏物)。',2,1,'2026-07-10 07:39:51'),(121,25,'fill_blank','补全下列诗句中缺失的一句（杜牧《清明》）：\n清明时节雨纷纷，路上行人欲断魂，＿＿＿，牧童遥指杏花村。','[\"春眠不觉晓\", \"还来就菊花\", \"借问酒家何处有\", \"又送王孙去\"]','{\"index\": 2, \"value\": \"借问酒家何处有\"}','原句：借问酒家何处有。选自 杜牧《清明》。',1,1,'2026-07-10 07:39:51'),(122,25,'guess_author','以下诗句出自哪位诗人？\n\"清明时节雨纷纷，路上行人欲断魂。\"','[\"张继\", \"李商隐\", \"王昌龄\", \"杜牧\"]','{\"index\": 3, \"value\": \"杜牧\"}','出自 杜牧《清明》。',1,1,'2026-07-10 07:39:51'),(123,25,'guess_title','以下诗句出自哪首诗？\n\"清明时节雨纷纷，路上行人欲断魂。\"（作者：杜牧）','[\"夜雨寄北\", \"登鹳雀楼\", \"登高\", \"清明\"]','{\"index\": 3, \"value\": \"清明\"}','出自 杜牧《清明》。',1,1,'2026-07-10 07:39:51'),(124,25,'choose_next_line','\"清明时节雨纷纷\"的下一句是？（杜牧《清明》）','[\"千里江陵一日还\", \"感时花溅泪\", \"不尽长江滚滚来\", \"路上行人欲断魂\"]','{\"index\": 3, \"value\": \"路上行人欲断魂\"}','原句：清明时节雨纷纷，路上行人欲断魂。选自 杜牧《清明》。',1,1,'2026-07-10 07:39:52'),(125,25,'imagery','杜牧《清明》主要表达的题材/意境是？','[\"节令\", \"夸张\", \"禅意\", \"忧国\"]','{\"index\": 0, \"value\": \"节令\"}','《清明》的主要题材为「节令」（标签：节令、行旅)。',1,1,'2026-07-10 07:39:52'),(126,26,'fill_blank','补全下列诗句中缺失的一句（张继《枫桥夜泊》）：\n月落乌啼霜满天，＿＿＿，姑苏城外寒山寺，夜半钟声到客船。','[\"江枫渔火对愁眠\", \"浑欲不胜簪\", \"待到重阳日\", \"两岸猿声啼不住\"]','{\"index\": 0, \"value\": \"江枫渔火对愁眠\"}','原句：江枫渔火对愁眠。选自 张继《枫桥夜泊》。',2,1,'2026-07-10 07:39:52'),(127,26,'guess_author','以下诗句出自哪位诗人？\n\"月落乌啼霜满天，江枫渔火对愁眠。\"','[\"王维\", \"李白\", \"孟浩然\", \"张继\"]','{\"index\": 3, \"value\": \"张继\"}','出自 张继《枫桥夜泊》。',2,1,'2026-07-10 07:39:52'),(128,26,'guess_title','以下诗句出自哪首诗？\n\"月落乌啼霜满天，江枫渔火对愁眠。\"（作者：张继）','[\"登高\", \"山居秋暝\", \"枫桥夜泊\", \"赠汪伦\"]','{\"index\": 2, \"value\": \"枫桥夜泊\"}','出自 张继《枫桥夜泊》。',2,1,'2026-07-10 07:39:52'),(129,26,'choose_next_line','\"月落乌啼霜满天\"的下一句是？（张继《枫桥夜泊》）','[\"两个黄鹂鸣翠柳\", \"江枫渔火对愁眠\", \"最爱湖东行不足\", \"一弦一柱思华年\"]','{\"index\": 1, \"value\": \"江枫渔火对愁眠\"}','原句：月落乌啼霜满天，江枫渔火对愁眠。选自 张继《枫桥夜泊》。',2,1,'2026-07-10 07:39:52'),(130,26,'imagery','张继《枫桥夜泊》主要表达的题材/意境是？','[\"行旅\", \"思乡\", \"相思\", \"哲理\"]','{\"index\": 0, \"value\": \"行旅\"}','《枫桥夜泊》的主要题材为「行旅」（标签：行旅、月夜)。',2,1,'2026-07-10 07:39:52'),(131,27,'fill_blank','补全下列诗句中缺失的一句（贺知章《回乡偶书》）：\n＿＿＿，乡音无改鬓毛衰，儿童相见不相识，笑问客从何处来。','[\"少小离家老大回\", \"但使龙城飞将在\", \"不及汪伦送我情\", \"渚清沙白鸟飞回\"]','{\"index\": 0, \"value\": \"少小离家老大回\"}','原句：少小离家老大回。选自 贺知章《回乡偶书》。',1,1,'2026-07-10 07:39:52'),(132,27,'guess_author','以下诗句出自哪位诗人？\n\"少小离家老大回，乡音无改鬓毛衰。\"','[\"贺知章\", \"王昌龄\", \"张继\", \"王翰\"]','{\"index\": 0, \"value\": \"贺知章\"}','出自 贺知章《回乡偶书》。',1,1,'2026-07-10 07:39:52'),(133,27,'guess_title','以下诗句出自哪首诗？\n\"少小离家老大回，乡音无改鬓毛衰。\"（作者：贺知章）','[\"登鹳雀楼\", \"钱塘湖春行\", \"回乡偶书\", \"清明\"]','{\"index\": 2, \"value\": \"回乡偶书\"}','出自 贺知章《回乡偶书》。',1,1,'2026-07-10 07:39:52'),(134,27,'choose_next_line','\"少小离家老大回\"的下一句是？（贺知章《回乡偶书》）','[\"门泊东吴万里船\", \"空山不见人\", \"乡音无改鬓毛衰\", \"轻舟已过万重山\"]','{\"index\": 2, \"value\": \"乡音无改鬓毛衰\"}','原句：少小离家老大回，乡音无改鬓毛衰。选自 贺知章《回乡偶书》。',1,1,'2026-07-10 07:39:52'),(135,27,'imagery','贺知章《回乡偶书》主要表达的题材/意境是？','[\"忧国\", \"思乡\", \"田园\", \"战乱\"]','{\"index\": 1, \"value\": \"思乡\"}','《回乡偶书》的主要题材为「思乡」（标签：思乡、感怀)。',1,1,'2026-07-10 07:39:52'),(136,28,'fill_blank','补全下列诗句中缺失的一句（骆宾王《咏鹅》）：\n＿＿＿，曲项向天歌，白毛浮绿水，红掌拨清波。','[\"不教胡马度阴山\", \"鹅，鹅，鹅\", \"遥知兄弟登高处\", \"天气晚来秋\"]','{\"index\": 1, \"value\": \"鹅，鹅，鹅\"}','原句：鹅，鹅，鹅。选自 骆宾王《咏鹅》。',1,1,'2026-07-10 07:39:52'),(137,28,'guess_author','以下诗句出自哪位诗人？\n\"鹅，鹅，鹅，曲项向天歌。\"','[\"骆宾王\", \"白居易\", \"贺知章\", \"张继\"]','{\"index\": 0, \"value\": \"骆宾王\"}','出自 骆宾王《咏鹅》。',1,1,'2026-07-10 07:39:52'),(138,28,'guess_title','以下诗句出自哪首诗？\n\"鹅，鹅，鹅，曲项向天歌。\"（作者：骆宾王）','[\"咏鹅\", \"夜雨寄北\", \"山居秋暝\", \"赠汪伦\"]','{\"index\": 0, \"value\": \"咏鹅\"}','出自 骆宾王《咏鹅》。',1,1,'2026-07-10 07:39:52'),(139,28,'choose_next_line','\"白毛浮绿水\"的下一句是？（骆宾王《咏鹅》）','[\"李白乘舟将欲行\", \"不教胡马度阴山\", \"空山新雨后\", \"红掌拨清波\"]','{\"index\": 3, \"value\": \"红掌拨清波\"}','原句：白毛浮绿水，红掌拨清波。选自 骆宾王《咏鹅》。',1,1,'2026-07-10 07:39:52'),(140,28,'imagery','骆宾王《咏鹅》主要表达的题材/意境是？','[\"闺怨\", \"咏物\", \"山水\", \"思乡\"]','{\"index\": 1, \"value\": \"咏物\"}','《咏鹅》的主要题材为「咏物」（标签：咏物)。',1,1,'2026-07-10 07:39:52'),(141,29,'fill_blank','补全下列诗句中缺失的一句（王翰《凉州词·葡萄美酒》）：\n葡萄美酒夜光杯，欲饮琵琶马上催，＿＿＿，古来征战几人回。','[\"唯见长江天际流\", \"醉卧沙场君莫笑\", \"万里悲秋常作客\", \"花落知多少\"]','{\"index\": 1, \"value\": \"醉卧沙场君莫笑\"}','原句：醉卧沙场君莫笑。选自 王翰《凉州词·葡萄美酒》。',2,1,'2026-07-10 07:39:52'),(142,29,'guess_author','以下诗句出自哪位诗人？\n\"葡萄美酒夜光杯，欲饮琵琶马上催。\"','[\"骆宾王\", \"王之涣\", \"王翰\", \"贺知章\"]','{\"index\": 2, \"value\": \"王翰\"}','出自 王翰《凉州词·葡萄美酒》。',2,1,'2026-07-10 07:39:52'),(143,29,'guess_title','以下诗句出自哪首诗？\n\"葡萄美酒夜光杯，欲饮琵琶马上催。\"（作者：王翰）','[\"登高\", \"赠汪伦\", \"赋得古原草送别\", \"凉州词·葡萄美酒\"]','{\"index\": 3, \"value\": \"凉州词·葡萄美酒\"}','出自 王翰《凉州词·葡萄美酒》。',2,1,'2026-07-10 07:39:52'),(144,29,'choose_next_line','\"葡萄美酒夜光杯\"的下一句是？（王翰《凉州词·葡萄美酒》）','[\"离离原上草\", \"欲饮琵琶马上催\", \"花落知多少\", \"不教胡马度阴山\"]','{\"index\": 1, \"value\": \"欲饮琵琶马上催\"}','原句：葡萄美酒夜光杯，欲饮琵琶马上催。选自 王翰《凉州词·葡萄美酒》。',2,1,'2026-07-10 07:39:52'),(145,29,'imagery','王翰《凉州词·葡萄美酒》主要表达的题材/意境是？','[\"禅意\", \"送别\", \"闺怨\", \"边塞\"]','{\"index\": 3, \"value\": \"边塞\"}','《凉州词·葡萄美酒》的主要题材为「边塞」（标签：边塞)。',2,1,'2026-07-10 07:39:52'),(146,30,'fill_blank','补全下列诗句中缺失的一句（王昌龄《出塞》）：\n秦时明月汉时关，＿＿＿，但使龙城飞将在，不教胡马度阴山。','[\"万里长征人未还\", \"乱花渐欲迷人眼\", \"牧童遥指杏花村\", \"感时花溅泪\"]','{\"index\": 0, \"value\": \"万里长征人未还\"}','原句：万里长征人未还。选自 王昌龄《出塞》。',2,1,'2026-07-10 07:39:52'),(147,30,'guess_author','以下诗句出自哪位诗人？\n\"秦时明月汉时关，万里长征人未还。\"','[\"王昌龄\", \"张继\", \"孟浩然\", \"杜牧\"]','{\"index\": 0, \"value\": \"王昌龄\"}','出自 王昌龄《出塞》。',2,1,'2026-07-10 07:39:52'),(148,30,'guess_title','以下诗句出自哪首诗？\n\"秦时明月汉时关，万里长征人未还。\"（作者：王昌龄）','[\"赠汪伦\", \"相思\", \"登鹳雀楼\", \"出塞\"]','{\"index\": 3, \"value\": \"出塞\"}','出自 王昌龄《出塞》。',2,1,'2026-07-10 07:39:52'),(149,30,'choose_next_line','\"秦时明月汉时关\"的下一句是？（王昌龄《出塞》）','[\"疑是地上霜\", \"万里长征人未还\", \"野火烧不尽\", \"白毛浮绿水\"]','{\"index\": 1, \"value\": \"万里长征人未还\"}','原句：秦时明月汉时关，万里长征人未还。选自 王昌龄《出塞》。',2,1,'2026-07-10 07:39:52'),(150,30,'imagery','王昌龄《出塞》主要表达的题材/意境是？','[\"节令\", \"边塞\", \"战乱\", \"送别\"]','{\"index\": 1, \"value\": \"边塞\"}','《出塞》的主要题材为「边塞」（标签：边塞)。',2,1,'2026-07-10 07:39:52'),(151,31,'guess_author','「千山鸟飞绝，万径人踪灭。孤舟蓑笠翁，独钓…」\n这首诗的作者是谁？','[\"柳宗元\", \"叶绍翁\", \"郑燮\", \"白居易\"]','{\"index\": 0, \"value\": \"柳宗元\"}','《江雪》作者是柳宗元。',2,1,'2026-07-12 06:21:54'),(152,31,'guess_title','「千山鸟飞绝，万径人踪灭。孤舟蓑笠翁，独钓…」\n这首诗的诗名是？','[\"泊船瓜洲\", \"乐游原\", \"江雪\", \"六月二十七日望湖楼醉书\"]','{\"index\": 2, \"value\": \"江雪\"}','此诗名为《江雪》。',2,1,'2026-07-12 06:21:54'),(153,31,'choose_next_line','「千山鸟飞绝」\n下一句是？','[\"才了蚕桑又插田\", \"万径人踪灭\", \"欲将轻骑逐\", \"直把杭州作汴州\"]','{\"index\": 1, \"value\": \"万径人踪灭\"}','下一句为「万径人踪灭」。',2,1,'2026-07-12 06:21:54'),(154,32,'guess_author','「松下问童子，言师采药去。只在此山中，云深…」\n这首诗的作者是谁？','[\"刘长卿\", \"贾岛\", \"卢纶\", \"王维\"]','{\"index\": 1, \"value\": \"贾岛\"}','《寻隐者不遇》作者是贾岛。',1,1,'2026-07-12 06:21:54'),(155,32,'guess_title','「松下问童子，言师采药去。只在此山中，云深…」\n这首诗的诗名是？','[\"鸟鸣涧\", \"寻隐者不遇\", \"乐游原\", \"秋浦歌\"]','{\"index\": 1, \"value\": \"寻隐者不遇\"}','此诗名为《寻隐者不遇》。',1,1,'2026-07-12 06:21:54'),(156,32,'choose_next_line','「松下问童子」\n下一句是？','[\"言师采药去\", \"旧时王谢堂前燕\", \"总把新桃换旧符\", \"茅檐长扫净无苔\"]','{\"index\": 0, \"value\": \"言师采药去\"}','下一句为「言师采药去」。',1,1,'2026-07-12 06:21:54'),(157,33,'guess_author','「锄禾日当午，汗滴禾下土。谁知盘中餐，粒粒…」\n这首诗的作者是谁？','[\"贺知章\", \"李绅\", \"林升\", \"范成大\"]','{\"index\": 1, \"value\": \"李绅\"}','《悯农·其二》作者是李绅。',1,1,'2026-07-12 06:21:54'),(158,33,'guess_title','「锄禾日当午，汗滴禾下土。谁知盘中餐，粒粒…」\n这首诗的诗名是？','[\"浪淘沙\", \"春日\", \"悯农·其二\", \"送元二使安西\"]','{\"index\": 2, \"value\": \"悯农·其二\"}','此诗名为《悯农·其二》。',1,1,'2026-07-12 06:21:54'),(159,33,'choose_next_line','「锄禾日当午」\n下一句是？','[\"汗滴禾下土\", \"才了蚕桑又插田\", \"天街小雨润如酥\", \"独坐幽篁里\"]','{\"index\": 0, \"value\": \"汗滴禾下土\"}','下一句为「汗滴禾下土」。',1,1,'2026-07-12 06:21:54'),(160,34,'guess_author','「春种一粒粟，秋收万颗子。四海无闲田，农夫…」\n这首诗的作者是谁？','[\"李绅\", \"贺知章\", \"曾几\", \"韩愈\"]','{\"index\": 0, \"value\": \"李绅\"}','《悯农·其一》作者是李绅。',2,1,'2026-07-12 06:21:54'),(161,34,'guess_title','「春种一粒粟，秋收万颗子。四海无闲田，农夫…」\n这首诗的诗名是？','[\"四时田园杂兴·其一\", \"悯农·其一\", \"暮江吟\", \"早春呈水部张十八员外\"]','{\"index\": 1, \"value\": \"悯农·其一\"}','此诗名为《悯农·其一》。',2,1,'2026-07-12 06:21:54'),(162,34,'choose_next_line','「春种一粒粟」\n下一句是？','[\"独出门前望野田\", \"秋收万颗子\", \"旧时王谢堂前燕\", \"应怜屐齿印苍苔\"]','{\"index\": 1, \"value\": \"秋收万颗子\"}','下一句为「秋收万颗子」。',2,1,'2026-07-12 06:21:54'),(163,35,'guess_author','「江上往来人，但爱鲈鱼美。君看一叶舟，出没…」\n这首诗的作者是谁？','[\"于谦\", \"范仲淹\", \"孟郊\", \"陆游\"]','{\"index\": 1, \"value\": \"范仲淹\"}','《江上渔者》作者是范仲淹。',2,1,'2026-07-12 06:21:54'),(164,35,'guess_title','「江上往来人，但爱鲈鱼美。君看一叶舟，出没…」\n这首诗的诗名是？','[\"杂诗\", \"游园不值\", \"塞下曲\", \"江上渔者\"]','{\"index\": 3, \"value\": \"江上渔者\"}','此诗名为《江上渔者》。',2,1,'2026-07-12 06:21:54'),(165,35,'choose_next_line','「江上往来人」\n下一句是？','[\"菊残犹有傲霜枝\", \"但爱鲈鱼美\", \"正是河豚欲上时\", \"不拘一格降人才\"]','{\"index\": 1, \"value\": \"但爱鲈鱼美\"}','下一句为「但爱鲈鱼美」。',2,1,'2026-07-12 06:21:54'),(166,36,'guess_author','「牧童骑黄牛，歌声振林樾。意欲捕鸣蝉，忽然…」\n这首诗的作者是谁？','[\"曾几\", \"袁枚\", \"杨万里\", \"陆游\"]','{\"index\": 1, \"value\": \"袁枚\"}','《所见》作者是袁枚。',1,1,'2026-07-12 06:21:54'),(167,36,'guess_title','「牧童骑黄牛，歌声振林樾。意欲捕鸣蝉，忽然…」\n这首诗的诗名是？','[\"所见\", \"泊船瓜洲\", \"饮湖上初晴后雨\", \"村居\"]','{\"index\": 0, \"value\": \"所见\"}','此诗名为《所见》。',1,1,'2026-07-12 06:21:54'),(168,36,'choose_next_line','「牧童骑黄牛」\n下一句是？','[\"云母屏风烛影深\", \"不知细叶谁裁出\", \"红泥小火炉\", \"歌声振林樾\"]','{\"index\": 3, \"value\": \"歌声振林樾\"}','下一句为「歌声振林樾」。',1,1,'2026-07-12 06:21:54'),(169,37,'guess_author','「泉眼无声惜细流，树阴照水爱晴柔。小荷才露…」\n这首诗的作者是谁？','[\"杨万里\", \"范成大\", \"范仲淹\", \"李商隐\"]','{\"index\": 0, \"value\": \"杨万里\"}','《小池》作者是杨万里。',2,1,'2026-07-12 06:21:54'),(170,37,'guess_title','「泉眼无声惜细流，树阴照水爱晴柔。小荷才露…」\n这首诗的诗名是？','[\"送元二使安西\", \"饮湖上初晴后雨\", \"秋浦歌\", \"小池\"]','{\"index\": 3, \"value\": \"小池\"}','此诗名为《小池》。',2,1,'2026-07-12 06:21:54'),(171,37,'choose_next_line','「泉眼无声惜细流」\n下一句是？','[\"树阴照水爱晴柔\", \"万径人踪灭\", \"月黑雁飞高\", \"我劝天公重抖擞\"]','{\"index\": 0, \"value\": \"树阴照水爱晴柔\"}','下一句为「树阴照水爱晴柔」。',2,1,'2026-07-12 06:21:54'),(172,38,'guess_author','「草长莺飞二月天，拂堤杨柳醉春烟。儿童散学…」\n这首诗的作者是谁？','[\"高适\", \"李绅\", \"高鼎\", \"李贺\"]','{\"index\": 2, \"value\": \"高鼎\"}','《村居》作者是高鼎。',1,1,'2026-07-12 06:21:54'),(173,38,'guess_title','「草长莺飞二月天，拂堤杨柳醉春烟。儿童散学…」\n这首诗的诗名是？','[\"江雪\", \"终南山\", \"别董大\", \"村居\"]','{\"index\": 3, \"value\": \"村居\"}','此诗名为《村居》。',1,1,'2026-07-12 06:21:54'),(174,38,'choose_next_line','「草长莺飞二月天」\n下一句是？','[\"洲长多暮归\", \"不要人夸好颜色\", \"拂堤杨柳醉春烟\", \"我言秋日胜春朝\"]','{\"index\": 2, \"value\": \"拂堤杨柳醉春烟\"}','下一句为「拂堤杨柳醉春烟」。',1,1,'2026-07-12 06:21:54'),(175,39,'guess_author','「碧玉妆成一树高，万条垂下绿丝绦。不知细叶…」\n这首诗的作者是谁？','[\"贾岛\", \"贺知章\", \"朱熹\", \"苏轼\"]','{\"index\": 1, \"value\": \"贺知章\"}','《咏柳》作者是贺知章。',1,1,'2026-07-12 06:21:54'),(176,39,'guess_title','「碧玉妆成一树高，万条垂下绿丝绦。不知细叶…」\n这首诗的诗名是？','[\"村夜\", \"别董大\", \"四时田园杂兴·其一\", \"咏柳\"]','{\"index\": 3, \"value\": \"咏柳\"}','此诗名为《咏柳》。',1,1,'2026-07-12 06:21:54'),(177,39,'choose_next_line','「碧玉妆成一树高」\n下一句是？','[\"畏湿红莲衣\", \"弄石临溪坐\", \"同到牵牛织女家\", \"万条垂下绿丝绦\"]','{\"index\": 3, \"value\": \"万条垂下绿丝绦\"}','下一句为「万条垂下绿丝绦」。',1,1,'2026-07-12 06:21:54'),(178,40,'guess_author','「慈母手中线，游子身上衣。临行密密缝，意恐…」\n这首诗的作者是谁？','[\"刘长卿\", \"孟郊\", \"范成大\", \"岑参\"]','{\"index\": 1, \"value\": \"孟郊\"}','《游子吟》作者是孟郊。',2,1,'2026-07-12 06:21:54'),(179,40,'guess_title','「慈母手中线，游子身上衣。临行密密缝，意恐…」\n这首诗的诗名是？','[\"乡村四月\", \"游子吟\", \"江雪\", \"墨梅\"]','{\"index\": 1, \"value\": \"游子吟\"}','此诗名为《游子吟》。',2,1,'2026-07-12 06:21:54'),(180,40,'choose_next_line','「慈母手中线」\n下一句是？','[\"不知细叶谁裁出\", \"游子身上衣\", \"子规声里雨如烟\", \"江上往来人\"]','{\"index\": 1, \"value\": \"游子身上衣\"}','下一句为「游子身上衣」。',2,1,'2026-07-12 06:21:54'),(181,41,'guess_author','「天街小雨润如酥，草色遥看近却无。最是一年…」\n这首诗的作者是谁？','[\"叶绍翁\", \"韩愈\", \"李白\", \"苏轼\"]','{\"index\": 1, \"value\": \"韩愈\"}','《早春呈水部张十八员外》作者是韩愈。',2,1,'2026-07-12 06:21:54'),(182,41,'guess_title','「天街小雨润如酥，草色遥看近却无。最是一年…」\n这首诗的诗名是？','[\"早春呈水部张十八员外\", \"马诗\", \"竹石\", \"弹琴\"]','{\"index\": 0, \"value\": \"早春呈水部张十八员外\"}','此诗名为《早春呈水部张十八员外》。',2,1,'2026-07-12 06:21:54'),(183,41,'choose_next_line','「天街小雨润如酥」\n下一句是？','[\"云母屏风烛影深\", \"向晚意不适\", \"孤云独去闲\", \"草色遥看近却无\"]','{\"index\": 3, \"value\": \"草色遥看近却无\"}','下一句为「草色遥看近却无」。',2,1,'2026-07-12 06:21:54'),(184,42,'guess_author','「爆竹声中一岁除，春风送暖入屠苏。千门万户…」\n这首诗的作者是谁？','[\"孟郊\", \"王安石\", \"郑燮\", \"陆游\"]','{\"index\": 1, \"value\": \"王安石\"}','《元日》作者是王安石。',2,1,'2026-07-12 06:21:54'),(185,42,'guess_title','「爆竹声中一岁除，春风送暖入屠苏。千门万户…」\n这首诗的诗名是？','[\"浪淘沙·其二\", \"春日\", \"元日\", \"送李少府贬峡中王少府贬长沙\"]','{\"index\": 2, \"value\": \"元日\"}','此诗名为《元日》。',2,1,'2026-07-12 06:21:54'),(186,42,'choose_next_line','「爆竹声中一岁除」\n下一句是？','[\"要留清白在人间\", \"春风送暖入屠苏\", \"日暮苍山远\", \"可怜九月初三夜\"]','{\"index\": 1, \"value\": \"春风送暖入屠苏\"}','下一句为「春风送暖入屠苏」。',2,1,'2026-07-12 06:21:54'),(187,43,'guess_author','「京口瓜洲一水间，钟山只隔数重山。春风又绿…」\n这首诗的作者是谁？','[\"朱熹\", \"王安石\", \"孟郊\", \"范仲淹\"]','{\"index\": 1, \"value\": \"王安石\"}','《泊船瓜洲》作者是王安石。',2,1,'2026-07-12 06:21:54'),(188,43,'guess_title','「京口瓜洲一水间，钟山只隔数重山。春风又绿…」\n这首诗的诗名是？','[\"送上人\", \"游园不值\", \"江村即事\", \"泊船瓜洲\"]','{\"index\": 3, \"value\": \"泊船瓜洲\"}','此诗名为《泊船瓜洲》。',2,1,'2026-07-12 06:21:54'),(189,43,'choose_next_line','「京口瓜洲一水间」\n下一句是？','[\"旧时王谢堂前燕\", \"钟山只隔数重山\", \"万径人踪灭\", \"能饮一杯无\"]','{\"index\": 1, \"value\": \"钟山只隔数重山\"}','下一句为「钟山只隔数重山」。',2,1,'2026-07-12 06:21:54'),(190,44,'guess_author','「茅檐长扫净无苔，花木成畦手自栽。一水护田…」\n这首诗的作者是谁？','[\"韩愈\", \"杨万里\", \"王安石\", \"苏轼\"]','{\"index\": 2, \"value\": \"王安石\"}','《书湖阴先生壁》作者是王安石。',3,1,'2026-07-12 06:21:54'),(191,44,'guess_title','「茅檐长扫净无苔，花木成畦手自栽。一水护田…」\n这首诗的诗名是？','[\"杂诗\", \"村居\", \"小池\", \"书湖阴先生壁\"]','{\"index\": 3, \"value\": \"书湖阴先生壁\"}','此诗名为《书湖阴先生壁》。',3,1,'2026-07-12 06:21:54'),(192,44,'choose_next_line','「茅檐长扫净无苔」\n下一句是？','[\"花木成畦手自栽\", \"报得三春晖\", \"拂堤杨柳醉春烟\", \"故园东望路漫漫\"]','{\"index\": 0, \"value\": \"花木成畦手自栽\"}','下一句为「花木成畦手自栽」。',3,1,'2026-07-12 06:21:54'),(193,45,'guess_author','「黑云翻墨未遮山，白雨跳珠乱入船。卷地风来…」\n这首诗的作者是谁？','[\"苏轼\", \"刘长卿\", \"郑燮\", \"孟浩然\"]','{\"index\": 0, \"value\": \"苏轼\"}','《六月二十七日望湖楼醉书》作者是苏轼。',2,1,'2026-07-12 06:21:54'),(194,45,'guess_title','「黑云翻墨未遮山，白雨跳珠乱入船。卷地风来…」\n这首诗的诗名是？','[\"六月二十七日望湖楼醉书\", \"早春呈水部张十八员外\", \"嫦娥\", \"营州歌\"]','{\"index\": 0, \"value\": \"六月二十七日望湖楼醉书\"}','此诗名为《六月二十七日望湖楼醉书》。',2,1,'2026-07-12 06:21:54'),(195,45,'choose_next_line','「黑云翻墨未遮山」\n下一句是？','[\"不拘一格降人才\", \"不要人夸好颜色\", \"红豆生南国\", \"白雨跳珠乱入船\"]','{\"index\": 3, \"value\": \"白雨跳珠乱入船\"}','下一句为「白雨跳珠乱入船」。',2,1,'2026-07-12 06:21:54'),(196,46,'guess_author','「水光潋滟晴方好，山色空蒙雨亦奇。欲把西湖…」\n这首诗的作者是谁？','[\"贾岛\", \"苏轼\", \"李绅\", \"王维\"]','{\"index\": 1, \"value\": \"苏轼\"}','《饮湖上初晴后雨》作者是苏轼。',2,1,'2026-07-12 06:21:54'),(197,46,'guess_title','「水光潋滟晴方好，山色空蒙雨亦奇。欲把西湖…」\n这首诗的诗名是？','[\"饮湖上初晴后雨\", \"送李少府贬峡中王少府贬长沙\", \"游子吟\", \"游园不值\"]','{\"index\": 0, \"value\": \"饮湖上初晴后雨\"}','此诗名为《饮湖上初晴后雨》。',2,1,'2026-07-12 06:21:54'),(198,46,'choose_next_line','「水光潋滟晴方好」\n下一句是？','[\"山色空蒙雨亦奇\", \"烈火焚烧若等闲\", \"二月春风似剪刀\", \"浪淘风簸自天涯\"]','{\"index\": 0, \"value\": \"山色空蒙雨亦奇\"}','下一句为「山色空蒙雨亦奇」。',2,1,'2026-07-12 06:21:54'),(199,47,'guess_author','「横看成岭侧成峰，远近高低各不同。不识庐山…」\n这首诗的作者是谁？','[\"李商隐\", \"袁枚\", \"苏轼\", \"范仲淹\"]','{\"index\": 2, \"value\": \"苏轼\"}','《题西林壁》作者是苏轼。',2,1,'2026-07-12 06:21:54'),(200,47,'guess_title','「横看成岭侧成峰，远近高低各不同。不识庐山…」\n这首诗的诗名是？','[\"村夜\", \"题西林壁\", \"六月二十七日望湖楼醉书\", \"赠刘景文\"]','{\"index\": 1, \"value\": \"题西林壁\"}','此诗名为《题西林壁》。',2,1,'2026-07-12 06:21:54'),(201,47,'choose_next_line','「横看成岭侧成峰」\n下一句是？','[\"远近高低各不同\", \"人闲桂花落\", \"月明荞麦花如雪\", \"为有源头活水来\"]','{\"index\": 0, \"value\": \"远近高低各不同\"}','下一句为「远近高低各不同」。',2,1,'2026-07-12 06:21:54'),(202,48,'guess_author','「竹外桃花三两枝，春江水暖鸭先知。蒌蒿满地…」\n这首诗的作者是谁？','[\"范成大\", \"司空曙\", \"苏轼\", \"李贺\"]','{\"index\": 2, \"value\": \"苏轼\"}','《惠崇春江晚景》作者是苏轼。',2,1,'2026-07-12 06:21:54'),(203,48,'guess_title','「竹外桃花三两枝，春江水暖鸭先知。蒌蒿满地…」\n这首诗的诗名是？','[\"惠崇春江晚景\", \"所见\", \"鸟鸣涧\", \"江雪\"]','{\"index\": 0, \"value\": \"惠崇春江晚景\"}','此诗名为《惠崇春江晚景》。',2,1,'2026-07-12 06:21:54'),(204,48,'choose_next_line','「竹外桃花三两枝」\n下一句是？','[\"野旷天低树\", \"嫦娥应悔偷灵药\", \"春江水暖鸭先知\", \"王师北定中原日\"]','{\"index\": 2, \"value\": \"春江水暖鸭先知\"}','下一句为「春江水暖鸭先知」。',2,1,'2026-07-12 06:21:54'),(205,49,'guess_author','「荷尽已无擎雨盖，菊残犹有傲霜枝。一年好景…」\n这首诗的作者是谁？','[\"龚自珍\", \"柳宗元\", \"苏轼\", \"林升\"]','{\"index\": 2, \"value\": \"苏轼\"}','《赠刘景文》作者是苏轼。',2,1,'2026-07-12 06:21:54'),(206,49,'guess_title','「荷尽已无擎雨盖，菊残犹有傲霜枝。一年好景…」\n这首诗的诗名是？','[\"浪淘沙\", \"赠刘景文\", \"相思子\", \"所见\"]','{\"index\": 1, \"value\": \"赠刘景文\"}','此诗名为《赠刘景文》。',2,1,'2026-07-12 06:21:54'),(207,49,'choose_next_line','「荷尽已无擎雨盖」\n下一句是？','[\"春风又绿江南岸\", \"要留清白在人间\", \"孤云独去闲\", \"菊残犹有傲霜枝\"]','{\"index\": 3, \"value\": \"菊残犹有傲霜枝\"}','下一句为「菊残犹有傲霜枝」。',2,1,'2026-07-12 06:21:54'),(208,50,'guess_author','「梅子黄时日日晴，小溪泛尽却山行。绿阴不减…」\n这首诗的作者是谁？','[\"韩愈\", \"刘禹锡\", \"刘长卿\", \"曾几\"]','{\"index\": 3, \"value\": \"曾几\"}','《三衢道中》作者是曾几。',2,1,'2026-07-12 06:21:55'),(209,50,'guess_title','「梅子黄时日日晴，小溪泛尽却山行。绿阴不减…」\n这首诗的诗名是？','[\"马诗\", \"三衢道中\", \"画\", \"竹石\"]','{\"index\": 1, \"value\": \"三衢道中\"}','此诗名为《三衢道中》。',2,1,'2026-07-12 06:21:55'),(210,50,'choose_next_line','「梅子黄时日日晴」\n下一句是？','[\"苍苍竹林寺\", \"小溪泛尽却山行\", \"飞入寻常百姓家\", \"出没风波里\"]','{\"index\": 1, \"value\": \"小溪泛尽却山行\"}','下一句为「小溪泛尽却山行」。',2,1,'2026-07-12 06:21:55'),(211,51,'guess_author','「死去元知万事空，但悲不见九州同。王师北定…」\n这首诗的作者是谁？','[\"陆游\", \"李白\", \"翁卷\", \"袁枚\"]','{\"index\": 0, \"value\": \"陆游\"}','《示儿》作者是陆游。',3,1,'2026-07-12 06:21:55'),(212,51,'guess_title','「死去元知万事空，但悲不见九州同。王师北定…」\n这首诗的诗名是？','[\"示儿\", \"鸟鸣涧\", \"画\", \"夜雪\"]','{\"index\": 0, \"value\": \"示儿\"}','此诗名为《示儿》。',3,1,'2026-07-12 06:21:55'),(213,51,'choose_next_line','「死去元知万事空」\n下一句是？','[\"弄石临溪坐\", \"但悲不见九州同\", \"故园东望路漫漫\", \"莫愁前路无知己\"]','{\"index\": 1, \"value\": \"但悲不见九州同\"}','下一句为「但悲不见九州同」。',3,1,'2026-07-12 06:21:55'),(214,52,'guess_author','「三万里河东入海，五千仞岳上摩天。遗民泪尽…」\n这首诗的作者是谁？','[\"陆游\", \"刘禹锡\", \"林升\", \"范成大\"]','{\"index\": 0, \"value\": \"陆游\"}','《秋夜将晓出篱门迎凉有感》作者是陆游。',3,1,'2026-07-12 06:21:55'),(215,52,'guess_title','「三万里河东入海，五千仞岳上摩天。遗民泪尽…」\n这首诗的诗名是？','[\"宿建德江\", \"秋夜将晓出篱门迎凉有感\", \"杂诗\", \"独坐敬亭山\"]','{\"index\": 1, \"value\": \"秋夜将晓出篱门迎凉有感\"}','此诗名为《秋夜将晓出篱门迎凉有感》。',3,1,'2026-07-12 06:21:55'),(216,52,'choose_next_line','「三万里河东入海」\n下一句是？','[\"意欲捕鸣蝉\", \"五千仞岳上摩天\", \"只是近黄昏\", \"千磨万击还坚劲\"]','{\"index\": 1, \"value\": \"五千仞岳上摩天\"}','下一句为「五千仞岳上摩天」。',3,1,'2026-07-12 06:21:55'),(217,53,'guess_author','「昼出耘田夜绩麻，村庄儿女各当家。童孙未解…」\n这首诗的作者是谁？','[\"曾几\", \"杨万里\", \"范成大\", \"贾岛\"]','{\"index\": 2, \"value\": \"范成大\"}','《四时田园杂兴·其一》作者是范成大。',2,1,'2026-07-12 06:21:55'),(218,53,'guess_title','「昼出耘田夜绩麻，村庄儿女各当家。童孙未解…」\n这首诗的诗名是？','[\"饮湖上初晴后雨\", \"莲花坞\", \"四时田园杂兴·其一\", \"逢入京使\"]','{\"index\": 2, \"value\": \"四时田园杂兴·其一\"}','此诗名为《四时田园杂兴·其一》。',2,1,'2026-07-12 06:21:55'),(219,53,'choose_next_line','「昼出耘田夜绩麻」\n下一句是？','[\"明月来相照\", \"村庄儿女各当家\", \"寒梅著花未\", \"时时闻鸟语\"]','{\"index\": 1, \"value\": \"村庄儿女各当家\"}','下一句为「村庄儿女各当家」。',2,1,'2026-07-12 06:21:55'),(220,54,'guess_author','「梅子金黄杏子肥，麦花雪白菜花稀。日长篱落…」\n这首诗的作者是谁？','[\"刘禹锡\", \"孟浩然\", \"李绅\", \"范成大\"]','{\"index\": 3, \"value\": \"范成大\"}','《四时田园杂兴·其二》作者是范成大。',2,1,'2026-07-12 06:21:55'),(221,54,'guess_title','「梅子金黄杏子肥，麦花雪白菜花稀。日长篱落…」\n这首诗的诗名是？','[\"莲花坞\", \"竹里馆\", \"题临安邸\", \"四时田园杂兴·其二\"]','{\"index\": 3, \"value\": \"四时田园杂兴·其二\"}','此诗名为《四时田园杂兴·其二》。',2,1,'2026-07-12 06:21:55'),(222,54,'choose_next_line','「梅子金黄杏子肥」\n下一句是？','[\"野旷天低树\", \"柴门闻犬吠\", \"西湖歌舞几时休\", \"麦花雪白菜花稀\"]','{\"index\": 3, \"value\": \"麦花雪白菜花稀\"}','下一句为「麦花雪白菜花稀」。',2,1,'2026-07-12 06:21:55'),(223,55,'guess_author','「毕竟西湖六月中，风光不与四时同。接天莲叶…」\n这首诗的作者是谁？','[\"叶绍翁\", \"杨万里\", \"朱熹\", \"李贺\"]','{\"index\": 1, \"value\": \"杨万里\"}','《晓出净慈寺送林子方》作者是杨万里。',2,1,'2026-07-12 06:21:55'),(224,55,'guess_title','「毕竟西湖六月中，风光不与四时同。接天莲叶…」\n这首诗的诗名是？','[\"晓出净慈寺送林子方\", \"观书有感\", \"相思子\", \"乡村四月\"]','{\"index\": 0, \"value\": \"晓出净慈寺送林子方\"}','此诗名为《晓出净慈寺送林子方》。',2,1,'2026-07-12 06:21:55'),(225,55,'choose_next_line','「毕竟西湖六月中」\n下一句是？','[\"游子身上衣\", \"烈火焚烧若等闲\", \"青山独归远\", \"风光不与四时同\"]','{\"index\": 3, \"value\": \"风光不与四时同\"}','下一句为「风光不与四时同」。',2,1,'2026-07-12 06:21:55'),(226,56,'guess_author','「胜日寻芳泗水滨，无边光景一时新。等闲识得…」\n这首诗的作者是谁？','[\"朱熹\", \"陆游\", \"孟浩然\", \"苏轼\"]','{\"index\": 0, \"value\": \"朱熹\"}','《春日》作者是朱熹。',2,1,'2026-07-12 06:21:55'),(227,56,'guess_title','「胜日寻芳泗水滨，无边光景一时新。等闲识得…」\n这首诗的诗名是？','[\"书湖阴先生壁\", \"春日\", \"乡村四月\", \"乐游原\"]','{\"index\": 1, \"value\": \"春日\"}','此诗名为《春日》。',2,1,'2026-07-12 06:21:55'),(228,56,'choose_next_line','「胜日寻芳泗水滨」\n下一句是？','[\"水光潋滟晴方好\", \"要留清白在人间\", \"树阴照水爱晴柔\", \"无边光景一时新\"]','{\"index\": 3, \"value\": \"无边光景一时新\"}','下一句为「无边光景一时新」。',2,1,'2026-07-12 06:21:55'),(229,57,'guess_author','「半亩方塘一鉴开，天光云影共徘徊。问渠那得…」\n这首诗的作者是谁？','[\"李商隐\", \"于谦\", \"王维\", \"朱熹\"]','{\"index\": 3, \"value\": \"朱熹\"}','《观书有感》作者是朱熹。',3,1,'2026-07-12 06:21:55'),(230,57,'guess_title','「半亩方塘一鉴开，天光云影共徘徊。问渠那得…」\n这首诗的诗名是？','[\"观书有感\", \"弹琴\", \"示儿\", \"浪淘沙·其二\"]','{\"index\": 0, \"value\": \"观书有感\"}','此诗名为《观书有感》。',3,1,'2026-07-12 06:21:55'),(231,57,'choose_next_line','「半亩方塘一鉴开」\n下一句是？','[\"天光云影共徘徊\", \"遥怜故园菊\", \"孤云将野鹤\", \"不要人夸好颜色\"]','{\"index\": 0, \"value\": \"天光云影共徘徊\"}','下一句为「天光云影共徘徊」。',3,1,'2026-07-12 06:21:55'),(232,58,'guess_author','「山外青山楼外楼，西湖歌舞几时休。暖风熏得…」\n这首诗的作者是谁？','[\"林升\", \"袁枚\", \"范成大\", \"叶绍翁\"]','{\"index\": 0, \"value\": \"林升\"}','《题临安邸》作者是林升。',3,1,'2026-07-12 06:21:55'),(233,58,'guess_title','「山外青山楼外楼，西湖歌舞几时休。暖风熏得…」\n这首诗的诗名是？','[\"三衢道中\", \"惠崇春江晚景\", \"墨梅\", \"题临安邸\"]','{\"index\": 3, \"value\": \"题临安邸\"}','此诗名为《题临安邸》。',3,1,'2026-07-12 06:21:55'),(234,58,'choose_next_line','「山外青山楼外楼」\n下一句是？','[\"为有源头活水来\", \"大漠沙如雪\", \"碧玉妆成一树高\", \"西湖歌舞几时休\"]','{\"index\": 3, \"value\": \"西湖歌舞几时休\"}','下一句为「西湖歌舞几时休」。',3,1,'2026-07-12 06:21:55'),(235,59,'guess_author','「应怜屐齿印苍苔，小扣柴扉久不开。春色满园…」\n这首诗的作者是谁？','[\"高鼎\", \"卢纶\", \"孟郊\", \"叶绍翁\"]','{\"index\": 3, \"value\": \"叶绍翁\"}','《游园不值》作者是叶绍翁。',2,1,'2026-07-12 06:21:55'),(236,59,'guess_title','「应怜屐齿印苍苔，小扣柴扉久不开。春色满园…」\n这首诗的诗名是？','[\"问刘十九\", \"游园不值\", \"送上人\", \"江雪\"]','{\"index\": 1, \"value\": \"游园不值\"}','此诗名为《游园不值》。',2,1,'2026-07-12 06:21:55'),(237,59,'choose_next_line','「应怜屐齿印苍苔」\n下一句是？','[\"衡阳归雁几封书\", \"何当金络脑\", \"小扣柴扉久不开\", \"天下谁人不识君\"]','{\"index\": 2, \"value\": \"小扣柴扉久不开\"}','下一句为「小扣柴扉久不开」。',2,1,'2026-07-12 06:21:55'),(238,60,'guess_author','「绿遍山原白满川，子规声里雨如烟。乡村四月…」\n这首诗的作者是谁？','[\"翁卷\", \"苏轼\", \"杨万里\", \"王冕\"]','{\"index\": 0, \"value\": \"翁卷\"}','《乡村四月》作者是翁卷。',2,1,'2026-07-12 06:21:55'),(239,60,'guess_title','「绿遍山原白满川，子规声里雨如烟。乡村四月…」\n这首诗的诗名是？','[\"乡村四月\", \"夜雪\", \"送灵澈上人\", \"秋夜将晓出篱门迎凉有感\"]','{\"index\": 0, \"value\": \"乡村四月\"}','此诗名为《乡村四月》。',2,1,'2026-07-12 06:21:55'),(240,60,'choose_next_line','「绿遍山原白满川」\n下一句是？','[\"天街小雨润如酥\", \"秋收万颗子\", \"偷采白莲回\", \"子规声里雨如烟\"]','{\"index\": 3, \"value\": \"子规声里雨如烟\"}','下一句为「子规声里雨如烟」。',2,1,'2026-07-12 06:21:55'),(241,61,'guess_author','「吾家洗砚池头树，朵朵花开淡墨痕。不要人夸…」\n这首诗的作者是谁？','[\"范成大\", \"刘禹锡\", \"孟郊\", \"王冕\"]','{\"index\": 3, \"value\": \"王冕\"}','《墨梅》作者是王冕。',2,1,'2026-07-12 06:21:55'),(242,61,'guess_title','「吾家洗砚池头树，朵朵花开淡墨痕。不要人夸…」\n这首诗的诗名是？','[\"逢雪宿芙蓉山主人\", \"秋浦歌\", \"终南山\", \"墨梅\"]','{\"index\": 3, \"value\": \"墨梅\"}','此诗名为《墨梅》。',2,1,'2026-07-12 06:21:55'),(243,61,'choose_next_line','「吾家洗砚池头树」\n下一句是？','[\"报得三春晖\", \"朵朵花开淡墨痕\", \"苍苍竹林寺\", \"立根原在破岩中\"]','{\"index\": 1, \"value\": \"朵朵花开淡墨痕\"}','下一句为「朵朵花开淡墨痕」。',2,1,'2026-07-12 06:21:55'),(244,62,'guess_author','「千锤万凿出深山，烈火焚烧若等闲。粉骨碎身…」\n这首诗的作者是谁？','[\"李白\", \"贾岛\", \"于谦\", \"龚自珍\"]','{\"index\": 2, \"value\": \"于谦\"}','《石灰吟》作者是于谦。',2,1,'2026-07-12 06:21:55'),(245,62,'guess_title','「千锤万凿出深山，烈火焚烧若等闲。粉骨碎身…」\n这首诗的诗名是？','[\"三衢道中\", \"石灰吟\", \"春日\", \"悯农·其二\"]','{\"index\": 1, \"value\": \"石灰吟\"}','此诗名为《石灰吟》。',2,1,'2026-07-12 06:21:55'),(246,62,'choose_next_line','「千锤万凿出深山」\n下一句是？','[\"烈火焚烧若等闲\", \"黑云翻墨未遮山\", \"西湖歌舞几时休\", \"柴门闻犬吠\"]','{\"index\": 0, \"value\": \"烈火焚烧若等闲\"}','下一句为「烈火焚烧若等闲」。',2,1,'2026-07-12 06:21:55'),(247,63,'guess_author','「咬定青山不放松，立根原在破岩中。千磨万击…」\n这首诗的作者是谁？','[\"刘禹锡\", \"郑燮\", \"李绅\", \"岑参\"]','{\"index\": 1, \"value\": \"郑燮\"}','《竹石》作者是郑燮。',2,1,'2026-07-12 06:21:55'),(248,63,'guess_title','「咬定青山不放松，立根原在破岩中。千磨万击…」\n这首诗的诗名是？','[\"竹石\", \"遗爱寺\", \"相思子\", \"问刘十九\"]','{\"index\": 0, \"value\": \"竹石\"}','此诗名为《竹石》。',2,1,'2026-07-12 06:21:55'),(249,63,'choose_next_line','「咬定青山不放松」\n下一句是？','[\"立根原在破岩中\", \"望湖楼下水如天\", \"劝君更尽一杯酒\", \"春风又绿江南岸\"]','{\"index\": 0, \"value\": \"立根原在破岩中\"}','下一句为「立根原在破岩中」。',2,1,'2026-07-12 06:21:55'),(250,64,'guess_author','「九州生气恃风雷，万马齐喑究可哀。我劝天公…」\n这首诗的作者是谁？','[\"龚自珍\", \"贾岛\", \"曾几\", \"李贺\"]','{\"index\": 0, \"value\": \"龚自珍\"}','《己亥杂诗》作者是龚自珍。',3,1,'2026-07-12 06:21:55'),(251,64,'guess_title','「九州生气恃风雷，万马齐喑究可哀。我劝天公…」\n这首诗的诗名是？','[\"江村即事\", \"书湖阴先生壁\", \"己亥杂诗\", \"宿建德江\"]','{\"index\": 2, \"value\": \"己亥杂诗\"}','此诗名为《己亥杂诗》。',3,1,'2026-07-12 06:21:55'),(252,64,'choose_next_line','「九州生气恃风雷」\n下一句是？','[\"梅子黄时日日晴\", \"夕阳无限好\", \"万马齐喑究可哀\", \"昼出耘田夜绩麻\"]','{\"index\": 2, \"value\": \"万马齐喑究可哀\"}','下一句为「万马齐喑究可哀」。',3,1,'2026-07-12 06:21:55'),(253,65,'guess_author','「霜草苍苍虫切切，村南村北行人绝。独出门前…」\n这首诗的作者是谁？','[\"杨万里\", \"白居易\", \"贺知章\", \"叶绍翁\"]','{\"index\": 1, \"value\": \"白居易\"}','《村夜》作者是白居易。',2,1,'2026-07-12 06:21:55'),(254,65,'guess_title','「霜草苍苍虫切切，村南村北行人绝。独出门前…」\n这首诗的诗名是？','[\"鸟鸣涧\", \"浪淘沙·其二\", \"石灰吟\", \"村夜\"]','{\"index\": 3, \"value\": \"村夜\"}','此诗名为《村夜》。',2,1,'2026-07-12 06:21:55'),(255,65,'choose_next_line','「霜草苍苍虫切切」\n下一句是？','[\"村南村北行人绝\", \"四海无闲田\", \"远看山有色\", \"江村月落正堪眠\"]','{\"index\": 0, \"value\": \"村南村北行人绝\"}','下一句为「村南村北行人绝」。',2,1,'2026-07-12 06:21:55'),(256,66,'guess_author','「一道残阳铺水中，半江瑟瑟半江红。可怜九月…」\n这首诗的作者是谁？','[\"李白\", \"白居易\", \"龚自珍\", \"王冕\"]','{\"index\": 1, \"value\": \"白居易\"}','《暮江吟》作者是白居易。',2,1,'2026-07-12 06:21:55'),(257,66,'guess_title','「一道残阳铺水中，半江瑟瑟半江红。可怜九月…」\n这首诗的诗名是？','[\"晓出净慈寺送林子方\", \"营州歌\", \"暮江吟\", \"寻隐者不遇\"]','{\"index\": 2, \"value\": \"暮江吟\"}','此诗名为《暮江吟》。',2,1,'2026-07-12 06:21:55'),(258,66,'choose_next_line','「一道残阳铺水中」\n下一句是？','[\"青山独归远\", \"莫买沃洲山\", \"朵朵花开淡墨痕\", \"半江瑟瑟半江红\"]','{\"index\": 3, \"value\": \"半江瑟瑟半江红\"}','下一句为「半江瑟瑟半江红」。',2,1,'2026-07-12 06:21:55'),(259,67,'guess_author','「人闲桂花落，夜静春山空。月出惊山鸟，时鸣…」\n这首诗的作者是谁？','[\"叶绍翁\", \"朱熹\", \"李白\", \"王维\"]','{\"index\": 3, \"value\": \"王维\"}','《鸟鸣涧》作者是王维。',1,1,'2026-07-12 06:21:55'),(260,67,'guess_title','「人闲桂花落，夜静春山空。月出惊山鸟，时鸣…」\n这首诗的诗名是？','[\"相思子\", \"鸟鸣涧\", \"乌衣巷\", \"弹琴\"]','{\"index\": 1, \"value\": \"鸟鸣涧\"}','此诗名为《鸟鸣涧》。',1,1,'2026-07-12 06:21:55'),(261,67,'choose_next_line','「人闲桂花落」\n下一句是？','[\"夜静春山空\", \"众鸟高飞尽\", \"八月涛声吼地来\", \"霜草苍苍虫切切\"]','{\"index\": 0, \"value\": \"夜静春山空\"}','下一句为「夜静春山空」。',1,1,'2026-07-12 06:21:55'),(262,68,'guess_author','「独坐幽篁里，弹琴复长啸。深林人不知，明月…」\n这首诗的作者是谁？','[\"高适\", \"王维\", \"李绅\", \"郑燮\"]','{\"index\": 1, \"value\": \"王维\"}','《竹里馆》作者是王维。',2,1,'2026-07-12 06:21:55'),(263,68,'guess_title','「独坐幽篁里，弹琴复长啸。深林人不知，明月…」\n这首诗的诗名是？','[\"晓出净慈寺送林子方\", \"题临安邸\", \"竹里馆\", \"送上人\"]','{\"index\": 2, \"value\": \"竹里馆\"}','此诗名为《竹里馆》。',2,1,'2026-07-12 06:21:55'),(264,68,'choose_next_line','「独坐幽篁里」\n下一句是？','[\"明月来相照\", \"钟山只隔数重山\", \"弹琴复长啸\", \"风光不与四时同\"]','{\"index\": 2, \"value\": \"弹琴复长啸\"}','下一句为「弹琴复长啸」。',2,1,'2026-07-12 06:21:55'),(265,69,'guess_author','「渭城朝雨浥轻尘，客舍青青柳色新。劝君更尽…」\n这首诗的作者是谁？','[\"范仲淹\", \"王维\", \"袁枚\", \"岑参\"]','{\"index\": 1, \"value\": \"王维\"}','《送元二使安西》作者是王维。',2,1,'2026-07-12 06:21:55'),(266,69,'guess_title','「渭城朝雨浥轻尘，客舍青青柳色新。劝君更尽…」\n这首诗的诗名是？','[\"江村即事\", \"题西林壁\", \"送元二使安西\", \"竹里馆\"]','{\"index\": 2, \"value\": \"送元二使安西\"}','此诗名为《送元二使安西》。',2,1,'2026-07-12 06:21:55'),(267,69,'choose_next_line','「渭城朝雨浥轻尘」\n下一句是？','[\"静听松风寒\", \"客舍青青柳色新\", \"苍苍竹林寺\", \"日暮客愁新\"]','{\"index\": 1, \"value\": \"客舍青青柳色新\"}','下一句为「客舍青青柳色新」。',2,1,'2026-07-12 06:21:55'),(268,70,'guess_author','「日日采莲去，洲长多暮归。弄篙莫溅水，畏湿…」\n这首诗的作者是谁？','[\"王维\", \"郑燮\", \"司空曙\", \"范成大\"]','{\"index\": 0, \"value\": \"王维\"}','《莲花坞》作者是王维。',2,1,'2026-07-12 06:21:55'),(269,70,'guess_title','「日日采莲去，洲长多暮归。弄篙莫溅水，畏湿…」\n这首诗的诗名是？','[\"游子吟\", \"莲花坞\", \"三衢道中\", \"小池\"]','{\"index\": 1, \"value\": \"莲花坞\"}','此诗名为《莲花坞》。',2,1,'2026-07-12 06:21:55'),(270,70,'choose_next_line','「日日采莲去」\n下一句是？','[\"烈火焚烧若等闲\", \"草色遥看近却无\", \"卷地风来忽吹散\", \"洲长多暮归\"]','{\"index\": 3, \"value\": \"洲长多暮归\"}','下一句为「洲长多暮归」。',2,1,'2026-07-12 06:21:55'),(271,71,'guess_author','「红豆生南国，秋来发几枝。愿君多采撷，此物…」\n这首诗的作者是谁？','[\"李商隐\", \"杨万里\", \"曾几\", \"王维\"]','{\"index\": 3, \"value\": \"王维\"}','《相思子》作者是王维。',1,1,'2026-07-12 06:21:55'),(272,71,'guess_title','「红豆生南国，秋来发几枝。愿君多采撷，此物…」\n这首诗的诗名是？','[\"相思子\", \"莲花坞\", \"泊船瓜洲\", \"村居\"]','{\"index\": 0, \"value\": \"相思子\"}','此诗名为《相思子》。',1,1,'2026-07-12 06:21:55'),(273,71,'choose_next_line','「红豆生南国」\n下一句是？','[\"秋来发几枝\", \"绿阴不减来时路\", \"万马齐喑究可哀\", \"报得三春晖\"]','{\"index\": 0, \"value\": \"秋来发几枝\"}','下一句为「秋来发几枝」。',1,1,'2026-07-12 06:21:55'),(274,72,'guess_author','「君自故乡来，应知故乡事。来日绮窗前，寒梅…」\n这首诗的作者是谁？','[\"韩愈\", \"范仲淹\", \"陆游\", \"王维\"]','{\"index\": 3, \"value\": \"王维\"}','《杂诗》作者是王维。',2,1,'2026-07-12 06:21:55'),(275,72,'guess_title','「君自故乡来，应知故乡事。来日绮窗前，寒梅…」\n这首诗的诗名是？','[\"竹里馆\", \"江上渔者\", \"杂诗\", \"乡村四月\"]','{\"index\": 2, \"value\": \"杂诗\"}','此诗名为《杂诗》。',2,1,'2026-07-12 06:21:55'),(276,72,'choose_next_line','「君自故乡来」\n下一句是？','[\"慈母手中线\", \"八月涛声吼地来\", \"应知故乡事\", \"子规声里雨如烟\"]','{\"index\": 2, \"value\": \"应知故乡事\"}','下一句为「应知故乡事」。',2,1,'2026-07-12 06:21:55'),(277,73,'guess_author','「太乙近天都，连山接海隅。白云回望合，青霭…」\n这首诗的作者是谁？','[\"李白\", \"卢纶\", \"王维\", \"郑燮\"]','{\"index\": 2, \"value\": \"王维\"}','《终南山》作者是王维。',3,1,'2026-07-12 06:21:55'),(278,73,'guess_title','「太乙近天都，连山接海隅。白云回望合，青霭…」\n这首诗的诗名是？','[\"游子吟\", \"村居\", \"终南山\", \"秋夜将晓出篱门迎凉有感\"]','{\"index\": 2, \"value\": \"终南山\"}','此诗名为《终南山》。',3,1,'2026-07-12 06:21:55'),(279,73,'choose_next_line','「太乙近天都」\n下一句是？','[\"移舟泊烟渚\", \"山色空蒙雨亦奇\", \"连山接海隅\", \"风雪夜归人\"]','{\"index\": 2, \"value\": \"连山接海隅\"}','下一句为「连山接海隅」。',3,1,'2026-07-12 06:21:55'),(280,74,'guess_author','「远看山有色，近听水无声。春去花还在，人来…」\n这首诗的作者是谁？','[\"李贺\", \"苏轼\", \"王冕\", \"王维\"]','{\"index\": 3, \"value\": \"王维\"}','《画》作者是王维。',1,1,'2026-07-12 06:21:55'),(281,74,'guess_title','「远看山有色，近听水无声。春去花还在，人来…」\n这首诗的诗名是？','[\"杂诗\", \"竹石\", \"画\", \"宿建德江\"]','{\"index\": 2, \"value\": \"画\"}','此诗名为《画》。',1,1,'2026-07-12 06:21:55'),(282,74,'choose_next_line','「远看山有色」\n下一句是？','[\"谁知盘中餐\", \"牧童骑黄牛\", \"近听水无声\", \"不拘一格降人才\"]','{\"index\": 2, \"value\": \"近听水无声\"}','下一句为「近听水无声」。',1,1,'2026-07-12 06:21:55'),(283,75,'guess_author','「白发三千丈，缘愁似个长。不知明镜里，何处…」\n这首诗的作者是谁？','[\"杨万里\", \"刘禹锡\", \"叶绍翁\", \"李白\"]','{\"index\": 3, \"value\": \"李白\"}','《秋浦歌》作者是李白。',2,1,'2026-07-12 06:21:55'),(284,75,'guess_title','「白发三千丈，缘愁似个长。不知明镜里，何处…」\n这首诗的诗名是？','[\"马诗\", \"独坐敬亭山\", \"秋浦歌\", \"终南山\"]','{\"index\": 2, \"value\": \"秋浦歌\"}','此诗名为《秋浦歌》。',2,1,'2026-07-12 06:21:55'),(285,75,'choose_next_line','「白发三千丈」\n下一句是？','[\"死去元知万事空\", \"夜深知雪重\", \"来日绮窗前\", \"缘愁似个长\"]','{\"index\": 3, \"value\": \"缘愁似个长\"}','下一句为「缘愁似个长」。',2,1,'2026-07-12 06:21:55'),(286,76,'guess_author','「众鸟高飞尽，孤云独去闲。相看两不厌，只有…」\n这首诗的作者是谁？','[\"林升\", \"李白\", \"贺知章\", \"朱熹\"]','{\"index\": 1, \"value\": \"李白\"}','《独坐敬亭山》作者是李白。',2,1,'2026-07-12 06:21:55'),(287,76,'guess_title','「众鸟高飞尽，孤云独去闲。相看两不厌，只有…」\n这首诗的诗名是？','[\"独坐敬亭山\", \"夜雪\", \"行军九日思长安故园\", \"六月二十七日望湖楼醉书\"]','{\"index\": 0, \"value\": \"独坐敬亭山\"}','此诗名为《独坐敬亭山》。',2,1,'2026-07-12 06:21:55'),(288,76,'choose_next_line','「众鸟高飞尽」\n下一句是？','[\"时闻折竹声\", \"早有蜻蜓立上头\", \"孤云独去闲\", \"日长篱落无人过\"]','{\"index\": 2, \"value\": \"孤云独去闲\"}','下一句为「孤云独去闲」。',2,1,'2026-07-12 06:21:55'),(289,77,'guess_author','「自古逢秋悲寂寥，我言秋日胜春朝。晴空一鹤…」\n这首诗的作者是谁？','[\"孟郊\", \"王维\", \"刘禹锡\", \"李白\"]','{\"index\": 2, \"value\": \"刘禹锡\"}','《秋词》作者是刘禹锡。',2,1,'2026-07-12 06:21:55'),(290,77,'guess_title','「自古逢秋悲寂寥，我言秋日胜春朝。晴空一鹤…」\n这首诗的诗名是？','[\"望洞庭\", \"江村即事\", \"秋词\", \"鸟鸣涧\"]','{\"index\": 2, \"value\": \"秋词\"}','此诗名为《秋词》。',2,1,'2026-07-12 06:21:55'),(291,77,'choose_next_line','「自古逢秋悲寂寥」\n下一句是？','[\"洲长多暮归\", \"云深不知处\", \"添得黄鹂四五声\", \"我言秋日胜春朝\"]','{\"index\": 3, \"value\": \"我言秋日胜春朝\"}','下一句为「我言秋日胜春朝」。',2,1,'2026-07-12 06:21:55'),(292,78,'guess_author','「九曲黄河万里沙，浪淘风簸自天涯。如今直上…」\n这首诗的作者是谁？','[\"郑燮\", \"贺知章\", \"柳宗元\", \"刘禹锡\"]','{\"index\": 3, \"value\": \"刘禹锡\"}','《浪淘沙》作者是刘禹锡。',2,1,'2026-07-12 06:21:55'),(293,78,'guess_title','「九曲黄河万里沙，浪淘风簸自天涯。如今直上…」\n这首诗的诗名是？','[\"嫦娥\", \"行军九日思长安故园\", \"村夜\", \"浪淘沙\"]','{\"index\": 3, \"value\": \"浪淘沙\"}','此诗名为《浪淘沙》。',2,1,'2026-07-12 06:21:55'),(294,78,'choose_next_line','「九曲黄河万里沙」\n下一句是？','[\"浪淘风簸自天涯\", \"头高数丈触山回\", \"绿蚁新醅酒\", \"荷尽已无擎雨盖\"]','{\"index\": 0, \"value\": \"浪淘风簸自天涯\"}','下一句为「浪淘风簸自天涯」。',2,1,'2026-07-12 06:21:55'),(295,79,'guess_author','「朱雀桥边野草花，乌衣巷口夕阳斜。旧时王谢…」\n这首诗的作者是谁？','[\"贾岛\", \"叶绍翁\", \"刘禹锡\", \"卢纶\"]','{\"index\": 2, \"value\": \"刘禹锡\"}','《乌衣巷》作者是刘禹锡。',3,1,'2026-07-12 06:21:55'),(296,79,'guess_title','「朱雀桥边野草花，乌衣巷口夕阳斜。旧时王谢…」\n这首诗的诗名是？','[\"送元二使安西\", \"鸟鸣涧\", \"江雪\", \"乌衣巷\"]','{\"index\": 3, \"value\": \"乌衣巷\"}','此诗名为《乌衣巷》。',3,1,'2026-07-12 06:21:55'),(297,79,'choose_next_line','「朱雀桥边野草花」\n下一句是？','[\"天下谁人不识君\", \"今人多不弹\", \"乌衣巷口夕阳斜\", \"春去花还在\"]','{\"index\": 2, \"value\": \"乌衣巷口夕阳斜\"}','下一句为「乌衣巷口夕阳斜」。',3,1,'2026-07-12 06:21:55'),(298,80,'guess_author','「绿蚁新醅酒，红泥小火炉。晚来天欲雪，能饮…」\n这首诗的作者是谁？','[\"贺知章\", \"白居易\", \"高鼎\", \"于谦\"]','{\"index\": 1, \"value\": \"白居易\"}','《问刘十九》作者是白居易。',1,1,'2026-07-12 06:21:55'),(299,80,'guess_title','「绿蚁新醅酒，红泥小火炉。晚来天欲雪，能饮…」\n这首诗的诗名是？','[\"乡村四月\", \"马诗\", \"问刘十九\", \"所见\"]','{\"index\": 2, \"value\": \"问刘十九\"}','此诗名为《问刘十九》。',1,1,'2026-07-12 06:21:55'),(300,80,'choose_next_line','「绿蚁新醅酒」\n下一句是？','[\"飞入寻常百姓家\", \"最是橙黄橘绿时\", \"乌衣巷口夕阳斜\", \"红泥小火炉\"]','{\"index\": 3, \"value\": \"红泥小火炉\"}','下一句为「红泥小火炉」。',1,1,'2026-07-12 06:21:55'),(301,81,'guess_author','「小娃撑小艇，偷采白莲回。不解藏踪迹，浮萍…」\n这首诗的作者是谁？','[\"郑燮\", \"翁卷\", \"李贺\", \"白居易\"]','{\"index\": 3, \"value\": \"白居易\"}','《池上》作者是白居易。',1,1,'2026-07-12 06:21:55'),(302,81,'guess_title','「小娃撑小艇，偷采白莲回。不解藏踪迹，浮萍…」\n这首诗的诗名是？','[\"马诗\", \"池上\", \"寻隐者不遇\", \"赠刘景文\"]','{\"index\": 1, \"value\": \"池上\"}','此诗名为《池上》。',1,1,'2026-07-12 06:21:55'),(303,81,'choose_next_line','「小娃撑小艇」\n下一句是？','[\"偷采白莲回\", \"浮萍一道开\", \"青霭入看无\", \"万马齐喑究可哀\"]','{\"index\": 0, \"value\": \"偷采白莲回\"}','下一句为「偷采白莲回」。',1,1,'2026-07-12 06:21:55'),(304,82,'guess_author','「弄石临溪坐，寻花绕寺行。时时闻鸟语，处处…」\n这首诗的作者是谁？','[\"孟郊\", \"苏轼\", \"白居易\", \"于谦\"]','{\"index\": 2, \"value\": \"白居易\"}','《遗爱寺》作者是白居易。',2,1,'2026-07-12 06:21:55'),(305,82,'guess_title','「弄石临溪坐，寻花绕寺行。时时闻鸟语，处处…」\n这首诗的诗名是？','[\"元日\", \"遗爱寺\", \"宿建德江\", \"乡村四月\"]','{\"index\": 1, \"value\": \"遗爱寺\"}','此诗名为《遗爱寺》。',2,1,'2026-07-12 06:21:55'),(306,82,'choose_next_line','「弄石临溪坐」\n下一句是？','[\"明月来相照\", \"家祭无忘告乃翁\", \"寻花绕寺行\", \"江清月近人\"]','{\"index\": 2, \"value\": \"寻花绕寺行\"}','下一句为「寻花绕寺行」。',2,1,'2026-07-12 06:21:55'),(307,83,'guess_author','「已讶衾枕冷，复见窗户明。夜深知雪重，时闻…」\n这首诗的作者是谁？','[\"白居易\", \"贾岛\", \"袁枚\", \"龚自珍\"]','{\"index\": 0, \"value\": \"白居易\"}','《夜雪》作者是白居易。',2,1,'2026-07-12 06:21:55'),(308,83,'guess_title','「已讶衾枕冷，复见窗户明。夜深知雪重，时闻…」\n这首诗的诗名是？','[\"夜雪\", \"马诗\", \"石灰吟\", \"别董大\"]','{\"index\": 0, \"value\": \"夜雪\"}','此诗名为《夜雪》。',2,1,'2026-07-12 06:21:55'),(309,83,'choose_next_line','「已讶衾枕冷」\n下一句是？','[\"乌衣巷口夕阳斜\", \"谁言寸草心\", \"朵朵花开淡墨痕\", \"复见窗户明\"]','{\"index\": 3, \"value\": \"复见窗户明\"}','下一句为「复见窗户明」。',2,1,'2026-07-12 06:21:55'),(310,84,'guess_author','「大漠沙如雪，燕山月似钩。何当金络脑，快走…」\n这首诗的作者是谁？','[\"范成大\", \"李白\", \"王维\", \"李贺\"]','{\"index\": 3, \"value\": \"李贺\"}','《马诗》作者是李贺。',2,1,'2026-07-12 06:21:55'),(311,84,'guess_title','「大漠沙如雪，燕山月似钩。何当金络脑，快走…」\n这首诗的诗名是？','[\"马诗\", \"示儿\", \"鸟鸣涧\", \"送灵澈上人\"]','{\"index\": 0, \"value\": \"马诗\"}','此诗名为《马诗》。',2,1,'2026-07-12 06:21:55'),(312,84,'choose_next_line','「大漠沙如雪」\n下一句是？','[\"粉骨碎身浑不怕\", \"明月来相照\", \"长河渐落晓星沉\", \"燕山月似钩\"]','{\"index\": 3, \"value\": \"燕山月似钩\"}','下一句为「燕山月似钩」。',2,1,'2026-07-12 06:21:55'),(313,85,'guess_author','「云母屏风烛影深，长河渐落晓星沉。嫦娥应悔…」\n这首诗的作者是谁？','[\"曾几\", \"王安石\", \"李商隐\", \"贺知章\"]','{\"index\": 2, \"value\": \"李商隐\"}','《嫦娥》作者是李商隐。',3,1,'2026-07-12 06:21:55'),(314,85,'guess_title','「云母屏风烛影深，长河渐落晓星沉。嫦娥应悔…」\n这首诗的诗名是？','[\"悯农·其二\", \"嫦娥\", \"竹里馆\", \"池上\"]','{\"index\": 1, \"value\": \"嫦娥\"}','此诗名为《嫦娥》。',3,1,'2026-07-12 06:21:55'),(315,85,'choose_next_line','「云母屏风烛影深」\n下一句是？','[\"人闲桂花落\", \"长河渐落晓星沉\", \"纵然一夜风吹去\", \"一枝红杏出墙来\"]','{\"index\": 1, \"value\": \"长河渐落晓星沉\"}','下一句为「长河渐落晓星沉」。',3,1,'2026-07-12 06:21:55'),(316,86,'guess_author','「向晚意不适，驱车登古原。夕阳无限好，只是…」\n这首诗的作者是谁？','[\"李商隐\", \"王安石\", \"岑参\", \"范成大\"]','{\"index\": 0, \"value\": \"李商隐\"}','《乐游原》作者是李商隐。',1,1,'2026-07-12 06:21:55'),(317,86,'guess_title','「向晚意不适，驱车登古原。夕阳无限好，只是…」\n这首诗的诗名是？','[\"乐游原\", \"题西林壁\", \"秋词\", \"江上渔者\"]','{\"index\": 0, \"value\": \"乐游原\"}','此诗名为《乐游原》。',1,1,'2026-07-12 06:21:55'),(318,86,'choose_next_line','「向晚意不适」\n下一句是？','[\"夜深知雪重\", \"驱车登古原\", \"胜日寻芳泗水滨\", \"南望王师又一年\"]','{\"index\": 1, \"value\": \"驱车登古原\"}','下一句为「驱车登古原」。',1,1,'2026-07-12 06:21:55'),(319,87,'guess_author','「移舟泊烟渚，日暮客愁新。野旷天低树，江清…」\n这首诗的作者是谁？','[\"李商隐\", \"王冕\", \"孟浩然\", \"李贺\"]','{\"index\": 2, \"value\": \"孟浩然\"}','《宿建德江》作者是孟浩然。',2,1,'2026-07-12 06:21:55'),(320,87,'guess_title','「移舟泊烟渚，日暮客愁新。野旷天低树，江清…」\n这首诗的诗名是？','[\"画\", \"六月二十七日望湖楼醉书\", \"竹里馆\", \"宿建德江\"]','{\"index\": 3, \"value\": \"宿建德江\"}','此诗名为《宿建德江》。',2,1,'2026-07-12 06:21:55'),(321,87,'choose_next_line','「移舟泊烟渚」\n下一句是？','[\"我言秋日胜春朝\", \"日暮客愁新\", \"偷采白莲回\", \"小扣柴扉久不开\"]','{\"index\": 1, \"value\": \"日暮客愁新\"}','下一句为「日暮客愁新」。',2,1,'2026-07-12 06:21:55'),(322,88,'guess_author','「湖光秋月两相和，潭面无风镜未磨。遥望洞庭…」\n这首诗的作者是谁？','[\"王冕\", \"郑燮\", \"刘禹锡\", \"贺知章\"]','{\"index\": 2, \"value\": \"刘禹锡\"}','《望洞庭》作者是刘禹锡。',2,1,'2026-07-12 06:21:55'),(323,88,'guess_title','「湖光秋月两相和，潭面无风镜未磨。遥望洞庭…」\n这首诗的诗名是？','[\"书湖阴先生壁\", \"乌衣巷\", \"望洞庭\", \"浪淘沙\"]','{\"index\": 2, \"value\": \"望洞庭\"}','此诗名为《望洞庭》。',2,1,'2026-07-12 06:21:55'),(324,88,'choose_next_line','「湖光秋月两相和」\n下一句是？','[\"应知故乡事\", \"直把杭州作汴州\", \"碧玉妆成一树高\", \"潭面无风镜未磨\"]','{\"index\": 3, \"value\": \"潭面无风镜未磨\"}','下一句为「潭面无风镜未磨」。',2,1,'2026-07-12 06:21:55'),(325,89,'guess_author','「八月涛声吼地来，头高数丈触山回。须臾却入…」\n这首诗的作者是谁？','[\"岑参\", \"郑燮\", \"刘禹锡\", \"卢纶\"]','{\"index\": 2, \"value\": \"刘禹锡\"}','《浪淘沙·其二》作者是刘禹锡。',2,1,'2026-07-12 06:21:55'),(326,89,'guess_title','「八月涛声吼地来，头高数丈触山回。须臾却入…」\n这首诗的诗名是？','[\"浪淘沙·其二\", \"塞下曲\", \"泊船瓜洲\", \"六月二十七日望湖楼醉书\"]','{\"index\": 0, \"value\": \"浪淘沙·其二\"}','此诗名为《浪淘沙·其二》。',2,1,'2026-07-12 06:21:55'),(327,89,'choose_next_line','「八月涛声吼地来」\n下一句是？','[\"遥望洞庭山水翠\", \"绿蚁新醅酒\", \"便引诗情到碧霄\", \"头高数丈触山回\"]','{\"index\": 3, \"value\": \"头高数丈触山回\"}','下一句为「头高数丈触山回」。',2,1,'2026-07-12 06:21:55'),(328,90,'guess_author','「日暮苍山远，天寒白屋贫。柴门闻犬吠，风雪…」\n这首诗的作者是谁？','[\"苏轼\", \"卢纶\", \"王安石\", \"刘长卿\"]','{\"index\": 3, \"value\": \"刘长卿\"}','《逢雪宿芙蓉山主人》作者是刘长卿。',2,1,'2026-07-12 06:21:55'),(329,90,'guess_title','「日暮苍山远，天寒白屋贫。柴门闻犬吠，风雪…」\n这首诗的诗名是？','[\"宿建德江\", \"题临安邸\", \"浪淘沙\", \"逢雪宿芙蓉山主人\"]','{\"index\": 3, \"value\": \"逢雪宿芙蓉山主人\"}','此诗名为《逢雪宿芙蓉山主人》。',2,1,'2026-07-12 06:21:55'),(330,90,'choose_next_line','「日暮苍山远」\n下一句是？','[\"天寒白屋贫\", \"晴空一鹤排云上\", \"京口瓜洲一水间\", \"巫峡啼猿数行泪\"]','{\"index\": 0, \"value\": \"天寒白屋贫\"}','下一句为「天寒白屋贫」。',2,1,'2026-07-12 06:21:55'),(331,91,'guess_author','「苍苍竹林寺，杳杳钟声晚。荷笠带斜阳，青山…」\n这首诗的作者是谁？','[\"高适\", \"郑燮\", \"叶绍翁\", \"刘长卿\"]','{\"index\": 3, \"value\": \"刘长卿\"}','《送灵澈上人》作者是刘长卿。',2,1,'2026-07-12 06:21:55'),(332,91,'guess_title','「苍苍竹林寺，杳杳钟声晚。荷笠带斜阳，青山…」\n这首诗的诗名是？','[\"送灵澈上人\", \"终南山\", \"悯农·其二\", \"小池\"]','{\"index\": 0, \"value\": \"送灵澈上人\"}','此诗名为《送灵澈上人》。',2,1,'2026-07-12 06:21:55'),(333,91,'choose_next_line','「苍苍竹林寺」\n下一句是？','[\"山外青山楼外楼\", \"二月春风似剪刀\", \"杳杳钟声晚\", \"半亩方塘一鉴开\"]','{\"index\": 2, \"value\": \"杳杳钟声晚\"}','下一句为「杳杳钟声晚」。',2,1,'2026-07-12 06:21:55'),(334,92,'guess_author','「泠泠七弦上，静听松风寒。古调虽自爱，今人…」\n这首诗的作者是谁？','[\"范仲淹\", \"刘长卿\", \"柳宗元\", \"叶绍翁\"]','{\"index\": 1, \"value\": \"刘长卿\"}','《弹琴》作者是刘长卿。',3,1,'2026-07-12 06:21:55'),(335,92,'guess_title','「泠泠七弦上，静听松风寒。古调虽自爱，今人…」\n这首诗的诗名是？','[\"悯农·其一\", \"弹琴\", \"四时田园杂兴·其一\", \"六月二十七日望湖楼醉书\"]','{\"index\": 1, \"value\": \"弹琴\"}','此诗名为《弹琴》。',3,1,'2026-07-12 06:21:55'),(336,92,'choose_next_line','「泠泠七弦上」\n下一句是？','[\"锄禾日当午\", \"才了蚕桑又插田\", \"静听松风寒\", \"此物最相思\"]','{\"index\": 2, \"value\": \"静听松风寒\"}','下一句为「静听松风寒」。',3,1,'2026-07-12 06:21:55'),(337,93,'guess_author','「孤云将野鹤，岂向人间住。莫买沃洲山，时人…」\n这首诗的作者是谁？','[\"卢纶\", \"刘长卿\", \"李商隐\", \"岑参\"]','{\"index\": 1, \"value\": \"刘长卿\"}','《送上人》作者是刘长卿。',3,1,'2026-07-12 06:21:55'),(338,93,'guess_title','「孤云将野鹤，岂向人间住。莫买沃洲山，时人…」\n这首诗的诗名是？','[\"秋词\", \"送上人\", \"望洞庭\", \"送灵澈上人\"]','{\"index\": 1, \"value\": \"送上人\"}','此诗名为《送上人》。',3,1,'2026-07-12 06:21:55'),(339,93,'choose_next_line','「孤云将野鹤」\n下一句是？','[\"遥怜故园菊\", \"意欲捕鸣蝉\", \"渭城朝雨浥轻尘\", \"岂向人间住\"]','{\"index\": 3, \"value\": \"岂向人间住\"}','下一句为「岂向人间住」。',3,1,'2026-07-12 06:21:55'),(340,94,'guess_author','「钓罢归来不系船，江村月落正堪眠。纵然一夜…」\n这首诗的作者是谁？','[\"贺知章\", \"孟郊\", \"孟浩然\", \"司空曙\"]','{\"index\": 3, \"value\": \"司空曙\"}','《江村即事》作者是司空曙。',2,1,'2026-07-12 06:21:55'),(341,94,'guess_title','「钓罢归来不系船，江村月落正堪眠。纵然一夜…」\n这首诗的诗名是？','[\"游子吟\", \"江村即事\", \"宿建德江\", \"送上人\"]','{\"index\": 1, \"value\": \"江村即事\"}','此诗名为《江村即事》。',2,1,'2026-07-12 06:21:55'),(342,94,'choose_next_line','「钓罢归来不系船」\n下一句是？','[\"万条垂下绿丝绦\", \"江村月落正堪眠\", \"欲把西湖比西子\", \"独出门前望野田\"]','{\"index\": 1, \"value\": \"江村月落正堪眠\"}','下一句为「江村月落正堪眠」。',2,1,'2026-07-12 06:21:55'),(343,95,'guess_author','「月黑雁飞高，单于夜遁逃。欲将轻骑逐，大雪…」\n这首诗的作者是谁？','[\"李贺\", \"卢纶\", \"杨万里\", \"贺知章\"]','{\"index\": 1, \"value\": \"卢纶\"}','《塞下曲》作者是卢纶。',2,1,'2026-07-12 06:21:55'),(344,95,'guess_title','「月黑雁飞高，单于夜遁逃。欲将轻骑逐，大雪…」\n这首诗的诗名是？','[\"题临安邸\", \"望洞庭\", \"塞下曲\", \"乐游原\"]','{\"index\": 2, \"value\": \"塞下曲\"}','此诗名为《塞下曲》。',2,1,'2026-07-12 06:21:55'),(345,95,'choose_next_line','「月黑雁飞高」\n下一句是？','[\"单于夜遁逃\", \"夜深知雪重\", \"不解藏踪迹\", \"遥望洞庭山水翠\"]','{\"index\": 0, \"value\": \"单于夜遁逃\"}','下一句为「单于夜遁逃」。',2,1,'2026-07-12 06:21:55'),(346,96,'guess_author','「故园东望路漫漫，双袖龙钟泪不干。马上相逢…」\n这首诗的作者是谁？','[\"于谦\", \"岑参\", \"曾几\", \"王冕\"]','{\"index\": 1, \"value\": \"岑参\"}','《逢入京使》作者是岑参。',2,1,'2026-07-12 06:21:55'),(347,96,'guess_title','「故园东望路漫漫，双袖龙钟泪不干。马上相逢…」\n这首诗的诗名是？','[\"早春呈水部张十八员外\", \"逢入京使\", \"元日\", \"咏柳\"]','{\"index\": 1, \"value\": \"逢入京使\"}','此诗名为《逢入京使》。',2,1,'2026-07-12 06:21:55'),(348,96,'choose_next_line','「故园东望路漫漫」\n下一句是？','[\"横看成岭侧成峰\", \"九曲黄河万里沙\", \"双袖龙钟泪不干\", \"儿童散学归来早\"]','{\"index\": 2, \"value\": \"双袖龙钟泪不干\"}','下一句为「双袖龙钟泪不干」。',2,1,'2026-07-12 06:21:55'),(349,97,'guess_author','「强欲登高去，无人送酒来。遥怜故园菊，应傍…」\n这首诗的作者是谁？','[\"岑参\", \"杨万里\", \"龚自珍\", \"卢纶\"]','{\"index\": 0, \"value\": \"岑参\"}','《行军九日思长安故园》作者是岑参。',2,1,'2026-07-12 06:21:55'),(350,97,'guess_title','「强欲登高去，无人送酒来。遥怜故园菊，应傍…」\n这首诗的诗名是？','[\"塞下曲\", \"行军九日思长安故园\", \"独坐敬亭山\", \"书湖阴先生壁\"]','{\"index\": 1, \"value\": \"行军九日思长安故园\"}','此诗名为《行军九日思长安故园》。',2,1,'2026-07-12 06:21:55'),(351,97,'choose_next_line','「强欲登高去」\n下一句是？','[\"无人送酒来\", \"花木成畦手自栽\", \"应怜屐齿印苍苔\", \"缘愁似个长\"]','{\"index\": 0, \"value\": \"无人送酒来\"}','下一句为「无人送酒来」。',2,1,'2026-07-12 06:21:55'),(352,98,'guess_author','「营州少年厌原野，狐裘蒙茸猎城下。虏酒千钟…」\n这首诗的作者是谁？','[\"杨万里\", \"高适\", \"刘长卿\", \"白居易\"]','{\"index\": 1, \"value\": \"高适\"}','《营州歌》作者是高适。',3,1,'2026-07-12 06:21:55'),(353,98,'guess_title','「营州少年厌原野，狐裘蒙茸猎城下。虏酒千钟…」\n这首诗的诗名是？','[\"莲花坞\", \"营州歌\", \"村夜\", \"画\"]','{\"index\": 1, \"value\": \"营州歌\"}','此诗名为《营州歌》。',3,1,'2026-07-12 06:21:55'),(354,98,'choose_next_line','「营州少年厌原野」\n下一句是？','[\"狐裘蒙茸猎城下\", \"正是河豚欲上时\", \"二月春风似剪刀\", \"浮萍一道开\"]','{\"index\": 0, \"value\": \"狐裘蒙茸猎城下\"}','下一句为「狐裘蒙茸猎城下」。',3,1,'2026-07-12 06:21:55'),(355,99,'guess_author','「千里黄云白日曛，北风吹雁雪纷纷。莫愁前路…」\n这首诗的作者是谁？','[\"朱熹\", \"李白\", \"李商隐\", \"高适\"]','{\"index\": 3, \"value\": \"高适\"}','《别董大》作者是高适。',2,1,'2026-07-12 06:21:55'),(356,99,'guess_title','「千里黄云白日曛，北风吹雁雪纷纷。莫愁前路…」\n这首诗的诗名是？','[\"画\", \"示儿\", \"别董大\", \"浪淘沙\"]','{\"index\": 2, \"value\": \"别董大\"}','此诗名为《别董大》。',2,1,'2026-07-12 06:21:55'),(357,99,'choose_next_line','「千里黄云白日曛」\n下一句是？','[\"北风吹雁雪纷纷\", \"草色遥看近却无\", \"小溪泛尽却山行\", \"小荷才露尖尖角\"]','{\"index\": 0, \"value\": \"北风吹雁雪纷纷\"}','下一句为「北风吹雁雪纷纷」。',2,1,'2026-07-12 06:21:55'),(358,100,'guess_author','「嗟君此别意何如，驻马衔杯问谪居。巫峡啼猿…」\n这首诗的作者是谁？','[\"朱熹\", \"王维\", \"叶绍翁\", \"高适\"]','{\"index\": 3, \"value\": \"高适\"}','《送李少府贬峡中王少府贬长沙》作者是高适。',3,1,'2026-07-12 06:21:55'),(359,100,'guess_title','「嗟君此别意何如，驻马衔杯问谪居。巫峡啼猿…」\n这首诗的诗名是？','[\"送李少府贬峡中王少府贬长沙\", \"题临安邸\", \"村夜\", \"马诗\"]','{\"index\": 0, \"value\": \"送李少府贬峡中王少府贬长沙\"}','此诗名为《送李少府贬峡中王少府贬长沙》。',3,1,'2026-07-12 06:21:55'),(360,100,'choose_next_line','「嗟君此别意何如」\n下一句是？','[\"露似真珠月似弓\", \"驻马衔杯问谪居\", \"一水护田将绿绕\", \"今人多不弹\"]','{\"index\": 1, \"value\": \"驻马衔杯问谪居\"}','下一句为「驻马衔杯问谪居」。',3,1,'2026-07-12 06:21:55'),(361,101,'guess_author','「一去二三里，烟村四五家。亭台六七座，八九…」\\n这首诗的作者是谁？','[\"邵雍\", \"刘方平\", \"姜夔\", \"李清照\"]','{\"index\": 0, \"value\": \"邵雍\"}','《一去二三里》作者是邵雍。',1,1,'2026-07-12 06:29:59'),(362,101,'guess_title','「一去二三里，烟村四五家。亭台六七座，八九…」\\n这首诗的诗名是？','[\"白雪歌送武判官归京·节选\", \"滁州西涧\", \"一去二三里\", \"无题·相见时难·补充\"]','{\"index\": 2, \"value\": \"一去二三里\"}','此诗名为《一去二三里》。',1,1,'2026-07-12 06:29:59'),(363,101,'choose_next_line','「一去二三里」\\n下一句是？','[\"零落成泥碾作尘\", \"烟村四五家\", \"一生好入名山游\", \"不知天上宫阙\"]','{\"index\": 1, \"value\": \"烟村四五家\"}','下一句为「烟村四五家」。',1,1,'2026-07-12 06:29:59'),(364,102,'guess_author','「头上红冠不用裁，满身雪白走将来。平生不敢…」\\n这首诗的作者是谁？','[\"张继\", \"李华\", \"孟浩然\", \"唐寅\"]','{\"index\": 3, \"value\": \"唐寅\"}','《画鸡》作者是唐寅。',1,1,'2026-07-12 06:29:59'),(365,102,'guess_title','「头上红冠不用裁，满身雪白走将来。平生不敢…」\\n这首诗的诗名是？','[\"画鸡\", \"古朗月行·小时不识月\", \"蜀道难·节选\", \"滁州西涧\"]','{\"index\": 0, \"value\": \"画鸡\"}','此诗名为《画鸡》。',1,1,'2026-07-12 06:29:59'),(366,102,'choose_next_line','「头上红冠不用裁」\\n下一句是？','[\"昆山玉碎凤凰叫\", \"久为簪组累\", \"满身雪白走将来\", \"西北望射天狼\"]','{\"index\": 2, \"value\": \"满身雪白走将来\"}','下一句为「满身雪白走将来」。',1,1,'2026-07-12 06:29:59'),(367,103,'guess_author','「小时不识月，呼作白玉盘。又疑瑶台镜，飞在…」\\n这首诗的作者是谁？','[\"李白\", \"李颀\", \"常建\", \"皇甫冉\"]','{\"index\": 0, \"value\": \"李白\"}','《古朗月行·小时不识月》作者是李白。',1,1,'2026-07-12 06:29:59'),(368,103,'guess_title','「小时不识月，呼作白玉盘。又疑瑶台镜，飞在…」\\n这首诗的诗名是？','[\"江城子·密州出猎\", \"寄全椒山中道士\", \"古朗月行·小时不识月\", \"春夜喜雨\"]','{\"index\": 2, \"value\": \"古朗月行·小时不识月\"}','此诗名为《古朗月行·小时不识月》。',1,1,'2026-07-12 06:29:59'),(369,103,'choose_next_line','「小时不识月」\\n下一句是？','[\"四面边声连角起\", \"怅卧新春白袷衣\", \"呼作白玉盘\", \"清溪深不测\"]','{\"index\": 2, \"value\": \"呼作白玉盘\"}','下一句为「呼作白玉盘」。',1,1,'2026-07-12 06:29:59'),(370,104,'guess_author','「解落三秋叶，能开二月花。过江千尺浪，入竹…」\\n这首诗的作者是谁？','[\"李峤\", \"林升\", \"曾几\", \"王冕\"]','{\"index\": 0, \"value\": \"李峤\"}','《风》作者是李峤。',1,1,'2026-07-12 06:29:59'),(371,104,'guess_title','「解落三秋叶，能开二月花。过江千尺浪，入竹…」\\n这首诗的诗名是？','[\"风\", \"苏武庙\", \"贼退示官吏·节选\", \"蜀相\"]','{\"index\": 0, \"value\": \"风\"}','此诗名为《风》。',1,1,'2026-07-12 06:29:59'),(372,104,'choose_next_line','「解落三秋叶」\\n下一句是？','[\"忧思难忘\", \"能开二月花\", \"卧后清宵细细长\", \"豆蔻梢头二月初\"]','{\"index\": 1, \"value\": \"能开二月花\"}','下一句为「能开二月花」。',1,1,'2026-07-12 06:29:59'),(373,105,'guess_author','「飞来山上千寻塔，闻说鸡鸣见日升。不畏浮云…」\\n这首诗的作者是谁？','[\"骆宾王\", \"佚名\", \"陆游\", \"王安石\"]','{\"index\": 3, \"value\": \"王安石\"}','《登飞来峰》作者是王安石。',2,1,'2026-07-12 06:29:59'),(374,105,'guess_title','「飞来山上千寻塔，闻说鸡鸣见日升。不畏浮云…」\\n这首诗的诗名是？','[\"次北固山下\", \"登飞来峰\", \"扬州慢·淮左名都·节选\", \"春行即兴\"]','{\"index\": 1, \"value\": \"登飞来峰\"}','此诗名为《登飞来峰》。',2,1,'2026-07-12 06:29:59'),(375,105,'choose_next_line','「飞来山上千寻塔」\\n下一句是？','[\"凄凄惨惨戚戚\", \"闻说鸡鸣见日升\", \"若出其里\", \"青青子衿\"]','{\"index\": 1, \"value\": \"闻说鸡鸣见日升\"}','下一句为「闻说鸡鸣见日升」。',2,1,'2026-07-12 06:29:59'),(376,106,'guess_author','「浩荡离愁白日斜，吟鞭东指即天涯。落红不是…」\\n这首诗的作者是谁？','[\"朱熹\", \"严恽\", \"翁卷\", \"龚自珍\"]','{\"index\": 3, \"value\": \"龚自珍\"}','《己亥杂诗·浩荡离愁》作者是龚自珍。',2,1,'2026-07-12 06:29:59'),(377,106,'guess_title','「浩荡离愁白日斜，吟鞭东指即天涯。落红不是…」\\n这首诗的诗名是？','[\"西江月·夜行黄沙道中\", \"古从军行\", \"琴歌\", \"己亥杂诗·浩荡离愁\"]','{\"index\": 3, \"value\": \"己亥杂诗·浩荡离愁\"}','此诗名为《己亥杂诗·浩荡离愁》。',2,1,'2026-07-12 06:29:59'),(378,106,'choose_next_line','「浩荡离愁白日斜」\\n下一句是？','[\"今夕是何年\", \"一览众山小\", \"斜光到晓穿朱户\", \"吟鞭东指即天涯\"]','{\"index\": 3, \"value\": \"吟鞭东指即天涯\"}','下一句为「吟鞭东指即天涯」。',2,1,'2026-07-12 06:29:59'),(379,107,'guess_author','「枯藤老树昏鸦，小桥流水人家，古道西风瘦马…」\\n这首诗的作者是谁？','[\"刘希夷\", \"姜夔\", \"佚名\", \"马致远\"]','{\"index\": 3, \"value\": \"马致远\"}','《天净沙·秋思》作者是马致远。',2,1,'2026-07-12 06:29:59'),(380,107,'guess_title','「枯藤老树昏鸦，小桥流水人家，古道西风瘦马…」\\n这首诗的诗名是？','[\"长安遇冯著\", \"夕次盱眙县\", \"天净沙·秋思\", \"无题·重帏深下莫愁堂\"]','{\"index\": 2, \"value\": \"天净沙·秋思\"}','此诗名为《天净沙·秋思》。',2,1,'2026-07-12 06:29:59'),(381,107,'choose_next_line','「枯藤老树昏鸦」\\n下一句是？','[\"坐看牵牛织女星\", \"白水绕东城\", \"小桥流水人家\", \"芳草萋萋鹦鹉洲\"]','{\"index\": 2, \"value\": \"小桥流水人家\"}','下一句为「小桥流水人家」。',2,1,'2026-07-12 06:29:59'),(382,108,'guess_author','「春山暖日和风，阑干楼阁帘栊，杨柳秋千院中…」\\n这首诗的作者是谁？','[\"韦庄\", \"姜夔\", \"白朴\", \"王安石\"]','{\"index\": 2, \"value\": \"白朴\"}','《天净沙·春》作者是白朴。',2,1,'2026-07-12 06:29:59'),(383,108,'guess_title','「春山暖日和风，阑干楼阁帘栊，杨柳秋千院中…」\\n这首诗的诗名是？','[\"天净沙·春\", \"贼平后送人北归\", \"琵琶行·节选\", \"琴歌\"]','{\"index\": 0, \"value\": \"天净沙·春\"}','此诗名为《天净沙·春》。',2,1,'2026-07-12 06:29:59'),(384,108,'choose_next_line','「春山暖日和风」\\n下一句是？','[\"今朝郡斋冷\", \"阑干楼阁帘栊\", \"砧杵夜千家\", \"山晓望晴空\"]','{\"index\": 1, \"value\": \"阑干楼阁帘栊\"}','下一句为「阑干楼阁帘栊」。',2,1,'2026-07-12 06:29:59'),(385,109,'guess_author','「峰峦如聚，波涛如怒，山河表里潼关路。望西…」\\n这首诗的作者是谁？','[\"张养浩\", \"骆宾王\", \"卢纶\", \"佚名\"]','{\"index\": 0, \"value\": \"张养浩\"}','《山坡羊·潼关怀古》作者是张养浩。',3,1,'2026-07-12 06:29:59'),(386,109,'guess_title','「峰峦如聚，波涛如怒，山河表里潼关路。望西…」\\n这首诗的诗名是？','[\"山坡羊·潼关怀古\", \"渡荆门送别\", \"登飞来峰\", \"渔家傲·秋思\"]','{\"index\": 0, \"value\": \"山坡羊·潼关怀古\"}','此诗名为《山坡羊·潼关怀古》。',3,1,'2026-07-12 06:29:59'),(387,109,'choose_next_line','「峰峦如聚」\\n下一句是？','[\"客心何事转凄然\", \"弓如霹雳弦惊\", \"波涛如怒\", \"山岛竦峙\"]','{\"index\": 2, \"value\": \"波涛如怒\"}','下一句为「波涛如怒」。',3,1,'2026-07-12 06:29:59'),(388,110,'guess_author','「关关雎鸠，在河之洲。窈窕淑女，君子好逑。…」\\n这首诗的作者是谁？','[\"杜牧\", \"佚名\", \"郑燮\", \"骆宾王\"]','{\"index\": 1, \"value\": \"佚名\"}','《关雎》作者是佚名。',3,1,'2026-07-12 06:29:59'),(389,110,'guess_title','「关关雎鸠，在河之洲。窈窕淑女，君子好逑。…」\\n这首诗的诗名是？','[\"关雎\", \"客至\", \"滁州西涧\", \"琴歌\"]','{\"index\": 0, \"value\": \"关雎\"}','此诗名为《关雎》。',3,1,'2026-07-12 06:29:59'),(390,110,'choose_next_line','「关关雎鸠」\\n下一句是？','[\"斯人不可闻\", \"在河之洲\", \"樽酒家贫只旧醅\", \"归去\"]','{\"index\": 1, \"value\": \"在河之洲\"}','下一句为「在河之洲」。',3,1,'2026-07-12 06:29:59'),(391,111,'guess_author','「蒹葭苍苍，白露为霜。所谓伊人，在水一方。…」\\n这首诗的作者是谁？','[\"林升\", \"佚名\", \"叶绍翁\", \"岑参\"]','{\"index\": 1, \"value\": \"佚名\"}','《蒹葭》作者是佚名。',3,1,'2026-07-12 06:29:59'),(392,111,'guess_title','「蒹葭苍苍，白露为霜。所谓伊人，在水一方。…」\\n这首诗的诗名是？','[\"扬州慢·淮左名都·节选\", \"蒹葭\", \"画鸡\", \"春江花月夜·节选\"]','{\"index\": 1, \"value\": \"蒹葭\"}','此诗名为《蒹葭》。',3,1,'2026-07-12 06:29:59'),(393,111,'choose_next_line','「蒹葭苍苍」\\n下一句是？','[\"歌以咏志\", \"白露为霜\", \"已是黄昏独自愁\", \"啼莺舞燕\"]','{\"index\": 1, \"value\": \"白露为霜\"}','下一句为「白露为霜」。',3,1,'2026-07-12 06:29:59'),(394,112,'guess_author','「东临碣石，以观沧海。水何澹澹，山岛竦峙。…」\\n这首诗的作者是谁？','[\"陈子昂\", \"曹操\", \"孟浩然\", \"韩翃\"]','{\"index\": 1, \"value\": \"曹操\"}','《观沧海》作者是曹操。',3,1,'2026-07-12 06:29:59'),(395,112,'guess_title','「东临碣石，以观沧海。水何澹澹，山岛竦峙。…」\\n这首诗的诗名是？','[\"观沧海\", \"酬程近秋夜即事见赠\", \"燕歌行·节选\", \"夜泊牛渚怀古\"]','{\"index\": 0, \"value\": \"观沧海\"}','此诗名为《观沧海》。',3,1,'2026-07-12 06:29:59'),(396,112,'choose_next_line','「东临碣石」\\n下一句是？','[\"上有黄鹂深树鸣\", \"雕栏玉砌应犹在\", \"养在深闺人未识\", \"以观沧海\"]','{\"index\": 3, \"value\": \"以观沧海\"}','下一句为「以观沧海」。',3,1,'2026-07-12 06:29:59'),(397,113,'guess_author','「结庐在人境，而无车马喧。问君何能尔？心远…」\\n这首诗的作者是谁？','[\"王翰\", \"范成大\", \"杜牧\", \"陶渊明\"]','{\"index\": 3, \"value\": \"陶渊明\"}','《饮酒·其五》作者是陶渊明。',3,1,'2026-07-12 06:29:59'),(398,113,'guess_title','「结庐在人境，而无车马喧。问君何能尔？心远…」\\n这首诗的诗名是？','[\"相见欢·无言独上西楼\", \"饮酒·其五\", \"虞美人·春花秋月何时了\", \"古从军行\"]','{\"index\": 1, \"value\": \"饮酒·其五\"}','此诗名为《饮酒·其五》。',3,1,'2026-07-12 06:29:59'),(399,113,'choose_next_line','「结庐在人境」\\n下一句是？','[\"而无车马喧\", \"当春乃发生\", \"解鞍少驻初程\", \"无言独上西楼\"]','{\"index\": 0, \"value\": \"而无车马喧\"}','下一句为「而无车马喧」。',3,1,'2026-07-12 06:29:59'),(400,114,'guess_author','「唧唧复唧唧，木兰当户织。不闻机杼声，唯闻…」\\n这首诗的作者是谁？','[\"袁枚\", \"王湾\", \"佚名\", \"刘禹锡\"]','{\"index\": 2, \"value\": \"佚名\"}','《木兰辞·节选》作者是佚名。',3,1,'2026-07-12 06:29:59'),(401,114,'guess_title','「唧唧复唧唧，木兰当户织。不闻机杼声，唯闻…」\\n这首诗的诗名是？','[\"酬乐天扬州初逢席上见赠\", \"客至\", \"登幽州台歌\", \"木兰辞·节选\"]','{\"index\": 3, \"value\": \"木兰辞·节选\"}','此诗名为《木兰辞·节选》。',3,1,'2026-07-12 06:29:59'),(402,114,'choose_next_line','「唧唧复唧唧」\\n下一句是？','[\"水何澹澹\", \"鬓微霜又何妨\", \"木兰当户织\", \"寻寻觅觅\"]','{\"index\": 2, \"value\": \"木兰当户织\"}','下一句为「木兰当户织」。',3,1,'2026-07-12 06:29:59'),(403,115,'guess_author','「城阙辅三秦，风烟望五津。与君离别意，同是…」\\n这首诗的作者是谁？','[\"朱熹\", \"王勃\", \"崔颢\", \"杨万里\"]','{\"index\": 1, \"value\": \"王勃\"}','《送杜少府之任蜀州》作者是王勃。',2,1,'2026-07-12 06:29:59'),(404,115,'guess_title','「城阙辅三秦，风烟望五津。与君离别意，同是…」\\n这首诗的诗名是？','[\"送杜少府之任蜀州\", \"月夜\", \"梦游天姥吟留别·节选\", \"菩萨蛮·小山重叠金明灭\"]','{\"index\": 0, \"value\": \"送杜少府之任蜀州\"}','此诗名为《送杜少府之任蜀州》。',2,1,'2026-07-12 06:29:59'),(405,115,'choose_next_line','「城阙辅三秦」\\n下一句是？','[\"风烟望五津\", \"隔篱呼取尽余杯\", \"东临碣石\", \"世乱同南去\"]','{\"index\": 0, \"value\": \"风烟望五津\"}','下一句为「风烟望五津」。',2,1,'2026-07-12 06:29:59'),(406,116,'guess_author','「客路青山外，行舟绿水前。潮平两岸阔，风正…」\\n这首诗的作者是谁？','[\"卢纶\", \"王湾\", \"佚名\", \"严恽\"]','{\"index\": 1, \"value\": \"王湾\"}','《次北固山下》作者是王湾。',2,1,'2026-07-12 06:29:59'),(407,116,'guess_title','「客路青山外，行舟绿水前。潮平两岸阔，风正…」\\n这首诗的诗名是？','[\"闻王昌龄左迁龙标遥有此寄\", \"登幽州台歌\", \"过华清宫·其一\", \"次北固山下\"]','{\"index\": 3, \"value\": \"次北固山下\"}','此诗名为《次北固山下》。',2,1,'2026-07-12 06:29:59'),(408,116,'choose_next_line','「客路青山外」\\n下一句是？','[\"行舟绿水前\", \"兴百姓苦\", \"分曹限紫微\", \"隐处唯孤云\"]','{\"index\": 0, \"value\": \"行舟绿水前\"}','下一句为「行舟绿水前」。',2,1,'2026-07-12 06:29:59'),(409,117,'guess_author','「单车欲问边，属国过居延。征蓬出汉塞，归雁…」\\n这首诗的作者是谁？','[\"马致远\", \"张若虚\", \"王维\", \"翁卷\"]','{\"index\": 2, \"value\": \"王维\"}','《使至塞上》作者是王维。',2,1,'2026-07-12 06:29:59'),(410,117,'guess_title','「单车欲问边，属国过居延。征蓬出汉塞，归雁…」\\n这首诗的诗名是？','[\"春怨\", \"使至塞上\", \"卜算子·咏梅\", \"隋宫\"]','{\"index\": 1, \"value\": \"使至塞上\"}','此诗名为《使至塞上》。',2,1,'2026-07-12 06:29:59'),(411,117,'choose_next_line','「单车欲问边」\\n下一句是？','[\"出郊旷清曙\", \"月明羌笛戍楼间\", \"属国过居延\", \"独怆然而涕下\"]','{\"index\": 2, \"value\": \"属国过居延\"}','下一句为「属国过居延」。',2,1,'2026-07-12 06:29:59'),(412,118,'guess_author','「昔人已乘黄鹤去，此地空余黄鹤楼。黄鹤一去…」\\n这首诗的作者是谁？','[\"马致远\", \"崔颢\", \"于谦\", \"郑燮\"]','{\"index\": 1, \"value\": \"崔颢\"}','《黄鹤楼》作者是崔颢。',3,1,'2026-07-12 06:29:59'),(413,118,'guess_title','「昔人已乘黄鹤去，此地空余黄鹤楼。黄鹤一去…」\\n这首诗的诗名是？','[\"郡斋雨中与文书交燕\", \"秋登宣城谢脁北楼\", \"蜀道难·节选\", \"黄鹤楼\"]','{\"index\": 3, \"value\": \"黄鹤楼\"}','此诗名为《黄鹤楼》。',3,1,'2026-07-12 06:29:59'),(414,118,'choose_next_line','「昔人已乘黄鹤去」\\n下一句是？','[\"此地空余黄鹤楼\", \"莺啼燕语报新年\", \"寂寞空庭春欲晚\", \"归来煮白石\"]','{\"index\": 0, \"value\": \"此地空余黄鹤楼\"}','下一句为「此地空余黄鹤楼」。',3,1,'2026-07-12 06:29:59'),(415,119,'guess_author','「杨花落尽子规啼，闻道龙标过五溪。我寄愁心…」\\n这首诗的作者是谁？','[\"白居易\", \"崔颢\", \"李白\", \"范成大\"]','{\"index\": 2, \"value\": \"李白\"}','《闻王昌龄左迁龙标遥有此寄》作者是李白。',2,1,'2026-07-12 06:29:59'),(416,119,'guess_title','「杨花落尽子规啼，闻道龙标过五溪。我寄愁心…」\\n这首诗的诗名是？','[\"闻王昌龄左迁龙标遥有此寄\", \"秋登宣城谢脁北楼\", \"听安万善吹觱篥歌\", \"定风波·莫听穿林打叶声\"]','{\"index\": 0, \"value\": \"闻王昌龄左迁龙标遥有此寄\"}','此诗名为《闻王昌龄左迁龙标遥有此寄》。',2,1,'2026-07-12 06:29:59'),(417,119,'choose_next_line','「杨花落尽子规啼」\\n下一句是？','[\"路转溪桥忽见\", \"蔡女昔造胡笳声\", \"闻道龙标过五溪\", \"一生好入名山游\"]','{\"index\": 2, \"value\": \"闻道龙标过五溪\"}','下一句为「闻道龙标过五溪」。',2,1,'2026-07-12 06:29:59'),(418,120,'guess_author','「金樽清酒斗十千，玉盘珍羞直万钱。停杯投箸…」\\n这首诗的作者是谁？','[\"李白\", \"苏轼\", \"刘方平\", \"王维\"]','{\"index\": 0, \"value\": \"李白\"}','《行路难·其一》作者是李白。',3,1,'2026-07-12 06:29:59'),(419,120,'guess_title','「金樽清酒斗十千，玉盘珍羞直万钱。停杯投箸…」\\n这首诗的诗名是？','[\"秋夕\", \"台城\", \"行路难·其一\", \"蜀相\"]','{\"index\": 2, \"value\": \"行路难·其一\"}','此诗名为《行路难·其一》。',3,1,'2026-07-12 06:29:59'),(420,120,'choose_next_line','「金樽清酒斗十千」\\n下一句是？','[\"洞在清溪何处边\", \"玉盘珍羞直万钱\", \"风雨不动安如山\", \"云边雁断胡天月\"]','{\"index\": 1, \"value\": \"玉盘珍羞直万钱\"}','下一句为「玉盘珍羞直万钱」。',3,1,'2026-07-12 06:29:59'),(421,121,'guess_author','「岱宗夫如何？齐鲁青未了。造化钟神秀，阴阳…」\\n这首诗的作者是谁？','[\"杜甫\", \"韦庄\", \"郑燮\", \"苏轼\"]','{\"index\": 0, \"value\": \"杜甫\"}','《望岳》作者是杜甫。',2,1,'2026-07-12 06:29:59'),(422,121,'guess_title','「岱宗夫如何？齐鲁青未了。造化钟神秀，阴阳…」\\n这首诗的诗名是？','[\"望岳\", \"古从军行\", \"定风波·莫听穿林打叶声\", \"与高适薛据同登慈恩寺浮图·节选\"]','{\"index\": 0, \"value\": \"望岳\"}','此诗名为《望岳》。',2,1,'2026-07-12 06:29:59'),(423,121,'choose_next_line','「岱宗夫如何」\\n下一句是？','[\"齐鲁青未了\", \"千树万树梨花开\", \"吏舍跼终年\", \"他乡生白发\"]','{\"index\": 0, \"value\": \"齐鲁青未了\"}','下一句为「齐鲁青未了」。',2,1,'2026-07-12 06:29:59'),(424,122,'guess_author','「好雨知时节，当春乃发生。随风潜入夜，润物…」\\n这首诗的作者是谁？','[\"杜甫\", \"李华\", \"李清照\", \"李煜\"]','{\"index\": 0, \"value\": \"杜甫\"}','《春夜喜雨》作者是杜甫。',1,1,'2026-07-12 06:29:59'),(425,122,'guess_title','「好雨知时节，当春乃发生。随风潜入夜，润物…」\\n这首诗的诗名是？','[\"相见欢·无言独上西楼\", \"蜀道难·节选\", \"听董大弹胡笳声兼寄语弄房给事\", \"春夜喜雨\"]','{\"index\": 3, \"value\": \"春夜喜雨\"}','此诗名为《春夜喜雨》。',1,1,'2026-07-12 06:29:59'),(426,122,'choose_next_line','「好雨知时节」\\n下一句是？','[\"当春乃发生\", \"高处不胜寒\", \"夕阳西下几时回\", \"欲饮琵琶马上催\"]','{\"index\": 0, \"value\": \"当春乃发生\"}','下一句为「当春乃发生」。',1,1,'2026-07-12 06:29:59'),(427,123,'guess_author','「安得广厦千万间，大庇天下寒士俱欢颜！风雨…」\\n这首诗的作者是谁？','[\"孟浩然\", \"白朴\", \"李清照\", \"杜甫\"]','{\"index\": 3, \"value\": \"杜甫\"}','《茅屋为秋风所破歌·节选》作者是杜甫。',3,1,'2026-07-12 06:29:59'),(428,123,'guess_title','「安得广厦千万间，大庇天下寒士俱欢颜！风雨…」\\n这首诗的诗名是？','[\"黄鹤楼\", \"庐山谣寄卢侍御虚舟·节选\", \"宿王昌龄隐居\", \"茅屋为秋风所破歌·节选\"]','{\"index\": 3, \"value\": \"茅屋为秋风所破歌·节选\"}','此诗名为《茅屋为秋风所破歌·节选》。',3,1,'2026-07-12 06:29:59'),(429,123,'choose_next_line','「安得广厦千万间」\\n下一句是？','[\"断肠人在天涯\", \"大庇天下寒士俱欢颜\", \"万类霜天竞自由\", \"晴川历历汉阳树\"]','{\"index\": 1, \"value\": \"大庇天下寒士俱欢颜\"}','下一句为「大庇天下寒士俱欢颜」。',3,1,'2026-07-12 06:29:59'),(430,124,'guess_author','「北风卷地白草折，胡天八月即飞雪。忽如一夜…」\\n这首诗的作者是谁？','[\"柳宗元\", \"严武\", \"范成大\", \"岑参\"]','{\"index\": 3, \"value\": \"岑参\"}','《白雪歌送武判官归京·节选》作者是岑参。',3,1,'2026-07-12 06:29:59'),(431,124,'guess_title','「北风卷地白草折，胡天八月即飞雪。忽如一夜…」\\n这首诗的诗名是？','[\"后宫词\", \"赠别·其一\", \"浣溪沙·一曲新词酒一杯\", \"白雪歌送武判官归京·节选\"]','{\"index\": 3, \"value\": \"白雪歌送武判官归京·节选\"}','此诗名为《白雪歌送武判官归京·节选》。',3,1,'2026-07-12 06:29:59'),(432,124,'choose_next_line','「北风卷地白草折」\\n下一句是？','[\"君子好逑\", \"牛渚西江夜\", \"橘子洲头\", \"胡天八月即飞雪\"]','{\"index\": 3, \"value\": \"胡天八月即飞雪\"}','下一句为「胡天八月即飞雪」。',3,1,'2026-07-12 06:29:59'),(433,125,'guess_author','「巴山楚水凄凉地，二十三年弃置身。怀旧空吟…」\\n这首诗的作者是谁？','[\"王勃\", \"韦庄\", \"刘禹锡\", \"杜牧\"]','{\"index\": 2, \"value\": \"刘禹锡\"}','《酬乐天扬州初逢席上见赠》作者是刘禹锡。',3,1,'2026-07-12 06:29:59'),(434,125,'guess_title','「巴山楚水凄凉地，二十三年弃置身。怀旧空吟…」\\n这首诗的诗名是？','[\"江城子·密州出猎\", \"春怨\", \"酬乐天扬州初逢席上见赠\", \"喜外弟卢纶见宿\"]','{\"index\": 2, \"value\": \"酬乐天扬州初逢席上见赠\"}','此诗名为《酬乐天扬州初逢席上见赠》。',3,1,'2026-07-12 06:29:59'),(435,125,'choose_next_line','「巴山楚水凄凉地」\\n下一句是？','[\"凄凄惨惨戚戚\", \"浔阳江头夜送客\", \"二十三年弃置身\", \"猿鸟犹疑畏简书\"]','{\"index\": 2, \"value\": \"二十三年弃置身\"}','下一句为「二十三年弃置身」。',3,1,'2026-07-12 06:29:59'),(436,126,'guess_author','「田家少闲月，五月人倍忙。夜来南风起，小麦…」\\n这首诗的作者是谁？','[\"孟郊\", \"白居易\", \"毛泽东\", \"贺知章\"]','{\"index\": 1, \"value\": \"白居易\"}','《观刈麦·节选》作者是白居易。',2,1,'2026-07-12 06:29:59'),(437,126,'guess_title','「田家少闲月，五月人倍忙。夜来南风起，小麦…」\\n这首诗的诗名是？','[\"观刈麦·节选\", \"一去二三里\", \"酬程延秋夜即事见赠\", \"江南曲\"]','{\"index\": 0, \"value\": \"观刈麦·节选\"}','此诗名为《观刈麦·节选》。',2,1,'2026-07-12 06:29:59'),(438,126,'choose_next_line','「田家少闲月」\\n下一句是？','[\"松际露微月\", \"五月人倍忙\", \"归棹洛阳人\", \"马邑龙堆路数千\"]','{\"index\": 1, \"value\": \"五月人倍忙\"}','下一句为「五月人倍忙」。',2,1,'2026-07-12 06:29:59'),(439,127,'guess_author','「折戟沉沙铁未销，自将磨洗认前朝。东风不与…」\\n这首诗的作者是谁？','[\"孟浩然\", \"袁枚\", \"刘长卿\", \"杜牧\"]','{\"index\": 3, \"value\": \"杜牧\"}','《赤壁》作者是杜牧。',2,1,'2026-07-12 06:29:59'),(440,127,'guess_title','「折戟沉沙铁未销，自将磨洗认前朝。东风不与…」\\n这首诗的诗名是？','[\"秋登宣城谢脁北楼\", \"赤壁\", \"春夜喜雨\", \"登柳州城楼寄漳汀封连四州\"]','{\"index\": 1, \"value\": \"赤壁\"}','此诗名为《赤壁》。',2,1,'2026-07-12 06:29:59'),(441,127,'choose_next_line','「折戟沉沙铁未销」\\n下一句是？','[\"自将磨洗认前朝\", \"但愿人长久\", \"卷上珠帘总不如\", \"蓬门今始为君开\"]','{\"index\": 0, \"value\": \"自将磨洗认前朝\"}','下一句为「自将磨洗认前朝」。',2,1,'2026-07-12 06:29:59'),(442,128,'guess_author','「相见时难别亦难，东风无力百花残。春蚕到死…」\\n这首诗的作者是谁？','[\"李商隐\", \"温庭筠\", \"叶绍翁\", \"苏轼\"]','{\"index\": 0, \"value\": \"李商隐\"}','《无题·相见时难·补充》作者是李商隐。',3,1,'2026-07-12 06:29:59'),(443,128,'guess_title','「相见时难别亦难，东风无力百花残。春蚕到死…」\\n这首诗的诗名是？','[\"夕次盱眙县\", \"喜见外弟又言别\", \"虞美人·春花秋月何时了\", \"无题·相见时难·补充\"]','{\"index\": 3, \"value\": \"无题·相见时难·补充\"}','此诗名为《无题·相见时难·补充》。',3,1,'2026-07-12 06:29:59'),(444,128,'choose_next_line','「相见时难别亦难」\\n下一句是？','[\"满身雪白走将来\", \"东风无力百花残\", \"人迹板桥霜\", \"家住层城临汉苑\"]','{\"index\": 1, \"value\": \"东风无力百花残\"}','下一句为「东风无力百花残」。',3,1,'2026-07-12 06:29:59'),(445,129,'guess_author','「无言独上西楼，月如钩。寂寞梧桐深院锁清秋…」\\n这首诗的作者是谁？','[\"卢纶\", \"李煜\", \"唐寅\", \"高适\"]','{\"index\": 1, \"value\": \"李煜\"}','《相见欢·无言独上西楼》作者是李煜。',3,1,'2026-07-12 06:29:59'),(446,129,'guess_title','「无言独上西楼，月如钩。寂寞梧桐深院锁清秋…」\\n这首诗的诗名是？','[\"江城子·密州出猎\", \"苏武庙\", \"破阵子·为陈同甫赋壮词以寄之\", \"相见欢·无言独上西楼\"]','{\"index\": 3, \"value\": \"相见欢·无言独上西楼\"}','此诗名为《相见欢·无言独上西楼》。',3,1,'2026-07-12 06:29:59'),(447,129,'choose_next_line','「无言独上西楼」\\n下一句是？','[\"泪湿罗巾梦不成\", \"何处春江无月明\", \"客从东方来\", \"月如钩\"]','{\"index\": 3, \"value\": \"月如钩\"}','下一句为「月如钩」。',3,1,'2026-07-12 06:29:59'),(448,130,'guess_author','「塞下秋来风景异，衡阳雁去无留意。四面边声…」\\n这首诗的作者是谁？','[\"范仲淹\", \"温庭筠\", \"佚名\", \"辛弃疾\"]','{\"index\": 0, \"value\": \"范仲淹\"}','《渔家傲·秋思》作者是范仲淹。',3,1,'2026-07-12 06:29:59'),(449,130,'guess_title','「塞下秋来风景异，衡阳雁去无留意。四面边声…」\\n这首诗的诗名是？','[\"渔家傲·秋思\", \"西塞山怀古\", \"听蜀僧濬弹琴\", \"凉州词·补充\"]','{\"index\": 0, \"value\": \"渔家傲·秋思\"}','此诗名为《渔家傲·秋思》。',3,1,'2026-07-12 06:29:59'),(450,130,'choose_next_line','「塞下秋来风景异」\\n下一句是？','[\"斯人不可闻\", \"衡阳雁去无留意\", \"越人语天姥\", \"醉里挑灯看剑\"]','{\"index\": 1, \"value\": \"衡阳雁去无留意\"}','下一句为「衡阳雁去无留意」。',3,1,'2026-07-12 06:29:59'),(451,131,'guess_author','「一曲新词酒一杯，去年天气旧亭台。夕阳西下…」\\n这首诗的作者是谁？','[\"张旭\", \"晏殊\", \"张继\", \"曹操\"]','{\"index\": 1, \"value\": \"晏殊\"}','《浣溪沙·一曲新词酒一杯》作者是晏殊。',2,1,'2026-07-12 06:29:59'),(452,131,'guess_title','「一曲新词酒一杯，去年天气旧亭台。夕阳西下…」\\n这首诗的诗名是？','[\"梦游天姥吟留别·节选\", \"使至塞上\", \"声声慢·寻寻觅觅\", \"浣溪沙·一曲新词酒一杯\"]','{\"index\": 3, \"value\": \"浣溪沙·一曲新词酒一杯\"}','此诗名为《浣溪沙·一曲新词酒一杯》。',2,1,'2026-07-12 06:29:59'),(453,131,'choose_next_line','「一曲新词酒一杯」\\n下一句是？','[\"寻常巷陌\", \"天子非常赐颜色\", \"去年天气旧亭台\", \"隐隐飞桥隔野烟\"]','{\"index\": 2, \"value\": \"去年天气旧亭台\"}','下一句为「去年天气旧亭台」。',2,1,'2026-07-12 06:29:59'),(454,132,'guess_author','「飞来山上千寻塔，闻说鸡鸣见日升。不畏浮云…」\\n这首诗的作者是谁？','[\"晏殊\", \"朱熹\", \"张养浩\", \"王安石\"]','{\"index\": 3, \"value\": \"王安石\"}','《登飞来峰·补充》作者是王安石。',2,1,'2026-07-12 06:29:59'),(455,132,'guess_title','「飞来山上千寻塔，闻说鸡鸣见日升。不畏浮云…」\\n这首诗的诗名是？','[\"春怨\", \"题破山寺后禅院\", \"东郊\", \"登飞来峰·补充\"]','{\"index\": 3, \"value\": \"登飞来峰·补充\"}','此诗名为《登飞来峰·补充》。',2,1,'2026-07-12 06:29:59'),(456,132,'choose_next_line','「飞来山上千寻塔」\\n下一句是？','[\"一去三十年\", \"一弹一十有八拍\", \"又恐琼楼玉宇\", \"闻说鸡鸣见日升\"]','{\"index\": 3, \"value\": \"闻说鸡鸣见日升\"}','下一句为「闻说鸡鸣见日升」。',2,1,'2026-07-12 06:29:59'),(457,133,'guess_author','「老夫聊发少年狂，左牵黄，右擎苍，锦帽貂裘…」\\n这首诗的作者是谁？','[\"范仲淹\", \"朱熹\", \"苏轼\", \"李白\"]','{\"index\": 2, \"value\": \"苏轼\"}','《江城子·密州出猎》作者是苏轼。',3,1,'2026-07-12 06:29:59'),(458,133,'guess_title','「老夫聊发少年狂，左牵黄，右擎苍，锦帽貂裘…」\\n这首诗的诗名是？','[\"春夜喜雨\", \"送杨氏女\", \"天净沙·秋思\", \"江城子·密州出猎\"]','{\"index\": 3, \"value\": \"江城子·密州出猎\"}','此诗名为《江城子·密州出猎》。',3,1,'2026-07-12 06:29:59'),(459,133,'choose_next_line','「老夫聊发少年狂」\\n下一句是？','[\"鱼翔浅底\", \"夜吟应觉月光寒\", \"白露为霜\", \"左牵黄右擎苍\"]','{\"index\": 3, \"value\": \"左牵黄右擎苍\"}','下一句为「左牵黄右擎苍」。',3,1,'2026-07-12 06:29:59'),(460,134,'guess_author','「明月几时有？把酒问青天。不知天上宫阙，今…」\\n这首诗的作者是谁？','[\"杨万里\", \"李白\", \"李贺\", \"苏轼\"]','{\"index\": 3, \"value\": \"苏轼\"}','《水调歌头·明月几时有》作者是苏轼。',3,1,'2026-07-12 06:29:59'),(461,134,'guess_title','「明月几时有？把酒问青天。不知天上宫阙，今…」\\n这首诗的诗名是？','[\"望岳\", \"水调歌头·明月几时有\", \"春雨\", \"送魏万之京\"]','{\"index\": 1, \"value\": \"水调歌头·明月几时有\"}','此诗名为《水调歌头·明月几时有》。',3,1,'2026-07-12 06:29:59'),(462,134,'choose_next_line','「明月几时有」\\n下一句是？','[\"何似在人间\", \"把酒问青天\", \"仙台初见五城楼\", \"春花秋月何时了\"]','{\"index\": 1, \"value\": \"把酒问青天\"}','下一句为「把酒问青天」。',3,1,'2026-07-12 06:29:59'),(463,135,'guess_author','「驿外断桥边，寂寞开无主。已是黄昏独自愁，…」\\n这首诗的作者是谁？','[\"叶绍翁\", \"陆游\", \"孟郊\", \"李清照\"]','{\"index\": 1, \"value\": \"陆游\"}','《卜算子·咏梅》作者是陆游。',3,1,'2026-07-12 06:29:59'),(464,135,'guess_title','「驿外断桥边，寂寞开无主。已是黄昏独自愁，…」\\n这首诗的诗名是？','[\"江城子·密州出猎\", \"卜算子·咏梅\", \"夜泊牛渚怀古\", \"凉州词·补充\"]','{\"index\": 1, \"value\": \"卜算子·咏梅\"}','此诗名为《卜算子·咏梅》。',3,1,'2026-07-12 06:29:59'),(465,135,'choose_next_line','「驿外断桥边」\\n下一句是？','[\"终见降王走传车\", \"寂寞开无主\", \"男儿本自重横行\", \"层林尽染\"]','{\"index\": 1, \"value\": \"寂寞开无主\"}','下一句为「寂寞开无主」。',3,1,'2026-07-12 06:29:59'),(466,136,'guess_author','「醉里挑灯看剑，梦回吹角连营。八百里分麾下…」\\n这首诗的作者是谁？','[\"辛弃疾\", \"范成大\", \"王昌龄\", \"佚名\"]','{\"index\": 0, \"value\": \"辛弃疾\"}','《破阵子·为陈同甫赋壮词以寄之》作者是辛弃疾。',3,1,'2026-07-12 06:29:59'),(467,136,'guess_title','「醉里挑灯看剑，梦回吹角连营。八百里分麾下…」\\n这首诗的诗名是？','[\"行路难·其一\", \"破阵子·为陈同甫赋壮词以寄之\", \"淮上喜会梁川故人\", \"蝶恋花·槛菊愁烟兰泣露\"]','{\"index\": 1, \"value\": \"破阵子·为陈同甫赋壮词以寄之\"}','此诗名为《破阵子·为陈同甫赋壮词以寄之》。',3,1,'2026-07-12 06:29:59'),(468,136,'choose_next_line','「醉里挑灯看剑」\\n下一句是？','[\"梦回吹角连营\", \"闻道龙标过五溪\", \"洞壑当门前\", \"十二楼中月自明\"]','{\"index\": 0, \"value\": \"梦回吹角连营\"}','下一句为「梦回吹角连营」。',3,1,'2026-07-12 06:29:59'),(469,137,'guess_author','「明月别枝惊鹊，清风半夜鸣蝉。稻花香里说丰…」\\n这首诗的作者是谁？','[\"辛弃疾\", \"杜牧\", \"王勃\", \"于谦\"]','{\"index\": 0, \"value\": \"辛弃疾\"}','《西江月·夜行黄沙道中》作者是辛弃疾。',2,1,'2026-07-12 06:29:59'),(470,137,'guess_title','「明月别枝惊鹊，清风半夜鸣蝉。稻花香里说丰…」\\n这首诗的诗名是？','[\"渡荆门送别\", \"无题·相见时难·补充\", \"西江月·夜行黄沙道中\", \"金谷园\"]','{\"index\": 2, \"value\": \"西江月·夜行黄沙道中\"}','此诗名为《西江月·夜行黄沙道中》。',2,1,'2026-07-12 06:29:59'),(471,137,'choose_next_line','「明月别枝惊鹊」\\n下一句是？','[\"珠箔飘灯独自归\", \"清风半夜鸣蝉\", \"六宫粉黛无颜色\", \"吾庐独破受冻死亦足\"]','{\"index\": 1, \"value\": \"清风半夜鸣蝉\"}','下一句为「清风半夜鸣蝉」。',2,1,'2026-07-12 06:29:59'),(472,138,'guess_author','「独立寒秋，湘江北去，橘子洲头。看万山红遍…」\\n这首诗的作者是谁？','[\"王之涣\", \"李峤\", \"骆宾王\", \"毛泽东\"]','{\"index\": 3, \"value\": \"毛泽东\"}','《沁园春·长沙·节选》作者是毛泽东。',3,1,'2026-07-12 06:29:59'),(473,138,'guess_title','「独立寒秋，湘江北去，橘子洲头。看万山红遍…」\\n这首诗的诗名是？','[\"沁园春·长沙·节选\", \"军城早秋\", \"燕歌行·节选\", \"茅屋为秋风所破歌·节选\"]','{\"index\": 0, \"value\": \"沁园春·长沙·节选\"}','此诗名为《沁园春·长沙·节选》。',3,1,'2026-07-12 06:29:59'),(474,138,'choose_next_line','「独立寒秋」\\n下一句是？','[\"春光冉冉归何处\", \"旧国见青山\", \"汉将辞家破残贼\", \"湘江北去\"]','{\"index\": 3, \"value\": \"湘江北去\"}','下一句为「湘江北去」。',3,1,'2026-07-12 06:29:59'),(475,139,'guess_author','「对酒当歌，人生几何！譬如朝露，去日苦多。…」\\n这首诗的作者是谁？','[\"白朴\", \"李贺\", \"严恽\", \"曹操\"]','{\"index\": 3, \"value\": \"曹操\"}','《短歌行》作者是曹操。',3,1,'2026-07-12 06:29:59'),(476,139,'guess_title','「对酒当歌，人生几何！譬如朝露，去日苦多。…」\\n这首诗的诗名是？','[\"落花\", \"送陈章甫\", \"短歌行\", \"庐山谣寄卢侍御虚舟·节选\"]','{\"index\": 2, \"value\": \"短歌行\"}','此诗名为《短歌行》。',3,1,'2026-07-12 06:29:59'),(477,139,'choose_next_line','「对酒当歌」\\n下一句是？','[\"明朝散发弄扁舟\", \"人生几何\", \"问女何所忆\", \"别是一般滋味在心头\"]','{\"index\": 1, \"value\": \"人生几何\"}','下一句为「人生几何」。',3,1,'2026-07-12 06:29:59'),(478,140,'guess_author','「少无适俗韵，性本爱丘山。误落尘网中，一去…」\\n这首诗的作者是谁？','[\"韩翃\", \"吴融\", \"陆游\", \"陶渊明\"]','{\"index\": 3, \"value\": \"陶渊明\"}','《归园田居·其一》作者是陶渊明。',3,1,'2026-07-12 06:29:59'),(479,140,'guess_title','「少无适俗韵，性本爱丘山。误落尘网中，一去…」\\n这首诗的诗名是？','[\"归园田居·其一\", \"登飞来峰\", \"瑶瑟怨\", \"白雪歌送武判官归京·节选\"]','{\"index\": 0, \"value\": \"归园田居·其一\"}','此诗名为《归园田居·其一》。',3,1,'2026-07-12 06:29:59'),(480,140,'choose_next_line','「少无适俗韵」\\n下一句是？','[\"陇上羊归塞草烟\", \"性本爱丘山\", \"了却君王天下事\", \"长使英雄泪满襟\"]','{\"index\": 1, \"value\": \"性本爱丘山\"}','下一句为「性本爱丘山」。',3,1,'2026-07-12 06:29:59'),(481,141,'guess_author','「海客谈瀛洲，烟涛微茫信难求。越人语天姥，…」\\n这首诗的作者是谁？','[\"龚自珍\", \"王湾\", \"李白\", \"李贺\"]','{\"index\": 2, \"value\": \"李白\"}','《梦游天姥吟留别·节选》作者是李白。',3,1,'2026-07-12 06:29:59'),(482,141,'guess_title','「海客谈瀛洲，烟涛微茫信难求。越人语天姥，…」\\n这首诗的诗名是？','[\"梦游天姥吟留别·节选\", \"送魏万之京\", \"听安万善吹觱篥歌\", \"夜上受降城闻笛\"]','{\"index\": 0, \"value\": \"梦游天姥吟留别·节选\"}','此诗名为《梦游天姥吟留别·节选》。',3,1,'2026-07-12 06:29:59'),(483,141,'choose_next_line','「海客谈瀛洲」\\n下一句是？','[\"烟涛微茫信难求\", \"称名忆旧容\", \"今上岳阳楼\", \"杨花落尽子规啼\"]','{\"index\": 0, \"value\": \"烟涛微茫信难求\"}','下一句为「烟涛微茫信难求」。',3,1,'2026-07-12 06:29:59'),(484,142,'guess_author','「噫吁嚱，危乎高哉！蜀道之难，难于上青天！…」\\n这首诗的作者是谁？','[\"刘方平\", \"李白\", \"李峤\", \"韦应物\"]','{\"index\": 1, \"value\": \"李白\"}','《蜀道难·节选》作者是李白。',3,1,'2026-07-12 06:29:59'),(485,142,'guess_title','「噫吁嚱，危乎高哉！蜀道之难，难于上青天！…」\\n这首诗的诗名是？','[\"寄左省杜拾遗\", \"月夜\", \"蜀道难·节选\", \"春江花月夜·节选\"]','{\"index\": 2, \"value\": \"蜀道难·节选\"}','此诗名为《蜀道难·节选》。',3,1,'2026-07-12 06:29:59'),(486,142,'choose_next_line','「噫吁嚱」\\n下一句是？','[\"嫁与弄潮儿\", \"危乎高哉\", \"牛渚西江夜\", \"拔剑四顾心茫然\"]','{\"index\": 1, \"value\": \"危乎高哉\"}','下一句为「危乎高哉」。',3,1,'2026-07-12 06:29:59'),(487,143,'guess_author','「丞相祠堂何处寻？锦官城外柏森森。映阶碧草…」\\n这首诗的作者是谁？','[\"王安石\", \"郑燮\", \"王湾\", \"杜甫\"]','{\"index\": 3, \"value\": \"杜甫\"}','《蜀相》作者是杜甫。',3,1,'2026-07-12 06:29:59'),(488,143,'guess_title','「丞相祠堂何处寻？锦官城外柏森森。映阶碧草…」\\n这首诗的诗名是？','[\"登乐游原\", \"秋登宣城谢脁北楼\", \"春雨\", \"蜀相\"]','{\"index\": 3, \"value\": \"蜀相\"}','此诗名为《蜀相》。',3,1,'2026-07-12 06:29:59'),(489,143,'choose_next_line','「丞相祠堂何处寻」\\n下一句是？','[\"少小幽燕客\", \"旧时茅店社林边\", \"锦官城外柏森森\", \"所谓伊人\"]','{\"index\": 2, \"value\": \"锦官城外柏森森\"}','下一句为「锦官城外柏森森」。',3,1,'2026-07-12 06:29:59'),(490,144,'guess_author','「舍南舍北皆春水，但见群鸥日日来。花径不曾…」\\n这首诗的作者是谁？','[\"刘禹锡\", \"顾况\", \"杜甫\", \"韩翃\"]','{\"index\": 2, \"value\": \"杜甫\"}','《客至》作者是杜甫。',3,1,'2026-07-12 06:29:59'),(491,144,'guess_title','「舍南舍北皆春水，但见群鸥日日来。花径不曾…」\\n这首诗的诗名是？','[\"客至\", \"春夜喜雨\", \"古从军行\", \"江南曲\"]','{\"index\": 0, \"value\": \"客至\"}','此诗名为《客至》。',3,1,'2026-07-12 06:29:59'),(492,144,'choose_next_line','「舍南舍北皆春水」\\n下一句是？','[\"泛泛入烟雾\", \"但见群鸥日日来\", \"浩浩风起波\", \"暮惹御香归\"]','{\"index\": 1, \"value\": \"但见群鸥日日来\"}','下一句为「但见群鸥日日来」。',3,1,'2026-07-12 06:29:59'),(493,145,'guess_author','「昔闻洞庭水，今上岳阳楼。吴楚东南坼，乾坤…」\\n这首诗的作者是谁？','[\"王昌龄\", \"辛弃疾\", \"袁枚\", \"杜甫\"]','{\"index\": 3, \"value\": \"杜甫\"}','《登岳阳楼》作者是杜甫。',3,1,'2026-07-12 06:29:59'),(494,145,'guess_title','「昔闻洞庭水，今上岳阳楼。吴楚东南坼，乾坤…」\\n这首诗的诗名是？','[\"定风波·莫听穿林打叶声\", \"观刈麦·节选\", \"登岳阳楼\", \"声声慢·寻寻觅觅\"]','{\"index\": 2, \"value\": \"登岳阳楼\"}','此诗名为《登岳阳楼》。',3,1,'2026-07-12 06:29:59'),(495,145,'choose_next_line','「昔闻洞庭水」\\n下一句是？','[\"五十弦翻塞外声\", \"折戟沉沙铁未销\", \"今上岳阳楼\", \"千树万树梨花开\"]','{\"index\": 2, \"value\": \"今上岳阳楼\"}','下一句为「今上岳阳楼」。',3,1,'2026-07-12 06:29:59'),(496,146,'guess_author','「山围故国周遭在，潮打空城寂寞回。淮水东边…」\\n这首诗的作者是谁？','[\"严武\", \"李华\", \"辛弃疾\", \"刘禹锡\"]','{\"index\": 3, \"value\": \"刘禹锡\"}','《石头城》作者是刘禹锡。',3,1,'2026-07-12 06:29:59'),(497,146,'guess_title','「山围故国周遭在，潮打空城寂寞回。淮水东边…」\\n这首诗的诗名是？','[\"宣州谢脁楼饯别校书叔云\", \"秋登宣城谢脁北楼\", \"代悲白头翁·节选\", \"石头城\"]','{\"index\": 3, \"value\": \"石头城\"}','此诗名为《石头城》。',3,1,'2026-07-12 06:29:59'),(498,146,'choose_next_line','「山围故国周遭在」\\n下一句是？','[\"塔势如涌出\", \"对酒当歌\", \"潮打空城寂寞回\", \"出行复悠悠\"]','{\"index\": 2, \"value\": \"潮打空城寂寞回\"}','下一句为「潮打空城寂寞回」。',3,1,'2026-07-12 06:29:59'),(499,147,'guess_author','「浔阳江头夜送客，枫叶荻花秋瑟瑟。主人下马…」\\n这首诗的作者是谁？','[\"林升\", \"白居易\", \"张继\", \"佚名\"]','{\"index\": 1, \"value\": \"白居易\"}','《琵琶行·节选》作者是白居易。',3,1,'2026-07-12 06:29:59'),(500,147,'guess_title','「浔阳江头夜送客，枫叶荻花秋瑟瑟。主人下马…」\\n这首诗的诗名是？','[\"琵琶行·节选\", \"次北固山下\", \"蜀相\", \"夜上受降城闻笛\"]','{\"index\": 0, \"value\": \"琵琶行·节选\"}','此诗名为《琵琶行·节选》。',3,1,'2026-07-12 06:29:59'),(501,147,'choose_next_line','「浔阳江头夜送客」\\n下一句是？','[\"美人帐下犹歌舞\", \"隔叶黄鹂空好音\", \"苏武魂销汉使前\", \"枫叶荻花秋瑟瑟\"]','{\"index\": 3, \"value\": \"枫叶荻花秋瑟瑟\"}','下一句为「枫叶荻花秋瑟瑟」。',3,1,'2026-07-12 06:29:59'),(502,148,'guess_author','「吴丝蜀桐张高秋，空山凝云颓不流。江娥啼竹…」\\n这首诗的作者是谁？','[\"李贺\", \"严武\", \"曾几\", \"袁枚\"]','{\"index\": 0, \"value\": \"李贺\"}','《李凭箜篌引·节选》作者是李贺。',3,1,'2026-07-12 06:29:59'),(503,148,'guess_title','「吴丝蜀桐张高秋，空山凝云颓不流。江娥啼竹…」\\n这首诗的诗名是？','[\"李凭箜篌引·节选\", \"送魏万之京\", \"白雪歌送武判官归京·节选\", \"天净沙·秋思\"]','{\"index\": 0, \"value\": \"李凭箜篌引·节选\"}','此诗名为《李凭箜篌引·节选》。',3,1,'2026-07-12 06:29:59'),(504,148,'choose_next_line','「吴丝蜀桐张高秋」\\n下一句是？','[\"忧思难忘\", \"卷上珠帘总不如\", \"空山凝云颓不流\", \"闲依农圃邻\"]','{\"index\": 2, \"value\": \"空山凝云颓不流\"}','下一句为「空山凝云颓不流」。',3,1,'2026-07-12 06:29:59'),(505,149,'guess_author','「长安回望绣成堆，山顶千门次第开。一骑红尘…」\\n这首诗的作者是谁？','[\"卢纶\", \"杜牧\", \"陈子昂\", \"袁枚\"]','{\"index\": 1, \"value\": \"杜牧\"}','《过华清宫·其一》作者是杜牧。',3,1,'2026-07-12 06:29:59'),(506,149,'guess_title','「长安回望绣成堆，山顶千门次第开。一骑红尘…」\\n这首诗的诗名是？','[\"渡荆门送别\", \"过华清宫·其一\", \"白雪歌送武判官归京·节选\", \"春雨\"]','{\"index\": 1, \"value\": \"过华清宫·其一\"}','此诗名为《过华清宫·其一》。',3,1,'2026-07-12 06:29:59'),(507,149,'choose_next_line','「长安回望绣成堆」\\n下一句是？','[\"亲朋无一字\", \"属国过居延\", \"山顶千门次第开\", \"豆蔻梢头二月初\"]','{\"index\": 2, \"value\": \"山顶千门次第开\"}','下一句为「山顶千门次第开」。',3,1,'2026-07-12 06:29:59'),(508,150,'guess_author','「小山重叠金明灭，鬓云欲度香腮雪。懒起画蛾…」\\n这首诗的作者是谁？','[\"贾岛\", \"温庭筠\", \"陈子昂\", \"严恽\"]','{\"index\": 1, \"value\": \"温庭筠\"}','《菩萨蛮·小山重叠金明灭》作者是温庭筠。',3,1,'2026-07-12 06:29:59'),(509,150,'guess_title','「小山重叠金明灭，鬓云欲度香腮雪。懒起画蛾…」\\n这首诗的诗名是？','[\"军城早秋\", \"菩萨蛮·小山重叠金明灭\", \"送魏万之京\", \"桃花溪\"]','{\"index\": 1, \"value\": \"菩萨蛮·小山重叠金明灭\"}','此诗名为《菩萨蛮·小山重叠金明灭》。',3,1,'2026-07-12 06:29:59'),(510,150,'choose_next_line','「小山重叠金明灭」\\n下一句是？','[\"隐隐飞桥隔野烟\", \"古来征战几人回\", \"独怜幽草涧边生\", \"鬓云欲度香腮雪\"]','{\"index\": 3, \"value\": \"鬓云欲度香腮雪\"}','下一句为「鬓云欲度香腮雪」。',3,1,'2026-07-12 06:29:59'),(511,151,'guess_author','「春花秋月何时了？往事知多少。小楼昨夜又东…」\\n这首诗的作者是谁？','[\"王勃\", \"严恽\", \"卢纶\", \"李煜\"]','{\"index\": 3, \"value\": \"李煜\"}','《虞美人·春花秋月何时了》作者是李煜。',3,1,'2026-07-12 06:29:59'),(512,151,'guess_title','「春花秋月何时了？往事知多少。小楼昨夜又东…」\\n这首诗的诗名是？','[\"听董大弹胡笳声兼寄语弄房给事\", \"水调歌头·明月几时有\", \"宣州谢脁楼饯别校书叔云\", \"虞美人·春花秋月何时了\"]','{\"index\": 3, \"value\": \"虞美人·春花秋月何时了\"}','此诗名为《虞美人·春花秋月何时了》。',3,1,'2026-07-12 06:29:59'),(513,151,'choose_next_line','「春花秋月何时了」\\n下一句是？','[\"往事知多少\", \"我寄愁心与明月\", \"浮云一别后\", \"春山暖日和风\"]','{\"index\": 0, \"value\": \"往事知多少\"}','下一句为「往事知多少」。',3,1,'2026-07-12 06:29:59'),(514,152,'guess_author','「槛菊愁烟兰泣露。罗幕轻寒，燕子双飞去。明…」\\n这首诗的作者是谁？','[\"王湾\", \"陶渊明\", \"邵雍\", \"晏殊\"]','{\"index\": 3, \"value\": \"晏殊\"}','《蝶恋花·槛菊愁烟兰泣露》作者是晏殊。',3,1,'2026-07-12 06:29:59'),(515,152,'guess_title','「槛菊愁烟兰泣露。罗幕轻寒，燕子双飞去。明…」\\n这首诗的诗名是？','[\"渔家傲·秋思\", \"浣溪沙·一曲新词酒一杯\", \"蝶恋花·槛菊愁烟兰泣露\", \"筹笔驿\"]','{\"index\": 2, \"value\": \"蝶恋花·槛菊愁烟兰泣露\"}','此诗名为《蝶恋花·槛菊愁烟兰泣露》。',3,1,'2026-07-12 06:29:59'),(516,152,'choose_next_line','「槛菊愁烟兰泣露」\\n下一句是？','[\"双桥落彩虹\", \"悠悠我心\", \"白门寥落意多违\", \"罗幕轻寒\"]','{\"index\": 3, \"value\": \"罗幕轻寒\"}','下一句为「罗幕轻寒」。',3,1,'2026-07-12 06:29:59'),(517,153,'guess_author','「登临送目，正故国晚秋，天气初肃。千里澄江…」\\n这首诗的作者是谁？','[\"王湾\", \"陆游\", \"王安石\", \"杨万里\"]','{\"index\": 2, \"value\": \"王安石\"}','《桂枝香·金陵怀古》作者是王安石。',3,1,'2026-07-12 06:29:59'),(518,153,'guess_title','「登临送目，正故国晚秋，天气初肃。千里澄江…」\\n这首诗的诗名是？','[\"后宫词\", \"桂枝香·金陵怀古\", \"卜算子·咏梅\", \"黄鹤楼\"]','{\"index\": 1, \"value\": \"桂枝香·金陵怀古\"}','此诗名为《桂枝香·金陵怀古》。',3,1,'2026-07-12 06:29:59'),(519,153,'choose_next_line','「登临送目」\\n下一句是？','[\"山晓望晴空\", \"去日苦多\", \"正故国晚秋\", \"亭台六七座\"]','{\"index\": 2, \"value\": \"正故国晚秋\"}','下一句为「正故国晚秋」。',3,1,'2026-07-12 06:29:59'),(520,154,'guess_author','「大江东去，浪淘尽，千古风流人物。故垒西边…」\\n这首诗的作者是谁？','[\"韦应物\", \"韩翃\", \"苏轼\", \"张养浩\"]','{\"index\": 2, \"value\": \"苏轼\"}','《念奴娇·赤壁怀古》作者是苏轼。',3,1,'2026-07-12 06:29:59'),(521,154,'guess_title','「大江东去，浪淘尽，千古风流人物。故垒西边…」\\n这首诗的诗名是？','[\"寄全椒山中道士\", \"春泛若耶溪\", \"塞上听吹笛\", \"念奴娇·赤壁怀古\"]','{\"index\": 3, \"value\": \"念奴娇·赤壁怀古\"}','此诗名为《念奴娇·赤壁怀古》。',3,1,'2026-07-12 06:29:59'),(522,154,'choose_next_line','「大江东去」\\n下一句是？','[\"尽日问花花不语\", \"八百里分麾下炙\", \"风云常为护储胥\", \"浪淘尽\"]','{\"index\": 3, \"value\": \"浪淘尽\"}','下一句为「浪淘尽」。',3,1,'2026-07-12 06:29:59'),(523,155,'guess_author','「莫听穿林打叶声，何妨吟啸且徐行。竹杖芒鞋…」\\n这首诗的作者是谁？','[\"温庭筠\", \"韩愈\", \"张若虚\", \"苏轼\"]','{\"index\": 3, \"value\": \"苏轼\"}','《定风波·莫听穿林打叶声》作者是苏轼。',3,1,'2026-07-12 06:29:59'),(524,155,'guess_title','「莫听穿林打叶声，何妨吟啸且徐行。竹杖芒鞋…」\\n这首诗的诗名是？','[\"定风波·莫听穿林打叶声\", \"关雎\", \"喜见外弟又言别\", \"江城子·密州出猎\"]','{\"index\": 0, \"value\": \"定风波·莫听穿林打叶声\"}','此诗名为《定风波·莫听穿林打叶声》。',3,1,'2026-07-12 06:29:59'),(525,155,'choose_next_line','「莫听穿林打叶声」\\n下一句是？','[\"虫声新透绿窗纱\", \"何妨吟啸且徐行\", \"后不见来者\", \"海日生残夜\"]','{\"index\": 1, \"value\": \"何妨吟啸且徐行\"}','下一句为「何妨吟啸且徐行」。',3,1,'2026-07-12 06:29:59'),(526,156,'guess_author','「寻寻觅觅，冷冷清清，凄凄惨惨戚戚。乍暖还…」\\n这首诗的作者是谁？','[\"李华\", \"曾几\", \"佚名\", \"李清照\"]','{\"index\": 3, \"value\": \"李清照\"}','《声声慢·寻寻觅觅》作者是李清照。',3,1,'2026-07-12 06:30:00'),(527,156,'guess_title','「寻寻觅觅，冷冷清清，凄凄惨惨戚戚。乍暖还…」\\n这首诗的诗名是？','[\"淮上喜会梁川故人\", \"华清宫\", \"望岳\", \"声声慢·寻寻觅觅\"]','{\"index\": 3, \"value\": \"声声慢·寻寻觅觅\"}','此诗名为《声声慢·寻寻觅觅》。',3,1,'2026-07-12 06:30:00'),(528,156,'choose_next_line','「寻寻觅觅」\\n下一句是？','[\"停舫临孤驿\", \"山河表里潼关路\", \"冷冷清清\", \"水晶帘卷近秋河\"]','{\"index\": 2, \"value\": \"冷冷清清\"}','下一句为「冷冷清清」。',3,1,'2026-07-12 06:30:00'),(529,157,'guess_author','「千古江山，英雄无觅孙仲谋处。舞榭歌台，风…」\\n这首诗的作者是谁？','[\"曹操\", \"辛弃疾\", \"龚自珍\", \"林升\"]','{\"index\": 1, \"value\": \"辛弃疾\"}','《永遇乐·京口北固亭怀古》作者是辛弃疾。',3,1,'2026-07-12 06:30:00'),(530,157,'guess_title','「千古江山，英雄无觅孙仲谋处。舞榭歌台，风…」\\n这首诗的诗名是？','[\"春怨\", \"蜀相\", \"永遇乐·京口北固亭怀古\", \"秋夕\"]','{\"index\": 2, \"value\": \"永遇乐·京口北固亭怀古\"}','此诗名为《永遇乐·京口北固亭怀古》。',3,1,'2026-07-12 06:30:00'),(531,157,'choose_next_line','「千古江山」\\n下一句是？','[\"英雄无觅孙仲谋处\", \"宛在水中央\", \"噫吁嚱\", \"恰似一江春水向东流\"]','{\"index\": 0, \"value\": \"英雄无觅孙仲谋处\"}','下一句为「英雄无觅孙仲谋处」。',3,1,'2026-07-12 06:30:00'),(532,158,'guess_author','「淮左名都，竹西佳处，解鞍少驻初程。过春风…」\\n这首诗的作者是谁？','[\"姜夔\", \"李华\", \"叶绍翁\", \"李绅\"]','{\"index\": 0, \"value\": \"姜夔\"}','《扬州慢·淮左名都·节选》作者是姜夔。',3,1,'2026-07-12 06:30:00'),(533,158,'guess_title','「淮左名都，竹西佳处，解鞍少驻初程。过春风…」\\n这首诗的诗名是？','[\"长安遇冯著\", \"望岳\", \"凉州词·补充\", \"扬州慢·淮左名都·节选\"]','{\"index\": 3, \"value\": \"扬州慢·淮左名都·节选\"}','此诗名为《扬州慢·淮左名都·节选》。',3,1,'2026-07-12 06:30:00'),(534,158,'choose_next_line','「淮左名都」\\n下一句是？','[\"更著风和雨\", \"竹西佳处\", \"醉卧沙场君莫笑\", \"星河秋一雁\"]','{\"index\": 1, \"value\": \"竹西佳处\"}','下一句为「竹西佳处」。',3,1,'2026-07-12 06:30:00'),(535,159,'guess_author','「汉皇重色思倾国，御宇多年求不得。杨家有女…」\\n这首诗的作者是谁？','[\"王冕\", \"白居易\", \"陶渊明\", \"唐寅\"]','{\"index\": 1, \"value\": \"白居易\"}','《长恨歌·节选》作者是白居易。',3,1,'2026-07-12 06:30:00'),(536,159,'guess_title','「汉皇重色思倾国，御宇多年求不得。杨家有女…」\\n这首诗的诗名是？','[\"春泛若耶溪\", \"长恨歌·节选\", \"春怨\", \"滁州西涧\"]','{\"index\": 1, \"value\": \"长恨歌·节选\"}','此诗名为《长恨歌·节选》。',3,1,'2026-07-12 06:30:00'),(537,159,'choose_next_line','「汉皇重色思倾国」\\n下一句是？','[\"青山朝别暮还见\", \"乱石穿空\", \"御宇多年求不得\", \"人不寐将军白发征夫泪\"]','{\"index\": 2, \"value\": \"御宇多年求不得\"}','下一句为「御宇多年求不得」。',3,1,'2026-07-12 06:30:00'),(538,160,'guess_author','「春江潮水连海平，海上明月共潮生。滟滟随波…」\\n这首诗的作者是谁？','[\"张若虚\", \"李颀\", \"顾况\", \"王冕\"]','{\"index\": 0, \"value\": \"张若虚\"}','《春江花月夜·节选》作者是张若虚。',3,1,'2026-07-12 06:30:00'),(539,160,'guess_title','「春江潮水连海平，海上明月共潮生。滟滟随波…」\\n这首诗的诗名是？','[\"饮酒·其五\", \"夜归鹿门歌\", \"古朗月行·小时不识月\", \"春江花月夜·节选\"]','{\"index\": 3, \"value\": \"春江花月夜·节选\"}','此诗名为《春江花月夜·节选》。',3,1,'2026-07-12 06:30:00'),(540,160,'choose_next_line','「春江潮水连海平」\\n下一句是？','[\"归棹洛阳人\", \"海上明月共潮生\", \"把酒问青天\", \"春花秋月何时了\"]','{\"index\": 1, \"value\": \"海上明月共潮生\"}','下一句为「海上明月共潮生」。',3,1,'2026-07-12 06:30:00'),(541,161,'guess_author','「洛阳城东桃李花，飞来飞去落谁家？洛阳女儿…」\\n这首诗的作者是谁？','[\"刘希夷\", \"白居易\", \"常建\", \"苏轼\"]','{\"index\": 0, \"value\": \"刘希夷\"}','《代悲白头翁·节选》作者是刘希夷。',3,1,'2026-07-12 06:30:00'),(542,161,'guess_title','「洛阳城东桃李花，飞来飞去落谁家？洛阳女儿…」\\n这首诗的诗名是？','[\"贼退示官吏·节选\", \"代悲白头翁·节选\", \"水调歌头·明月几时有\", \"白雪歌送武判官归京·节选\"]','{\"index\": 1, \"value\": \"代悲白头翁·节选\"}','此诗名为《代悲白头翁·节选》。',3,1,'2026-07-12 06:30:00'),(543,161,'choose_next_line','「洛阳城东桃李花」\\n下一句是？','[\"东风不与周郎便\", \"去年天气旧亭台\", \"飞来飞去落谁家\", \"直挂云帆济沧海\"]','{\"index\": 2, \"value\": \"飞来飞去落谁家\"}','下一句为「飞来飞去落谁家」。',3,1,'2026-07-12 06:30:00'),(544,162,'guess_author','「前不见古人，后不见来者。念天地之悠悠，独…」\\n这首诗的作者是谁？','[\"李商隐\", \"叶绍翁\", \"陈子昂\", \"李峤\"]','{\"index\": 2, \"value\": \"陈子昂\"}','《登幽州台歌》作者是陈子昂。',1,1,'2026-07-12 06:30:00'),(545,162,'guess_title','「前不见古人，后不见来者。念天地之悠悠，独…」\\n这首诗的诗名是？','[\"行路难·其一\", \"登幽州台歌\", \"渔家傲·秋思\", \"无题·重帏深下莫愁堂\"]','{\"index\": 1, \"value\": \"登幽州台歌\"}','此诗名为《登幽州台歌》。',1,1,'2026-07-12 06:30:00'),(546,162,'choose_next_line','「前不见古人」\\n下一句是？','[\"与君离别意\", \"独上高楼\", \"春山一路鸟空啼\", \"后不见来者\"]','{\"index\": 3, \"value\": \"后不见来者\"}','下一句为「后不见来者」。',1,1,'2026-07-12 06:30:00'),(547,163,'guess_author','「葡萄美酒夜光杯，欲饮琵琶马上催。醉卧沙场…」\\n这首诗的作者是谁？','[\"骆宾王\", \"郑燮\", \"王翰\", \"杨万里\"]','{\"index\": 2, \"value\": \"王翰\"}','《凉州词·补充》作者是王翰。',2,1,'2026-07-12 06:30:00'),(548,163,'guess_title','「葡萄美酒夜光杯，欲饮琵琶马上催。醉卧沙场…」\\n这首诗的诗名是？','[\"无题·相见时难·补充\", \"长安遇冯著\", \"凉州词·补充\", \"初发扬子寄元大校书\"]','{\"index\": 2, \"value\": \"凉州词·补充\"}','此诗名为《凉州词·补充》。',2,1,'2026-07-12 06:30:00'),(549,163,'choose_next_line','「葡萄美酒夜光杯」\\n下一句是？','[\"欲饮琵琶马上催\", \"冥冥日沉夕\", \"夜深还过女墙来\", \"无人知道外边寒\"]','{\"index\": 0, \"value\": \"欲饮琵琶马上催\"}','下一句为「欲饮琵琶马上催」。',2,1,'2026-07-12 06:30:00'),(550,164,'guess_author','「汉家烟尘在东北，汉将辞家破残贼。男儿本自…」\\n这首诗的作者是谁？','[\"王昌龄\", \"李华\", \"高适\", \"唐寅\"]','{\"index\": 2, \"value\": \"高适\"}','《燕歌行·节选》作者是高适。',3,1,'2026-07-12 06:30:00'),(551,164,'guess_title','「汉家烟尘在东北，汉将辞家破残贼。男儿本自…」\\n这首诗的诗名是？','[\"江南曲\", \"喜见外弟又言别\", \"燕歌行·节选\", \"关雎\"]','{\"index\": 2, \"value\": \"燕歌行·节选\"}','此诗名为《燕歌行·节选》。',3,1,'2026-07-12 06:30:00'),(552,164,'choose_next_line','「汉家烟尘在东北」\\n下一句是？','[\"一夜征人尽望乡\", \"一时多少豪杰\", \"造化钟神秀\", \"汉将辞家破残贼\"]','{\"index\": 3, \"value\": \"汉将辞家破残贼\"}','下一句为「汉将辞家破残贼」。',3,1,'2026-07-12 06:30:00'),(553,165,'guess_author','「白日登山望烽火，黄昏饮马傍交河。行人刁斗…」\\n这首诗的作者是谁？','[\"李颀\", \"贺知章\", \"刘希夷\", \"韦应物\"]','{\"index\": 0, \"value\": \"李颀\"}','《古从军行》作者是李颀。',3,1,'2026-07-12 06:30:00'),(554,165,'guess_title','「白日登山望烽火，黄昏饮马傍交河。行人刁斗…」\\n这首诗的诗名是？','[\"庐山谣寄卢侍御虚舟·节选\", \"郡斋雨中与文书交燕\", \"古从军行\", \"山坡羊·潼关怀古\"]','{\"index\": 2, \"value\": \"古从军行\"}','此诗名为《古从军行》。',3,1,'2026-07-12 06:30:00'),(555,165,'choose_next_line','「白日登山望烽火」\\n下一句是？','[\"只有香如故\", \"明月不谙离恨苦\", \"黄昏饮马傍交河\", \"风正一帆悬\"]','{\"index\": 2, \"value\": \"黄昏饮马傍交河\"}','下一句为「黄昏饮马傍交河」。',3,1,'2026-07-12 06:30:00'),(556,166,'guess_author','「朝闻游子唱离歌，昨夜微霜初渡河。鸿雁不堪…」\\n这首诗的作者是谁？','[\"刘方平\", \"李颀\", \"王翰\", \"贾岛\"]','{\"index\": 1, \"value\": \"李颀\"}','《送魏万之京》作者是李颀。',3,1,'2026-07-12 06:30:00'),(557,166,'guess_title','「朝闻游子唱离歌，昨夜微霜初渡河。鸿雁不堪…」\\n这首诗的诗名是？','[\"己亥杂诗·浩荡离愁\", \"送魏万之京\", \"定风波·莫听穿林打叶声\", \"白雪歌送武判官归京·节选\"]','{\"index\": 1, \"value\": \"送魏万之京\"}','此诗名为《送魏万之京》。',3,1,'2026-07-12 06:30:00'),(558,166,'choose_next_line','「朝闻游子唱离歌」\\n下一句是？','[\"风吹一夜满关山\", \"昨夜微霜初渡河\", \"飞来山上千寻塔\", \"停杯投箸不能食\"]','{\"index\": 1, \"value\": \"昨夜微霜初渡河\"}','下一句为「昨夜微霜初渡河」。',3,1,'2026-07-12 06:30:00'),(559,167,'guess_author','「男儿事长征，少小幽燕客。赌胜马蹄下，由来…」\\n这首诗的作者是谁？','[\"翁卷\", \"李颀\", \"韦应物\", \"林升\"]','{\"index\": 1, \"value\": \"李颀\"}','《古意》作者是李颀。',3,1,'2026-07-12 06:30:00'),(560,167,'guess_title','「男儿事长征，少小幽燕客。赌胜马蹄下，由来…」\\n这首诗的诗名是？','[\"沁园春·长沙·节选\", \"古意\", \"夜归鹿门歌\", \"水调歌头·明月几时有\"]','{\"index\": 1, \"value\": \"古意\"}','此诗名为《古意》。',3,1,'2026-07-12 06:30:00'),(561,167,'choose_next_line','「男儿事长征」\\n下一句是？','[\"长风破浪会有时\", \"少小幽燕客\", \"古道西风瘦马\", \"野渡无人舟自横\"]','{\"index\": 1, \"value\": \"少小幽燕客\"}','下一句为「少小幽燕客」。',3,1,'2026-07-12 06:30:00'),(562,168,'guess_author','「四月南风大麦黄，枣花未落桐叶长。青山朝别…」\\n这首诗的作者是谁？','[\"晏殊\", \"韦应物\", \"李颀\", \"张若虚\"]','{\"index\": 2, \"value\": \"李颀\"}','《送陈章甫》作者是李颀。',3,1,'2026-07-12 06:30:00'),(563,168,'guess_title','「四月南风大麦黄，枣花未落桐叶长。青山朝别…」\\n这首诗的诗名是？','[\"春思\", \"送陈章甫\", \"蜀先主庙\", \"江城子·密州出猎\"]','{\"index\": 1, \"value\": \"送陈章甫\"}','此诗名为《送陈章甫》。',3,1,'2026-07-12 06:30:00'),(564,168,'choose_next_line','「四月南风大麦黄」\\n下一句是？','[\"燕子双飞去\", \"枣花未落桐叶长\", \"江月年年望相似\", \"昨夜微霜初渡河\"]','{\"index\": 1, \"value\": \"枣花未落桐叶长\"}','下一句为「枣花未落桐叶长」。',3,1,'2026-07-12 06:30:00'),(565,169,'guess_author','「主人有酒欢今夕，请奏鸣琴广陵客。月照城头…」\\n这首诗的作者是谁？','[\"李颀\", \"王之涣\", \"苏轼\", \"卢纶\"]','{\"index\": 0, \"value\": \"李颀\"}','《琴歌》作者是李颀。',3,1,'2026-07-12 06:30:00'),(566,169,'guess_title','「主人有酒欢今夕，请奏鸣琴广陵客。月照城头…」\\n这首诗的诗名是？','[\"登乐游原\", \"次北固山下\", \"赋得暮雨送李胄\", \"琴歌\"]','{\"index\": 3, \"value\": \"琴歌\"}','此诗名为《琴歌》。',3,1,'2026-07-12 06:30:00'),(567,169,'choose_next_line','「主人有酒欢今夕」\\n下一句是？','[\"滟滟随波千万里\", \"余亦能高咏\", \"请奏鸣琴广陵客\", \"胡人落泪沾边草\"]','{\"index\": 2, \"value\": \"请奏鸣琴广陵客\"}','下一句为「请奏鸣琴广陵客」。',3,1,'2026-07-12 06:30:00'),(568,170,'guess_author','「蔡女昔造胡笳声，一弹一十有八拍。胡人落泪…」\\n这首诗的作者是谁？','[\"元结\", \"杜牧\", \"李颀\", \"张旭\"]','{\"index\": 2, \"value\": \"李颀\"}','《听董大弹胡笳声兼寄语弄房给事》作者是李颀。',3,1,'2026-07-12 06:30:00'),(569,170,'guess_title','「蔡女昔造胡笳声，一弹一十有八拍。胡人落泪…」\\n这首诗的诗名是？','[\"月夜\", \"苏武庙\", \"长安遇冯著\", \"听董大弹胡笳声兼寄语弄房给事\"]','{\"index\": 3, \"value\": \"听董大弹胡笳声兼寄语弄房给事\"}','此诗名为《听董大弹胡笳声兼寄语弄房给事》。',3,1,'2026-07-12 06:30:00'),(570,170,'choose_next_line','「蔡女昔造胡笳声」\\n下一句是？','[\"马邑龙堆路数千\", \"千寻铁锁沉江底\", \"一弹一十有八拍\", \"风物凄凄宿雨收\"]','{\"index\": 2, \"value\": \"一弹一十有八拍\"}','下一句为「一弹一十有八拍」。',3,1,'2026-07-12 06:30:00'),(571,171,'guess_author','「南山截竹为觱篥，此乐本自龟兹出。流传汉地…」\\n这首诗的作者是谁？','[\"林升\", \"司空曙\", \"李华\", \"李颀\"]','{\"index\": 3, \"value\": \"李颀\"}','《听安万善吹觱篥歌》作者是李颀。',3,1,'2026-07-12 06:30:00'),(572,171,'guess_title','「南山截竹为觱篥，此乐本自龟兹出。流传汉地…」\\n这首诗的诗名是？','[\"酬乐天扬州初逢席上见赠\", \"桃花溪\", \"听安万善吹觱篥歌\", \"台城\"]','{\"index\": 2, \"value\": \"听安万善吹觱篥歌\"}','此诗名为《听安万善吹觱篥歌》。',3,1,'2026-07-12 06:30:00'),(573,171,'choose_next_line','「南山截竹为觱篥」\\n下一句是？','[\"吾庐独破受冻死亦足\", \"鸡声茅店月\", \"归帆去棹残阳里\", \"此乐本自龟兹出\"]','{\"index\": 3, \"value\": \"此乐本自龟兹出\"}','下一句为「此乐本自龟兹出」。',3,1,'2026-07-12 06:30:00'),(574,172,'guess_author','「山寺钟鸣昼已昏，渔梁渡头争渡喧。人随沙岸…」\\n这首诗的作者是谁？','[\"孟浩然\", \"曹操\", \"韦庄\", \"曾几\"]','{\"index\": 0, \"value\": \"孟浩然\"}','《夜归鹿门歌》作者是孟浩然。',2,1,'2026-07-12 06:30:00'),(575,172,'guess_title','「山寺钟鸣昼已昏，渔梁渡头争渡喧。人随沙岸…」\\n这首诗的诗名是？','[\"夜归鹿门歌\", \"华清宫\", \"次北固山下\", \"水调歌头·明月几时有\"]','{\"index\": 0, \"value\": \"夜归鹿门歌\"}','此诗名为《夜归鹿门歌》。',2,1,'2026-07-12 06:30:00'),(576,172,'choose_next_line','「山寺钟鸣昼已昏」\\n下一句是？','[\"渔梁渡头争渡喧\", \"竹西佳处\", \"旧国见青山\", \"繁华事散逐香尘\"]','{\"index\": 0, \"value\": \"渔梁渡头争渡喧\"}','下一句为「渔梁渡头争渡喧」。',2,1,'2026-07-12 06:30:00'),(577,173,'guess_author','「我本楚狂人，凤歌笑孔丘。手持绿玉杖，朝别…」\\n这首诗的作者是谁？','[\"顾况\", \"李白\", \"李颀\", \"范成大\"]','{\"index\": 1, \"value\": \"李白\"}','《庐山谣寄卢侍御虚舟·节选》作者是李白。',3,1,'2026-07-12 06:30:00'),(578,173,'guess_title','「我本楚狂人，凤歌笑孔丘。手持绿玉杖，朝别…」\\n这首诗的诗名是？','[\"庐山谣寄卢侍御虚舟·节选\", \"无题·相见时难·补充\", \"扬州慢·淮左名都·节选\", \"宿王昌龄隐居\"]','{\"index\": 0, \"value\": \"庐山谣寄卢侍御虚舟·节选\"}','此诗名为《庐山谣寄卢侍御虚舟·节选》。',3,1,'2026-07-12 06:30:00'),(579,173,'choose_next_line','「我本楚狂人」\\n下一句是？','[\"凤歌笑孔丘\", \"何似在人间\", \"犹厌言兵\", \"幽意无断绝\"]','{\"index\": 0, \"value\": \"凤歌笑孔丘\"}','下一句为「凤歌笑孔丘」。',3,1,'2026-07-12 06:30:00'),(580,174,'guess_author','「江城如画里，山晓望晴空。两水夹明镜，双桥…」\\n这首诗的作者是谁？','[\"李清照\", \"李白\", \"高适\", \"马致远\"]','{\"index\": 1, \"value\": \"李白\"}','《秋登宣城谢脁北楼》作者是李白。',3,1,'2026-07-12 06:30:00'),(581,174,'guess_title','「江城如画里，山晓望晴空。两水夹明镜，双桥…」\\n这首诗的诗名是？','[\"琵琶行·节选\", \"西江月·夜行黄沙道中\", \"画鸡\", \"秋登宣城谢脁北楼\"]','{\"index\": 3, \"value\": \"秋登宣城谢脁北楼\"}','此诗名为《秋登宣城谢脁北楼》。',3,1,'2026-07-12 06:30:00'),(582,174,'choose_next_line','「江城如画里」\\n下一句是？','[\"建业暮钟时\", \"山晓望晴空\", \"杨柳秋千院中\", \"长大一相逢\"]','{\"index\": 1, \"value\": \"山晓望晴空\"}','下一句为「山晓望晴空」。',3,1,'2026-07-12 06:30:00'),(583,175,'guess_author','「弃我去者昨日之日不可留，乱我心者今日之日…」\\n这首诗的作者是谁？','[\"李白\", \"贺知章\", \"毛泽东\", \"杨万里\"]','{\"index\": 0, \"value\": \"李白\"}','《宣州谢脁楼饯别校书叔云》作者是李白。',3,1,'2026-07-12 06:30:00'),(584,175,'guess_title','「弃我去者昨日之日不可留，乱我心者今日之日…」\\n这首诗的诗名是？','[\"春行即兴\", \"春夜喜雨\", \"宣州谢脁楼饯别校书叔云\", \"宫词\"]','{\"index\": 2, \"value\": \"宣州谢脁楼饯别校书叔云\"}','此诗名为《宣州谢脁楼饯别校书叔云》。',3,1,'2026-07-12 06:30:00'),(585,175,'choose_next_line','「弃我去者昨日之日不可留」\\n下一句是？','[\"乱我心者今日之日多烦忧\", \"蒹葭苍苍\", \"停舫临孤驿\", \"灯下白头人\"]','{\"index\": 0, \"value\": \"乱我心者今日之日多烦忧\"}','下一句为「乱我心者今日之日多烦忧」。',3,1,'2026-07-12 06:30:00'),(586,176,'guess_author','「君不见走马川行雪海边，平沙莽莽黄入天。轮…」\\n这首诗的作者是谁？','[\"龚自珍\", \"元结\", \"韩翃\", \"岑参\"]','{\"index\": 3, \"value\": \"岑参\"}','《走马川行奉送封大夫出师西征·节选》作者是岑参。',3,1,'2026-07-12 06:30:00'),(587,176,'guess_title','「君不见走马川行雪海边，平沙莽莽黄入天。轮…」\\n这首诗的诗名是？','[\"走马川行奉送封大夫出师西征·节选\", \"声声慢·寻寻觅觅\", \"登柳州城楼寄漳汀封连四州\", \"渔家傲·秋思\"]','{\"index\": 0, \"value\": \"走马川行奉送封大夫出师西征·节选\"}','此诗名为《走马川行奉送封大夫出师西征·节选》。',3,1,'2026-07-12 06:30:00'),(588,176,'choose_next_line','「君不见走马川行雪海边」\\n下一句是？','[\"榆柳荫后檐\", \"轻罗小扇扑流萤\", \"联步趋丹陛\", \"平沙莽莽黄入天\"]','{\"index\": 3, \"value\": \"平沙莽莽黄入天\"}','下一句为「平沙莽莽黄入天」。',3,1,'2026-07-12 06:30:00'),(589,177,'guess_author','「更深月色半人家，北斗阑干南斗斜。今夜偏知…」\\n这首诗的作者是谁？','[\"孟浩然\", \"贾岛\", \"刘方平\", \"苏轼\"]','{\"index\": 2, \"value\": \"刘方平\"}','《月夜》作者是刘方平。',2,1,'2026-07-12 06:30:00'),(590,177,'guess_title','「更深月色半人家，北斗阑干南斗斜。今夜偏知…」\\n这首诗的诗名是？','[\"江南曲\", \"月夜\", \"定风波·莫听穿林打叶声\", \"破阵子·为陈同甫赋壮词以寄之\"]','{\"index\": 1, \"value\": \"月夜\"}','此诗名为《月夜》。',2,1,'2026-07-12 06:30:00'),(591,177,'choose_next_line','「更深月色半人家」\\n下一句是？','[\"一叫千门万户开\", \"凉州胡人为我吹\", \"杨花落尽子规啼\", \"北斗阑干南斗斜\"]','{\"index\": 3, \"value\": \"北斗阑干南斗斜\"}','下一句为「北斗阑干南斗斜」。',2,1,'2026-07-12 06:30:00'),(592,178,'guess_author','「纱窗日落渐黄昏，金屋无人见泪痕。寂寞空庭…」\\n这首诗的作者是谁？','[\"刘方平\", \"骆宾王\", \"毛泽东\", \"林升\"]','{\"index\": 0, \"value\": \"刘方平\"}','《春怨》作者是刘方平。',2,1,'2026-07-12 06:30:00'),(593,178,'guess_title','「纱窗日落渐黄昏，金屋无人见泪痕。寂寞空庭…」\\n这首诗的诗名是？','[\"登飞来峰\", \"赠别·其一\", \"蒹葭\", \"春怨\"]','{\"index\": 3, \"value\": \"春怨\"}','此诗名为《春怨》。',2,1,'2026-07-12 06:30:00'),(594,178,'choose_next_line','「纱窗日落渐黄昏」\\n下一句是？','[\"晚风吹行舟\", \"犹厌言兵\", \"幽意无断绝\", \"金屋无人见泪痕\"]','{\"index\": 3, \"value\": \"金屋无人见泪痕\"}','下一句为「金屋无人见泪痕」。',2,1,'2026-07-12 06:30:00'),(595,179,'guess_author','「嫁得瞿塘贾，朝朝误妾期。早知潮有信，嫁与…」\\n这首诗的作者是谁？','[\"范仲淹\", \"李益\", \"姜夔\", \"王冕\"]','{\"index\": 1, \"value\": \"李益\"}','《江南曲》作者是李益。',2,1,'2026-07-12 06:30:00'),(596,179,'guess_title','「嫁得瞿塘贾，朝朝误妾期。早知潮有信，嫁与…」\\n这首诗的诗名是？','[\"寄左省杜拾遗\", \"茅屋为秋风所破歌·节选\", \"隋宫\", \"江南曲\"]','{\"index\": 3, \"value\": \"江南曲\"}','此诗名为《江南曲》。',2,1,'2026-07-12 06:30:00'),(597,179,'choose_next_line','「嫁得瞿塘贾」\\n下一句是？','[\"朝朝误妾期\", \"归去\", \"塔势如涌出\", \"回眸一笑百媚生\"]','{\"index\": 0, \"value\": \"朝朝误妾期\"}','下一句为「朝朝误妾期」。',2,1,'2026-07-12 06:30:00'),(598,180,'guess_author','「回乐烽前沙似雪，受降城外月如霜。不知何处…」\\n这首诗的作者是谁？','[\"李益\", \"李贺\", \"司空曙\", \"孟浩然\"]','{\"index\": 0, \"value\": \"李益\"}','《夜上受降城闻笛》作者是李益。',2,1,'2026-07-12 06:30:00'),(599,180,'guess_title','「回乐烽前沙似雪，受降城外月如霜。不知何处…」\\n这首诗的诗名是？','[\"菩萨蛮·小山重叠金明灭\", \"后宫词\", \"夜上受降城闻笛\", \"宿王昌龄隐居\"]','{\"index\": 2, \"value\": \"夜上受降城闻笛\"}','此诗名为《夜上受降城闻笛》。',2,1,'2026-07-12 06:30:00'),(600,180,'choose_next_line','「回乐烽前沙似雪」\\n下一句是？','[\"归雁洛阳边\", \"受降城外月如霜\", \"只有香如故\", \"江船火独明\"]','{\"index\": 1, \"value\": \"受降城外月如霜\"}','下一句为「受降城外月如霜」。',2,1,'2026-07-12 06:30:00'),(601,181,'guess_author','「玉楼天半起笙歌，风送宫嫔笑语和。月殿影开…」\\n这首诗的作者是谁？','[\"元结\", \"顾况\", \"刘禹锡\", \"刘希夷\"]','{\"index\": 1, \"value\": \"顾况\"}','《宫词》作者是顾况。',3,1,'2026-07-12 06:30:00'),(602,181,'guess_title','「玉楼天半起笙歌，风送宫嫔笑语和。月殿影开…」\\n这首诗的诗名是？','[\"宫词\", \"瑶瑟怨\", \"筹笔驿\", \"军城早秋\"]','{\"index\": 0, \"value\": \"宫词\"}','此诗名为《宫词》。',3,1,'2026-07-12 06:30:00'),(603,181,'choose_next_line','「玉楼天半起笙歌」\\n下一句是？','[\"风送宫嫔笑语和\", \"若出其里\", \"战士军前半死生\", \"春江潮水连海平\"]','{\"index\": 0, \"value\": \"风送宫嫔笑语和\"}','下一句为「风送宫嫔笑语和」。',3,1,'2026-07-12 06:30:00'),(604,182,'guess_author','「隐隐飞桥隔野烟，石矶西畔问渔船。桃花尽日…」\\n这首诗的作者是谁？','[\"李颀\", \"张旭\", \"于谦\", \"刘禹锡\"]','{\"index\": 1, \"value\": \"张旭\"}','《桃花溪》作者是张旭。',2,1,'2026-07-12 06:30:00'),(605,182,'guess_title','「隐隐飞桥隔野烟，石矶西畔问渔船。桃花尽日…」\\n这首诗的诗名是？','[\"送杜少府之任蜀州\", \"桃花溪\", \"关雎\", \"郡斋雨中与文书交燕\"]','{\"index\": 1, \"value\": \"桃花溪\"}','此诗名为《桃花溪》。',2,1,'2026-07-12 06:30:00'),(606,182,'choose_next_line','「隐隐飞桥隔野烟」\\n下一句是？','[\"一生好入名山游\", \"问客何为来\", \"分曹限紫微\", \"石矶西畔问渔船\"]','{\"index\": 3, \"value\": \"石矶西畔问渔船\"}','下一句为「石矶西畔问渔船」。',2,1,'2026-07-12 06:30:00'),(607,183,'guess_author','「昨日登高罢，今朝再举觞。菊花何太苦，遭此…」\\n这首诗的作者是谁？','[\"辛弃疾\", \"顾况\", \"李白\", \"白朴\"]','{\"index\": 2, \"value\": \"李白\"}','《九月十日即事》作者是李白。',2,1,'2026-07-12 06:30:00'),(608,183,'guess_title','「昨日登高罢，今朝再举觞。菊花何太苦，遭此…」\\n这首诗的诗名是？','[\"次北固山下\", \"短歌行\", \"贼平后送人北归\", \"九月十日即事\"]','{\"index\": 3, \"value\": \"九月十日即事\"}','此诗名为《九月十日即事》。',2,1,'2026-07-12 06:30:00'),(609,183,'choose_next_line','「昨日登高罢」\\n下一句是？','[\"今朝再举觞\", \"手持绿玉杖\", \"明朝挂帆席\", \"问女何所思\"]','{\"index\": 0, \"value\": \"今朝再举觞\"}','下一句为「今朝再举觞」。',2,1,'2026-07-12 06:30:00'),(610,184,'guess_author','「昨夜秋风入汉关，朔云边月满西山。更催飞将…」\\n这首诗的作者是谁？','[\"韦庄\", \"刘长卿\", \"严武\", \"卢纶\"]','{\"index\": 2, \"value\": \"严武\"}','《军城早秋》作者是严武。',2,1,'2026-07-12 06:30:00'),(611,184,'guess_title','「昨夜秋风入汉关，朔云边月满西山。更催飞将…」\\n这首诗的诗名是？','[\"东郊\", \"庐山谣寄卢侍御虚舟·节选\", \"军城早秋\", \"酬程近秋夜即事见赠\"]','{\"index\": 2, \"value\": \"军城早秋\"}','此诗名为《军城早秋》。',2,1,'2026-07-12 06:30:00'),(612,184,'choose_next_line','「昨夜秋风入汉关」\\n下一句是？','[\"吴丝蜀桐张高秋\", \"朔云边月满西山\", \"寒食东风御柳斜\", \"流水十年间\"]','{\"index\": 1, \"value\": \"朔云边月满西山\"}','下一句为「朔云边月满西山」。',2,1,'2026-07-12 06:30:00'),(613,185,'guess_author','「宜阳城下草萋萋，涧水东流复向西。芳树无人…」\\n这首诗的作者是谁？','[\"毛泽东\", \"吴融\", \"李华\", \"陈子昂\"]','{\"index\": 2, \"value\": \"李华\"}','《春行即兴》作者是李华。',2,1,'2026-07-12 06:30:00'),(614,185,'guess_title','「宜阳城下草萋萋，涧水东流复向西。芳树无人…」\\n这首诗的诗名是？','[\"塞上听吹笛\", \"春行即兴\", \"望岳\", \"西江月·夜行黄沙道中\"]','{\"index\": 1, \"value\": \"春行即兴\"}','此诗名为《春行即兴》。',2,1,'2026-07-12 06:30:00'),(615,185,'choose_next_line','「宜阳城下草萋萋」\\n下一句是？','[\"涧水东流复向西\", \"牛渚西江夜\", \"晓随天仗入\", \"闲来垂钓碧溪上\"]','{\"index\": 0, \"value\": \"涧水东流复向西\"}','下一句为「涧水东流复向西」。',2,1,'2026-07-12 06:30:00'),(616,186,'guess_author','「四郊飞雪暗云端，唯此宫中落旋干。绿树碧檐…」\\n这首诗的作者是谁？','[\"吴融\", \"郑燮\", \"卢纶\", \"李贺\"]','{\"index\": 0, \"value\": \"吴融\"}','《华清宫》作者是吴融。',2,1,'2026-07-12 06:30:00'),(617,186,'guess_title','「四郊飞雪暗云端，唯此宫中落旋干。绿树碧檐…」\\n这首诗的诗名是？','[\"华清宫\", \"后宫词\", \"寄左省杜拾遗\", \"登飞来峰\"]','{\"index\": 0, \"value\": \"华清宫\"}','此诗名为《华清宫》。',2,1,'2026-07-12 06:30:00'),(618,186,'choose_next_line','「四郊飞雪暗云端」\\n下一句是？','[\"山顶千门次第开\", \"偶似山林客\", \"酒酣胸胆尚开张\", \"唯此宫中落旋干\"]','{\"index\": 3, \"value\": \"唯此宫中落旋干\"}','下一句为「唯此宫中落旋干」。',2,1,'2026-07-12 06:30:00'),(619,187,'guess_author','「雪净胡天牧马还，月明羌笛戍楼间。借问梅花…」\\n这首诗的作者是谁？','[\"刘希夷\", \"高适\", \"白居易\", \"刘禹锡\"]','{\"index\": 1, \"value\": \"高适\"}','《塞上听吹笛》作者是高适。',2,1,'2026-07-12 06:30:00'),(620,187,'guess_title','「雪净胡天牧马还，月明羌笛戍楼间。借问梅花…」\\n这首诗的诗名是？','[\"塞上听吹笛\", \"寄全椒山中道士\", \"除夜作\", \"水调歌头·明月几时有\"]','{\"index\": 0, \"value\": \"塞上听吹笛\"}','此诗名为《塞上听吹笛》。',2,1,'2026-07-12 06:30:00'),(621,187,'choose_next_line','「雪净胡天牧马还」\\n下一句是？','[\"紫泉宫殿锁烟霞\", \"月明羌笛戍楼间\", \"永日方戚戚\", \"天下英雄气\"]','{\"index\": 1, \"value\": \"月明羌笛戍楼间\"}','下一句为「月明羌笛戍楼间」。',2,1,'2026-07-12 06:30:00'),(622,188,'guess_author','「旅馆寒灯独不眠，客心何事转凄然。故乡今夜…」\\n这首诗的作者是谁？','[\"苏轼\", \"王勃\", \"高适\", \"李华\"]','{\"index\": 2, \"value\": \"高适\"}','《除夜作》作者是高适。',2,1,'2026-07-12 06:30:00'),(623,188,'guess_title','「旅馆寒灯独不眠，客心何事转凄然。故乡今夜…」\\n这首诗的诗名是？','[\"除夜作\", \"瑶瑟怨\", \"春江花月夜·节选\", \"登幽州台歌\"]','{\"index\": 0, \"value\": \"除夜作\"}','此诗名为《除夜作》。',2,1,'2026-07-12 06:30:00'),(624,188,'choose_next_line','「旅馆寒灯独不眠」\\n下一句是？','[\"欲寄彩笺兼尺素\", \"落花满川烟霭暮\", \"轻罗小扇扑流萤\", \"客心何事转凄然\"]','{\"index\": 3, \"value\": \"客心何事转凄然\"}','下一句为「客心何事转凄然」。',2,1,'2026-07-12 06:30:00'),(625,189,'guess_author','「春光冉冉归何处，落花满川烟霭暮。尽日问花…」\\n这首诗的作者是谁？','[\"于谦\", \"李绅\", \"李益\", \"严恽\"]','{\"index\": 3, \"value\": \"严恽\"}','《落花》作者是严恽。',2,1,'2026-07-12 06:30:00'),(626,189,'guess_title','「春光冉冉归何处，落花满川烟霭暮。尽日问花…」\\n这首诗的诗名是？','[\"木兰辞·节选\", \"破阵子·为陈同甫赋壮词以寄之\", \"古从军行\", \"落花\"]','{\"index\": 3, \"value\": \"落花\"}','此诗名为《落花》。',2,1,'2026-07-12 06:30:00'),(627,189,'choose_next_line','「春光冉冉归何处」\\n下一句是？','[\"抽刀断水水更流\", \"落花满川烟霭暮\", \"空忆谢将军\", \"玉盘珍羞直万钱\"]','{\"index\": 1, \"value\": \"落花满川烟霭暮\"}','下一句为「落花满川烟霭暮」。',2,1,'2026-07-12 06:30:00'),(628,190,'guess_author','「幽意无断绝，此去随所偶。晚风吹行舟，花路…」\\n这首诗的作者是谁？','[\"于谦\", \"马致远\", \"綦毋潜\", \"袁枚\"]','{\"index\": 2, \"value\": \"綦毋潜\"}','《春泛若耶溪》作者是綦毋潜。',3,1,'2026-07-12 06:30:00'),(629,190,'guess_title','「幽意无断绝，此去随所偶。晚风吹行舟，花路…」\\n这首诗的诗名是？','[\"宿王昌龄隐居\", \"春泛若耶溪\", \"商山早行\", \"永遇乐·京口北固亭怀古\"]','{\"index\": 1, \"value\": \"春泛若耶溪\"}','此诗名为《春泛若耶溪》。',3,1,'2026-07-12 06:30:00'),(630,190,'choose_next_line','「幽意无断绝」\\n下一句是？','[\"翠峰如簇\", \"竹杖芒鞋轻胜马\", \"此去随所偶\", \"我本楚狂人\"]','{\"index\": 2, \"value\": \"此去随所偶\"}','下一句为「此去随所偶」。',3,1,'2026-07-12 06:30:00'),(631,191,'guess_author','「清溪深不测，隐处唯孤云。松际露微月，清光…」\\n这首诗的作者是谁？','[\"常建\", \"林升\", \"李益\", \"李清照\"]','{\"index\": 0, \"value\": \"常建\"}','《宿王昌龄隐居》作者是常建。',3,1,'2026-07-12 06:30:00'),(632,191,'guess_title','「清溪深不测，隐处唯孤云。松际露微月，清光…」\\n这首诗的诗名是？','[\"宿王昌龄隐居\", \"沁园春·长沙·节选\", \"破阵子·为陈同甫赋壮词以寄之\", \"关雎\"]','{\"index\": 0, \"value\": \"宿王昌龄隐居\"}','此诗名为《宿王昌龄隐居》。',3,1,'2026-07-12 06:30:00'),(633,191,'choose_next_line','「清溪深不测」\\n下一句是？','[\"白门寥落意多违\", \"城上高楼接大荒\", \"战士军前半死生\", \"隐处唯孤云\"]','{\"index\": 3, \"value\": \"隐处唯孤云\"}','下一句为「隐处唯孤云」。',3,1,'2026-07-12 06:30:00'),(634,192,'guess_author','「清晨入古寺，初日照高林。曲径通幽处，禅房…」\\n这首诗的作者是谁？','[\"崔颢\", \"常建\", \"曾几\", \"晏殊\"]','{\"index\": 1, \"value\": \"常建\"}','《题破山寺后禅院》作者是常建。',3,1,'2026-07-12 06:30:00'),(635,192,'guess_title','「清晨入古寺，初日照高林。曲径通幽处，禅房…」\\n这首诗的诗名是？','[\"秋登宣城谢脁北楼\", \"题破山寺后禅院\", \"相见欢·无言独上西楼\", \"代悲白头翁·节选\"]','{\"index\": 1, \"value\": \"题破山寺后禅院\"}','此诗名为《题破山寺后禅院》。',3,1,'2026-07-12 06:30:00'),(636,192,'choose_next_line','「清晨入古寺」\\n下一句是？','[\"想当年\", \"砧杵夜千家\", \"八百里分麾下炙\", \"初日照高林\"]','{\"index\": 3, \"value\": \"初日照高林\"}','下一句为「初日照高林」。',3,1,'2026-07-12 06:30:00'),(637,193,'guess_author','「塔势如涌出，孤高耸天宫。登临出世界，磴道…」\\n这首诗的作者是谁？','[\"严武\", \"岑参\", \"骆宾王\", \"严恽\"]','{\"index\": 1, \"value\": \"岑参\"}','《与高适薛据同登慈恩寺浮图·节选》作者是岑参。',3,1,'2026-07-12 06:30:00'),(638,193,'guess_title','「塔势如涌出，孤高耸天宫。登临出世界，磴道…」\\n这首诗的诗名是？','[\"与高适薛据同登慈恩寺浮图·节选\", \"宣州谢脁楼饯别校书叔云\", \"台城\", \"西江月·夜行黄沙道中\"]','{\"index\": 0, \"value\": \"与高适薛据同登慈恩寺浮图·节选\"}','此诗名为《与高适薛据同登慈恩寺浮图·节选》。',3,1,'2026-07-12 06:30:00'),(639,193,'choose_next_line','「塔势如涌出」\\n下一句是？','[\"孤高耸天宫\", \"沙场秋点兵\", \"斜阳草树\", \"霜鬓明朝又一年\"]','{\"index\": 0, \"value\": \"孤高耸天宫\"}','下一句为「孤高耸天宫」。',3,1,'2026-07-12 06:30:00'),(640,194,'guess_author','「联步趋丹陛，分曹限紫微。晓随天仗入，暮惹…」\\n这首诗的作者是谁？','[\"岑参\", \"杜牧\", \"王勃\", \"李绅\"]','{\"index\": 0, \"value\": \"岑参\"}','《寄左省杜拾遗》作者是岑参。',3,1,'2026-07-12 06:30:00'),(641,194,'guess_title','「联步趋丹陛，分曹限紫微。晓随天仗入，暮惹…」\\n这首诗的诗名是？','[\"东郊\", \"观沧海\", \"寄左省杜拾遗\", \"初发扬子寄元大校书\"]','{\"index\": 2, \"value\": \"寄左省杜拾遗\"}','此诗名为《寄左省杜拾遗》。',3,1,'2026-07-12 06:30:00'),(642,194,'choose_next_line','「联步趋丹陛」\\n下一句是？','[\"分曹限紫微\", \"只是朱颜改\", \"鬓云欲度香腮雪\", \"若出其里\"]','{\"index\": 0, \"value\": \"分曹限紫微\"}','下一句为「分曹限紫微」。',3,1,'2026-07-12 06:30:00'),(643,195,'guess_author','「昔岁逢太平，山林二十年。泉源在庭户，洞壑…」\\n这首诗的作者是谁？','[\"元结\", \"白居易\", \"李贺\", \"顾况\"]','{\"index\": 0, \"value\": \"元结\"}','《贼退示官吏·节选》作者是元结。',3,1,'2026-07-12 06:30:00'),(644,195,'guess_title','「昔岁逢太平，山林二十年。泉源在庭户，洞壑…」\\n这首诗的诗名是？','[\"贼退示官吏·节选\", \"登乐游原\", \"登岳阳楼\", \"筹笔驿\"]','{\"index\": 0, \"value\": \"贼退示官吏·节选\"}','此诗名为《贼退示官吏·节选》。',3,1,'2026-07-12 06:30:00'),(645,195,'choose_next_line','「昔岁逢太平」\\n下一句是？','[\"前不见古人\", \"山林二十年\", \"向晚意不适\", \"望西都意踌躇\"]','{\"index\": 1, \"value\": \"山林二十年\"}','下一句为「山林二十年」。',3,1,'2026-07-12 06:30:00'),(646,196,'guess_author','「兵卫森画戟，宴寝凝清香。海上风雨至，逍遥…」\\n这首诗的作者是谁？','[\"孟郊\", \"苏轼\", \"韦应物\", \"邵雍\"]','{\"index\": 2, \"value\": \"韦应物\"}','《郡斋雨中与文书交燕》作者是韦应物。',3,1,'2026-07-12 06:30:00'),(647,196,'guess_title','「兵卫森画戟，宴寝凝清香。海上风雨至，逍遥…」\\n这首诗的诗名是？','[\"夜泊牛渚怀古\", \"关雎\", \"郡斋雨中与文书交燕\", \"古从军行\"]','{\"index\": 2, \"value\": \"郡斋雨中与文书交燕\"}','此诗名为《郡斋雨中与文书交燕》。',3,1,'2026-07-12 06:30:00'),(648,196,'choose_next_line','「兵卫森画戟」\\n下一句是？','[\"宴寝凝清香\", \"家住层城临汉苑\", \"窈窕淑女\", \"举酒欲饮无管弦\"]','{\"index\": 0, \"value\": \"宴寝凝清香\"}','下一句为「宴寝凝清香」。',3,1,'2026-07-12 06:30:00'),(649,197,'guess_author','「凄凄去亲爱，泛泛入烟雾。归棹洛阳人，残钟…」\\n这首诗的作者是谁？','[\"韦庄\", \"龚自珍\", \"贾岛\", \"韦应物\"]','{\"index\": 3, \"value\": \"韦应物\"}','《初发扬子寄元大校书》作者是韦应物。',3,1,'2026-07-12 06:30:00'),(650,197,'guess_title','「凄凄去亲爱，泛泛入烟雾。归棹洛阳人，残钟…」\\n这首诗的诗名是？','[\"初发扬子寄元大校书\", \"贼退示官吏·节选\", \"云阳馆与韩绅宿别\", \"溪居\"]','{\"index\": 0, \"value\": \"初发扬子寄元大校书\"}','此诗名为《初发扬子寄元大校书》。',3,1,'2026-07-12 06:30:00'),(651,197,'choose_next_line','「凄凄去亲爱」\\n下一句是？','[\"此中有真意\", \"泛泛入烟雾\", \"洞壑当门前\", \"汉皇重色思倾国\"]','{\"index\": 1, \"value\": \"泛泛入烟雾\"}','下一句为「泛泛入烟雾」。',3,1,'2026-07-12 06:30:00'),(652,198,'guess_author','「今朝郡斋冷，忽念山中客。涧底束荆薪，归来…」\\n这首诗的作者是谁？','[\"张若虚\", \"范成大\", \"韦应物\", \"曾几\"]','{\"index\": 2, \"value\": \"韦应物\"}','《寄全椒山中道士》作者是韦应物。',3,1,'2026-07-12 06:30:00'),(653,198,'guess_title','「今朝郡斋冷，忽念山中客。涧底束荆薪，归来…」\\n这首诗的诗名是？','[\"江南曲\", \"寄全椒山中道士\", \"台城\", \"瑶瑟怨\"]','{\"index\": 1, \"value\": \"寄全椒山中道士\"}','此诗名为《寄全椒山中道士》。',3,1,'2026-07-12 06:30:00'),(654,198,'choose_next_line','「今朝郡斋冷」\\n下一句是？','[\"双双金鹧鸪\", \"江月何年初照人\", \"忽念山中客\", \"在河之洲\"]','{\"index\": 2, \"value\": \"忽念山中客\"}','下一句为「忽念山中客」。',3,1,'2026-07-12 06:30:00'),(655,199,'guess_author','「客从东方来，衣上灞陵雨。问客何为来，愁人…」\\n这首诗的作者是谁？','[\"刘禹锡\", \"刘方平\", \"王翰\", \"韦应物\"]','{\"index\": 3, \"value\": \"韦应物\"}','《长安遇冯著》作者是韦应物。',3,1,'2026-07-12 06:30:00'),(656,199,'guess_title','「客从东方来，衣上灞陵雨。问客何为来，愁人…」\\n这首诗的诗名是？','[\"西江月·夜行黄沙道中\", \"赠别·其二\", \"长安遇冯著\", \"天净沙·春\"]','{\"index\": 2, \"value\": \"长安遇冯著\"}','此诗名为《长安遇冯著》。',3,1,'2026-07-12 06:30:00'),(657,199,'choose_next_line','「客从东方来」\\n下一句是？','[\"衣上灞陵雨\", \"只有香如故\", \"心期卧已赊\", \"望尽天涯路\"]','{\"index\": 0, \"value\": \"衣上灞陵雨\"}','下一句为「衣上灞陵雨」。',3,1,'2026-07-12 06:30:00'),(658,200,'guess_author','「落帆逗淮镇，停舫临孤驿。浩浩风起波，冥冥…」\\n这首诗的作者是谁？','[\"元结\", \"韦应物\", \"刘希夷\", \"袁枚\"]','{\"index\": 1, \"value\": \"韦应物\"}','《夕次盱眙县》作者是韦应物。',3,1,'2026-07-12 06:30:00'),(659,200,'guess_title','「落帆逗淮镇，停舫临孤驿。浩浩风起波，冥冥…」\\n这首诗的诗名是？','[\"行路难·其一\", \"寄左省杜拾遗\", \"破阵子·为陈同甫赋壮词以寄之\", \"夕次盱眙县\"]','{\"index\": 3, \"value\": \"夕次盱眙县\"}','此诗名为《夕次盱眙县》。',3,1,'2026-07-12 06:30:00'),(660,200,'choose_next_line','「落帆逗淮镇」\\n下一句是？','[\"听取蛙声一片\", \"古道西风瘦马\", \"停舫临孤驿\", \"黄鹤一去不复返\"]','{\"index\": 2, \"value\": \"停舫临孤驿\"}','下一句为「停舫临孤驿」。',3,1,'2026-07-12 06:30:00'),(661,201,'guess_author','「吏舍跼终年，出郊旷清曙。杨柳散和风，青山…」\\n这首诗的作者是谁？','[\"王湾\", \"岑参\", \"韦应物\", \"崔颢\"]','{\"index\": 2, \"value\": \"韦应物\"}','《东郊》作者是韦应物。',3,1,'2026-07-12 06:30:00'),(662,201,'guess_title','「吏舍跼终年，出郊旷清曙。杨柳散和风，青山…」\\n这首诗的诗名是？','[\"东郊\", \"渡荆门送别\", \"定风波·莫听穿林打叶声\", \"秋登宣城谢脁北楼\"]','{\"index\": 0, \"value\": \"东郊\"}','此诗名为《东郊》。',3,1,'2026-07-12 06:30:00'),(663,201,'choose_next_line','「吏舍跼终年」\\n下一句是？','[\"童稚携壶浆\", \"洛阳城东桃李花\", \"心远地自偏\", \"出郊旷清曙\"]','{\"index\": 3, \"value\": \"出郊旷清曙\"}','下一句为「出郊旷清曙」。',3,1,'2026-07-12 06:30:00'),(664,202,'guess_author','「永日方戚戚，出行复悠悠。女子今有行，大江…」\\n这首诗的作者是谁？','[\"韦应物\", \"李白\", \"杜牧\", \"张继\"]','{\"index\": 0, \"value\": \"韦应物\"}','《送杨氏女》作者是韦应物。',3,1,'2026-07-12 06:30:00'),(665,202,'guess_title','「永日方戚戚，出行复悠悠。女子今有行，大江…」\\n这首诗的诗名是？','[\"送杨氏女\", \"后宫词\", \"登岳阳楼\", \"与高适薛据同登慈恩寺浮图·节选\"]','{\"index\": 0, \"value\": \"送杨氏女\"}','此诗名为《送杨氏女》。',3,1,'2026-07-12 06:30:00'),(666,202,'choose_next_line','「永日方戚戚」\\n下一句是？','[\"出行复悠悠\", \"汉使断肠对归客\", \"醉里挑灯看剑\", \"会当凌绝顶\"]','{\"index\": 0, \"value\": \"出行复悠悠\"}','下一句为「出行复悠悠」。',3,1,'2026-07-12 06:30:00'),(667,203,'guess_author','「江汉曾为客，相逢每醉还。浮云一别后，流水…」\\n这首诗的作者是谁？','[\"郑燮\", \"张继\", \"韦应物\", \"杨万里\"]','{\"index\": 2, \"value\": \"韦应物\"}','《淮上喜会梁川故人》作者是韦应物。',2,1,'2026-07-12 06:30:00'),(668,203,'guess_title','「江汉曾为客，相逢每醉还。浮云一别后，流水…」\\n这首诗的诗名是？','[\"蜀先主庙\", \"送杨氏女\", \"登乐游原\", \"淮上喜会梁川故人\"]','{\"index\": 3, \"value\": \"淮上喜会梁川故人\"}','此诗名为《淮上喜会梁川故人》。',2,1,'2026-07-12 06:30:00'),(669,203,'choose_next_line','「江汉曾为客」\\n下一句是？','[\"相逢每醉还\", \"星河秋一雁\", \"昔闻洞庭水\", \"停杯投箸不能食\"]','{\"index\": 0, \"value\": \"相逢每醉还\"}','下一句为「相逢每醉还」。',2,1,'2026-07-12 06:30:00'),(670,204,'guess_author','「楚江微雨里，建业暮钟时。漠漠帆来重，冥冥…」\\n这首诗的作者是谁？','[\"郑燮\", \"韦应物\", \"刘长卿\", \"李白\"]','{\"index\": 1, \"value\": \"韦应物\"}','《赋得暮雨送李胄》作者是韦应物。',3,1,'2026-07-12 06:30:00'),(671,204,'guess_title','「楚江微雨里，建业暮钟时。漠漠帆来重，冥冥…」\\n这首诗的诗名是？','[\"登飞来峰·补充\", \"贼平后送人北归\", \"赋得暮雨送李胄\", \"送杜少府之任蜀州\"]','{\"index\": 2, \"value\": \"赋得暮雨送李胄\"}','此诗名为《赋得暮雨送李胄》。',3,1,'2026-07-12 06:30:00'),(672,204,'choose_next_line','「楚江微雨里」\\n下一句是？','[\"怀旧空吟闻笛赋\", \"青天无片云\", \"建业暮钟时\", \"戎马关山北\"]','{\"index\": 2, \"value\": \"建业暮钟时\"}','下一句为「建业暮钟时」。',3,1,'2026-07-12 06:30:00'),(673,205,'guess_author','「长簟迎风早，空城澹月华。星河秋一雁，砧杵…」\\n这首诗的作者是谁？','[\"韩翃\", \"叶绍翁\", \"曾几\", \"孟郊\"]','{\"index\": 0, \"value\": \"韩翃\"}','《酬程延秋夜即事见赠》作者是韩翃。',3,1,'2026-07-12 06:30:00'),(674,205,'guess_title','「长簟迎风早，空城澹月华。星河秋一雁，砧杵…」\\n这首诗的诗名是？','[\"客至\", \"酬程延秋夜即事见赠\", \"白雪歌送武判官归京·节选\", \"贼平后送人北归\"]','{\"index\": 1, \"value\": \"酬程延秋夜即事见赠\"}','此诗名为《酬程延秋夜即事见赠》。',3,1,'2026-07-12 06:30:00'),(675,205,'choose_next_line','「长簟迎风早」\\n下一句是？','[\"春山暖日和风\", \"关关雎鸠\", \"空城澹月华\", \"雪净胡天牧马还\"]','{\"index\": 2, \"value\": \"空城澹月华\"}','下一句为「空城澹月华」。',3,1,'2026-07-12 06:30:00'),(676,206,'guess_author','「长簟迎风早，空城淡月华。星河秋一雁，砧杵…」\\n这首诗的作者是谁？','[\"韩翃\", \"李华\", \"顾况\", \"高鼎\"]','{\"index\": 0, \"value\": \"韩翃\"}','《酬程近秋夜即事见赠》作者是韩翃。',3,1,'2026-07-12 06:30:00'),(677,206,'guess_title','「长簟迎风早，空城淡月华。星河秋一雁，砧杵…」\\n这首诗的诗名是？','[\"春怨\", \"凉州词·补充\", \"送友人\", \"酬程近秋夜即事见赠\"]','{\"index\": 3, \"value\": \"酬程近秋夜即事见赠\"}','此诗名为《酬程近秋夜即事见赠》。',3,1,'2026-07-12 06:30:00'),(678,206,'choose_next_line','「长簟迎风早」\\n下一句是？','[\"问君何能尔\", \"山岛竦峙\", \"空城淡月华\", \"古祠高树两茫然\"]','{\"index\": 2, \"value\": \"空城淡月华\"}','下一句为「空城淡月华」。',3,1,'2026-07-12 06:30:00'),(679,207,'guess_author','「春城无处不飞花，寒食东风御柳斜。日暮汉宫…」\\n这首诗的作者是谁？','[\"杨万里\", \"温庭筠\", \"韩翃\", \"高鼎\"]','{\"index\": 2, \"value\": \"韩翃\"}','《寒食》作者是韩翃。',2,1,'2026-07-12 06:30:00'),(680,207,'guess_title','「春城无处不飞花，寒食东风御柳斜。日暮汉宫…」\\n这首诗的诗名是？','[\"落花\", \"桃花溪\", \"宫词\", \"寒食\"]','{\"index\": 3, \"value\": \"寒食\"}','此诗名为《寒食》。',2,1,'2026-07-12 06:30:00'),(681,207,'choose_next_line','「春城无处不飞花」\\n下一句是？','[\"寒食东风御柳斜\", \"绿树碧檐相掩映\", \"对此可以酣高楼\", \"征蓬出汉塞\"]','{\"index\": 0, \"value\": \"寒食东风御柳斜\"}','下一句为「寒食东风御柳斜」。',2,1,'2026-07-12 06:30:00'),(682,208,'guess_author','「仙台初见五城楼，风物凄凄宿雨收。山色遥连…」\\n这首诗的作者是谁？','[\"韩翃\", \"袁枚\", \"岑参\", \"马致远\"]','{\"index\": 0, \"value\": \"韩翃\"}','《同题仙游观》作者是韩翃。',3,1,'2026-07-12 06:30:00'),(683,208,'guess_title','「仙台初见五城楼，风物凄凄宿雨收。山色遥连…」\\n这首诗的诗名是？','[\"宣州谢脁楼饯别校书叔云\", \"长安遇冯著\", \"饮酒·其五\", \"同题仙游观\"]','{\"index\": 3, \"value\": \"同题仙游观\"}','此诗名为《同题仙游观》。',3,1,'2026-07-12 06:30:00'),(684,208,'choose_next_line','「仙台初见五城楼」\\n下一句是？','[\"晚风吹行舟\", \"风物凄凄宿雨收\", \"夜深还过女墙来\", \"白水绕东城\"]','{\"index\": 1, \"value\": \"风物凄凄宿雨收\"}','下一句为「风物凄凄宿雨收」。',3,1,'2026-07-12 06:30:00'),(685,209,'guess_author','「莺啼燕语报新年，马邑龙堆路数千。家住层城…」\\n这首诗的作者是谁？','[\"严恽\", \"唐寅\", \"刘长卿\", \"皇甫冉\"]','{\"index\": 3, \"value\": \"皇甫冉\"}','《春思》作者是皇甫冉。',3,1,'2026-07-12 06:30:00'),(686,209,'guess_title','「莺啼燕语报新年，马邑龙堆路数千。家住层城…」\\n这首诗的诗名是？','[\"白雪歌送武判官归京·节选\", \"东郊\", \"己亥杂诗·浩荡离愁\", \"春思\"]','{\"index\": 3, \"value\": \"春思\"}','此诗名为《春思》。',3,1,'2026-07-12 06:30:00'),(687,209,'choose_next_line','「莺啼燕语报新年」\\n下一句是？','[\"马邑龙堆路数千\", \"寤寐求之\", \"往事知多少\", \"清晨入古寺\"]','{\"index\": 0, \"value\": \"马邑龙堆路数千\"}','下一句为「马邑龙堆路数千」。',3,1,'2026-07-12 06:30:00'),(688,210,'guess_author','「独怜幽草涧边生，上有黄鹂深树鸣。春潮带雨…」\\n这首诗的作者是谁？','[\"陈子昂\", \"唐寅\", \"韦应物\", \"严武\"]','{\"index\": 2, \"value\": \"韦应物\"}','《滁州西涧》作者是韦应物。',1,1,'2026-07-12 06:30:00'),(689,210,'guess_title','「独怜幽草涧边生，上有黄鹂深树鸣。春潮带雨…」\\n这首诗的诗名是？','[\"寄左省杜拾遗\", \"卜算子·咏梅\", \"送陈章甫\", \"滁州西涧\"]','{\"index\": 3, \"value\": \"滁州西涧\"}','此诗名为《滁州西涧》。',1,1,'2026-07-12 06:30:00'),(690,210,'choose_next_line','「独怜幽草涧边生」\\n下一句是？','[\"归去\", \"故乡今夜思千里\", \"上有黄鹂深树鸣\", \"所谓伊人\"]','{\"index\": 2, \"value\": \"上有黄鹂深树鸣\"}','下一句为「上有黄鹂深树鸣」。',1,1,'2026-07-12 06:30:00'),(691,211,'guess_author','「江雨霏霏江草齐，六朝如梦鸟空啼。无情最是…」\\n这首诗的作者是谁？','[\"刘禹锡\", \"毛泽东\", \"于谦\", \"韦庄\"]','{\"index\": 3, \"value\": \"韦庄\"}','《台城》作者是韦庄。',3,1,'2026-07-12 06:30:00'),(692,211,'guess_title','「江雨霏霏江草齐，六朝如梦鸟空啼。无情最是…」\\n这首诗的诗名是？','[\"浣溪沙·一曲新词酒一杯\", \"酬乐天扬州初逢席上见赠\", \"江城子·密州出猎\", \"台城\"]','{\"index\": 3, \"value\": \"台城\"}','此诗名为《台城》。',3,1,'2026-07-12 06:30:00'),(693,211,'choose_next_line','「江雨霏霏江草齐」\\n下一句是？','[\"泪湿罗巾梦不成\", \"六朝如梦鸟空啼\", \"芳树无人花自落\", \"独上高楼\"]','{\"index\": 1, \"value\": \"六朝如梦鸟空啼\"}','下一句为「六朝如梦鸟空啼」。',3,1,'2026-07-12 06:30:00'),(694,212,'guess_author','「繁华事散逐香尘，流水无情草自春。日暮东风…」\\n这首诗的作者是谁？','[\"于谦\", \"杜牧\", \"柳宗元\", \"苏轼\"]','{\"index\": 1, \"value\": \"杜牧\"}','《金谷园》作者是杜牧。',3,1,'2026-07-12 06:30:00'),(695,212,'guess_title','「繁华事散逐香尘，流水无情草自春。日暮东风…」\\n这首诗的诗名是？','[\"金谷园\", \"夜泊牛渚怀古\", \"苏武庙\", \"溪居\"]','{\"index\": 0, \"value\": \"金谷园\"}','此诗名为《金谷园》。',3,1,'2026-07-12 06:30:00'),(696,212,'choose_next_line','「繁华事散逐香尘」\\n下一句是？','[\"夜深还过女墙来\", \"吴楚东南坼\", \"流水无情草自春\", \"涧底束荆薪\"]','{\"index\": 2, \"value\": \"流水无情草自春\"}','下一句为「流水无情草自春」。',3,1,'2026-07-12 06:30:00'),(697,213,'guess_author','「娉娉袅袅十三余，豆蔻梢头二月初。春风十里…」\\n这首诗的作者是谁？','[\"韦应物\", \"李白\", \"于谦\", \"杜牧\"]','{\"index\": 3, \"value\": \"杜牧\"}','《赠别·其一》作者是杜牧。',2,1,'2026-07-12 06:30:00'),(698,213,'guess_title','「娉娉袅袅十三余，豆蔻梢头二月初。春风十里…」\\n这首诗的诗名是？','[\"登飞来峰\", \"夜泊牛渚怀古\", \"赠别·其一\", \"贼退示官吏·节选\"]','{\"index\": 2, \"value\": \"赠别·其一\"}','此诗名为《赠别·其一》。',2,1,'2026-07-12 06:30:00'),(699,213,'choose_next_line','「娉娉袅袅十三余」\\n下一句是？','[\"豆蔻梢头二月初\", \"清晨入古寺\", \"长使英雄泪满襟\", \"斜阳草树\"]','{\"index\": 0, \"value\": \"豆蔻梢头二月初\"}','下一句为「豆蔻梢头二月初」。',2,1,'2026-07-12 06:30:00'),(700,214,'guess_author','「多情却似总无情，唯觉樽前笑不成。蜡烛有心…」\\n这首诗的作者是谁？','[\"杜牧\", \"马致远\", \"顾况\", \"张养浩\"]','{\"index\": 0, \"value\": \"杜牧\"}','《赠别·其二》作者是杜牧。',2,1,'2026-07-12 06:30:00'),(701,214,'guess_title','「多情却似总无情，唯觉樽前笑不成。蜡烛有心…」\\n这首诗的诗名是？','[\"客至\", \"蜀先主庙\", \"登乐游原\", \"赠别·其二\"]','{\"index\": 3, \"value\": \"赠别·其二\"}','此诗名为《赠别·其二》。',2,1,'2026-07-12 06:30:00'),(702,214,'choose_next_line','「多情却似总无情」\\n下一句是？','[\"落花满川烟霭暮\", \"重帏深下莫愁堂\", \"唯觉樽前笑不成\", \"啼莺舞燕\"]','{\"index\": 2, \"value\": \"唯觉樽前笑不成\"}','下一句为「唯觉樽前笑不成」。',2,1,'2026-07-12 06:30:00'),(703,215,'guess_author','「银烛秋光冷画屏，轻罗小扇扑流萤。天阶夜色…」\\n这首诗的作者是谁？','[\"贺知章\", \"袁枚\", \"杜牧\", \"张若虚\"]','{\"index\": 2, \"value\": \"杜牧\"}','《秋夕》作者是杜牧。',2,1,'2026-07-12 06:30:00'),(704,215,'guess_title','「银烛秋光冷画屏，轻罗小扇扑流萤。天阶夜色…」\\n这首诗的诗名是？','[\"贼平后送人北归\", \"秋夕\", \"春雨\", \"酬程近秋夜即事见赠\"]','{\"index\": 1, \"value\": \"秋夕\"}','此诗名为《秋夕》。',2,1,'2026-07-12 06:30:00'),(705,215,'choose_next_line','「银烛秋光冷画屏」\\n下一句是？','[\"明朝散发弄扁舟\", \"不畏浮云遮望眼\", \"轻罗小扇扑流萤\", \"唯此宫中落旋干\"]','{\"index\": 2, \"value\": \"轻罗小扇扑流萤\"}','下一句为「轻罗小扇扑流萤」。',2,1,'2026-07-12 06:30:00'),(706,216,'guess_author','「冰簟银床梦不成，碧天如水夜云轻。雁声远过…」\\n这首诗的作者是谁？','[\"李绅\", \"邵雍\", \"温庭筠\", \"李益\"]','{\"index\": 2, \"value\": \"温庭筠\"}','《瑶瑟怨》作者是温庭筠。',3,1,'2026-07-12 06:30:00'),(707,216,'guess_title','「冰簟银床梦不成，碧天如水夜云轻。雁声远过…」\\n这首诗的诗名是？','[\"送友人\", \"瑶瑟怨\", \"宿王昌龄隐居\", \"送陈章甫\"]','{\"index\": 1, \"value\": \"瑶瑟怨\"}','此诗名为《瑶瑟怨》。',3,1,'2026-07-12 06:30:00'),(708,216,'choose_next_line','「冰簟银床梦不成」\\n下一句是？','[\"碧天如水夜云轻\", \"芳树无人花自落\", \"开国何茫然\", \"起舞弄清影\"]','{\"index\": 0, \"value\": \"碧天如水夜云轻\"}','下一句为「碧天如水夜云轻」。',3,1,'2026-07-12 06:30:00'),(709,217,'guess_author','「晨起动征铎，客行悲故乡。鸡声茅店月，人迹…」\\n这首诗的作者是谁？','[\"韩翃\", \"邵雍\", \"温庭筠\", \"李峤\"]','{\"index\": 2, \"value\": \"温庭筠\"}','《商山早行》作者是温庭筠。',2,1,'2026-07-12 06:30:00'),(710,217,'guess_title','「晨起动征铎，客行悲故乡。鸡声茅店月，人迹…」\\n这首诗的诗名是？','[\"寄全椒山中道士\", \"秋登宣城谢脁北楼\", \"登飞来峰·补充\", \"商山早行\"]','{\"index\": 3, \"value\": \"商山早行\"}','此诗名为《商山早行》。',2,1,'2026-07-12 06:30:00'),(711,217,'choose_next_line','「晨起动征铎」\\n下一句是？','[\"客行悲故乡\", \"越人语天姥\", \"在河之洲\", \"势拔五岳掩赤城\"]','{\"index\": 0, \"value\": \"客行悲故乡\"}','下一句为「客行悲故乡」。',2,1,'2026-07-12 06:30:00'),(712,218,'guess_author','「苏武魂销汉使前，古祠高树两茫然。云边雁断…」\\n这首诗的作者是谁？','[\"叶绍翁\", \"温庭筠\", \"翁卷\", \"李峤\"]','{\"index\": 1, \"value\": \"温庭筠\"}','《苏武庙》作者是温庭筠。',3,1,'2026-07-12 06:30:00'),(713,218,'guess_title','「苏武魂销汉使前，古祠高树两茫然。云边雁断…」\\n这首诗的诗名是？','[\"苏武庙\", \"无题·相见时难·补充\", \"听董大弹胡笳声兼寄语弄房给事\", \"破阵子·为陈同甫赋壮词以寄之\"]','{\"index\": 0, \"value\": \"苏武庙\"}','此诗名为《苏武庙》。',3,1,'2026-07-12 06:30:00'),(714,218,'choose_next_line','「苏武魂销汉使前」\\n下一句是？','[\"古祠高树两茫然\", \"何似在人间\", \"日暮东风怨啼鸟\", \"寂寞空庭春欲晚\"]','{\"index\": 0, \"value\": \"古祠高树两茫然\"}','下一句为「古祠高树两茫然」。',3,1,'2026-07-12 06:30:00'),(715,219,'guess_author','「紫泉宫殿锁烟霞，欲取芜城作帝家。玉玺不缘…」\\n这首诗的作者是谁？','[\"司空曙\", \"李商隐\", \"温庭筠\", \"李华\"]','{\"index\": 1, \"value\": \"李商隐\"}','《隋宫》作者是李商隐。',3,1,'2026-07-12 06:30:00'),(716,219,'guess_title','「紫泉宫殿锁烟霞，欲取芜城作帝家。玉玺不缘…」\\n这首诗的诗名是？','[\"酬程延秋夜即事见赠\", \"画鸡\", \"梦游天姥吟留别·节选\", \"隋宫\"]','{\"index\": 3, \"value\": \"隋宫\"}','此诗名为《隋宫》。',3,1,'2026-07-12 06:30:00'),(717,219,'choose_next_line','「紫泉宫殿锁烟霞」\\n下一句是？','[\"越人语天姥\", \"夜深前殿按歌声\", \"欲取芜城作帝家\", \"亲朋无一字\"]','{\"index\": 2, \"value\": \"欲取芜城作帝家\"}','下一句为「欲取芜城作帝家」。',3,1,'2026-07-12 06:30:00'),(718,220,'guess_author','「猿鸟犹疑畏简书，风云常为护储胥。徒令上将…」\\n这首诗的作者是谁？','[\"杜甫\", \"顾况\", \"李商隐\", \"曹操\"]','{\"index\": 2, \"value\": \"李商隐\"}','《筹笔驿》作者是李商隐。',3,1,'2026-07-12 06:30:00'),(719,220,'guess_title','「猿鸟犹疑畏简书，风云常为护储胥。徒令上将…」\\n这首诗的诗名是？','[\"送杨氏女\", \"关雎\", \"石头城\", \"筹笔驿\"]','{\"index\": 3, \"value\": \"筹笔驿\"}','此诗名为《筹笔驿》。',3,1,'2026-07-12 06:30:00'),(720,220,'choose_next_line','「猿鸟犹疑畏简书」\\n下一句是？','[\"风云常为护储胥\", \"开国何茫然\", \"呼作白玉盘\", \"伤心秦汉经行处\"]','{\"index\": 0, \"value\": \"风云常为护储胥\"}','下一句为「风云常为护储胥」。',3,1,'2026-07-12 06:30:00'),(721,221,'guess_author','「重帏深下莫愁堂，卧后清宵细细长。神女生涯…」\\n这首诗的作者是谁？','[\"李绅\", \"张继\", \"杨万里\", \"李商隐\"]','{\"index\": 3, \"value\": \"李商隐\"}','《无题·重帏深下莫愁堂》作者是李商隐。',3,1,'2026-07-12 06:30:00'),(722,221,'guess_title','「重帏深下莫愁堂，卧后清宵细细长。神女生涯…」\\n这首诗的诗名是？','[\"无题·重帏深下莫愁堂\", \"菩萨蛮·小山重叠金明灭\", \"听董大弹胡笳声兼寄语弄房给事\", \"相见欢·无言独上西楼\"]','{\"index\": 0, \"value\": \"无题·重帏深下莫愁堂\"}','此诗名为《无题·重帏深下莫愁堂》。',3,1,'2026-07-12 06:30:00'),(723,221,'choose_next_line','「重帏深下莫愁堂」\\n下一句是？','[\"夕阳无限好\", \"卧后清宵细细长\", \"春城无处不飞花\", \"看万山红遍\"]','{\"index\": 1, \"value\": \"卧后清宵细细长\"}','下一句为「卧后清宵细细长」。',3,1,'2026-07-12 06:30:00'),(724,222,'guess_author','「怅卧新春白袷衣，白门寥落意多违。红楼隔雨…」\\n这首诗的作者是谁？','[\"王安石\", \"李商隐\", \"孟郊\", \"綦毋潜\"]','{\"index\": 1, \"value\": \"李商隐\"}','《春雨》作者是李商隐。',3,1,'2026-07-12 06:30:01'),(725,222,'guess_title','「怅卧新春白袷衣，白门寥落意多违。红楼隔雨…」\\n这首诗的诗名是？','[\"军城早秋\", \"春雨\", \"登柳州城楼寄漳汀封连四州\", \"滁州西涧\"]','{\"index\": 1, \"value\": \"春雨\"}','此诗名为《春雨》。',3,1,'2026-07-12 06:30:01'),(726,222,'choose_next_line','「怅卧新春白袷衣」\\n下一句是？','[\"一览众山小\", \"白门寥落意多违\", \"无言独上西楼\", \"鸿雁不堪愁里听\"]','{\"index\": 1, \"value\": \"白门寥落意多违\"}','下一句为「白门寥落意多违」。',3,1,'2026-07-12 06:30:01'),(727,223,'guess_author','「牛渚西江夜，青天无片云。登舟望秋月，空忆…」\\n这首诗的作者是谁？','[\"崔颢\", \"杜甫\", \"朱熹\", \"李白\"]','{\"index\": 3, \"value\": \"李白\"}','《夜泊牛渚怀古》作者是李白。',3,1,'2026-07-12 06:30:01'),(728,223,'guess_title','「牛渚西江夜，青天无片云。登舟望秋月，空忆…」\\n这首诗的诗名是？','[\"古朗月行·小时不识月\", \"春怨\", \"夜泊牛渚怀古\", \"古意\"]','{\"index\": 2, \"value\": \"夜泊牛渚怀古\"}','此诗名为《夜泊牛渚怀古》。',3,1,'2026-07-12 06:30:01'),(729,223,'choose_next_line','「牛渚西江夜」\\n下一句是？','[\"烟波江上使人愁\", \"百草丰茂\", \"繁华事散逐香尘\", \"青天无片云\"]','{\"index\": 3, \"value\": \"青天无片云\"}','下一句为「青天无片云」。',3,1,'2026-07-12 06:30:01'),(730,224,'guess_author','「向晚意不适，驱车登古原。夕阳无限好，只是…」\\n这首诗的作者是谁？','[\"李商隐\", \"于谦\", \"邵雍\", \"范仲淹\"]','{\"index\": 0, \"value\": \"李商隐\"}','《登乐游原》作者是李商隐。',1,1,'2026-07-12 06:30:01'),(731,224,'guess_title','「向晚意不适，驱车登古原。夕阳无限好，只是…」\\n这首诗的诗名是？','[\"卜算子·咏梅\", \"永遇乐·京口北固亭怀古\", \"贼退示官吏·节选\", \"登乐游原\"]','{\"index\": 3, \"value\": \"登乐游原\"}','此诗名为《登乐游原》。',1,1,'2026-07-12 06:30:01'),(732,224,'choose_next_line','「向晚意不适」\\n下一句是？','[\"世乱同南去\", \"逍遥池阁凉\", \"翠峰如簇\", \"驱车登古原\"]','{\"index\": 3, \"value\": \"驱车登古原\"}','下一句为「驱车登古原」。',1,1,'2026-07-12 06:30:01'),(733,225,'guess_author','「青山横北郭，白水绕东城。此地一为别，孤蓬…」\\n这首诗的作者是谁？','[\"李白\", \"翁卷\", \"陆游\", \"骆宾王\"]','{\"index\": 0, \"value\": \"李白\"}','《送友人》作者是李白。',2,1,'2026-07-12 06:30:01'),(734,225,'guess_title','「青山横北郭，白水绕东城。此地一为别，孤蓬…」\\n这首诗的诗名是？','[\"行路难·其一\", \"送友人\", \"相见欢·无言独上西楼\", \"与高适薛据同登慈恩寺浮图·节选\"]','{\"index\": 1, \"value\": \"送友人\"}','此诗名为《送友人》。',2,1,'2026-07-12 06:30:01'),(735,225,'choose_next_line','「青山横北郭」\\n下一句是？','[\"落花满川烟霭暮\", \"大庇天下寒士俱欢颜\", \"白水绕东城\", \"回乐烽前沙似雪\"]','{\"index\": 2, \"value\": \"白水绕东城\"}','下一句为「白水绕东城」。',2,1,'2026-07-12 06:30:01'),(736,226,'guess_author','「蜀僧抱绿绮，西下峨眉峰。为我一挥手，如听…」\\n这首诗的作者是谁？','[\"张养浩\", \"高鼎\", \"姜夔\", \"李白\"]','{\"index\": 3, \"value\": \"李白\"}','《听蜀僧濬弹琴》作者是李白。',2,1,'2026-07-12 06:30:01'),(737,226,'guess_title','「蜀僧抱绿绮，西下峨眉峰。为我一挥手，如听…」\\n这首诗的诗名是？','[\"水调歌头·明月几时有\", \"送杜少府之任蜀州\", \"商山早行\", \"听蜀僧濬弹琴\"]','{\"index\": 3, \"value\": \"听蜀僧濬弹琴\"}','此诗名为《听蜀僧濬弹琴》。',2,1,'2026-07-12 06:30:01'),(738,226,'choose_next_line','「蜀僧抱绿绮」\\n下一句是？','[\"欲饮琵琶马上催\", \"春山一路鸟空啼\", \"西下峨眉峰\", \"豆蔻梢头二月初\"]','{\"index\": 2, \"value\": \"西下峨眉峰\"}','下一句为「西下峨眉峰」。',2,1,'2026-07-12 06:30:01'),(739,227,'guess_author','「渡远荆门外，来从楚国游。山随平野尽，江入…」\\n这首诗的作者是谁？','[\"李白\", \"贾岛\", \"王维\", \"叶绍翁\"]','{\"index\": 0, \"value\": \"李白\"}','《渡荆门送别》作者是李白。',2,1,'2026-07-12 06:30:01'),(740,227,'guess_title','「渡远荆门外，来从楚国游。山随平野尽，江入…」\\n这首诗的诗名是？','[\"春思\", \"渡荆门送别\", \"落花\", \"观沧海\"]','{\"index\": 1, \"value\": \"渡荆门送别\"}','此诗名为《渡荆门送别》。',2,1,'2026-07-12 06:30:01'),(741,227,'choose_next_line','「渡远荆门外」\\n下一句是？','[\"来从楚国游\", \"幸甚至哉\", \"黄昏饮马傍交河\", \"啼莺舞燕\"]','{\"index\": 0, \"value\": \"来从楚国游\"}','下一句为「来从楚国游」。',2,1,'2026-07-12 06:30:01'),(742,228,'guess_author','「十年离乱后，长大一相逢。问姓惊初见，称名…」\\n这首诗的作者是谁？','[\"白居易\", \"王勃\", \"贺知章\", \"李益\"]','{\"index\": 3, \"value\": \"李益\"}','《喜见外弟又言别》作者是李益。',3,1,'2026-07-12 06:30:01'),(743,228,'guess_title','「十年离乱后，长大一相逢。问姓惊初见，称名…」\\n这首诗的诗名是？','[\"望岳\", \"喜见外弟又言别\", \"初发扬子寄元大校书\", \"卜算子·咏梅\"]','{\"index\": 1, \"value\": \"喜见外弟又言别\"}','此诗名为《喜见外弟又言别》。',3,1,'2026-07-12 06:30:01'),(744,228,'choose_next_line','「十年离乱后」\\n下一句是？','[\"长大一相逢\", \"受降城外月如霜\", \"纱窗日落渐黄昏\", \"一尊还酹江月\"]','{\"index\": 0, \"value\": \"长大一相逢\"}','下一句为「长大一相逢」。',3,1,'2026-07-12 06:30:01'),(745,229,'guess_author','「故人江海别，几度隔山川。乍见翻疑梦，相悲…」\\n这首诗的作者是谁？','[\"王维\", \"晏殊\", \"王安石\", \"司空曙\"]','{\"index\": 3, \"value\": \"司空曙\"}','《云阳馆与韩绅宿别》作者是司空曙。',3,1,'2026-07-12 06:30:01'),(746,229,'guess_title','「故人江海别，几度隔山川。乍见翻疑梦，相悲…」\\n这首诗的诗名是？','[\"燕歌行·节选\", \"寄全椒山中道士\", \"长恨歌·节选\", \"云阳馆与韩绅宿别\"]','{\"index\": 3, \"value\": \"云阳馆与韩绅宿别\"}','此诗名为《云阳馆与韩绅宿别》。',3,1,'2026-07-12 06:30:01'),(747,229,'choose_next_line','「故人江海别」\\n下一句是？','[\"孤蓬万里征\", \"理还乱\", \"几度隔山川\", \"误落尘网中\"]','{\"index\": 2, \"value\": \"几度隔山川\"}','下一句为「几度隔山川」。',3,1,'2026-07-12 06:30:01'),(748,230,'guess_author','「世乱同南去，时清独北还。他乡生白发，旧国…」\\n这首诗的作者是谁？','[\"司空曙\", \"杜甫\", \"王之涣\", \"晏殊\"]','{\"index\": 0, \"value\": \"司空曙\"}','《贼平后送人北归》作者是司空曙。',3,1,'2026-07-12 06:30:01'),(749,230,'guess_title','「世乱同南去，时清独北还。他乡生白发，旧国…」\\n这首诗的诗名是？','[\"贼平后送人北归\", \"山坡羊·潼关怀古\", \"饮酒·其五\", \"秋夕\"]','{\"index\": 0, \"value\": \"贼平后送人北归\"}','此诗名为《贼平后送人北归》。',3,1,'2026-07-12 06:30:01'),(750,230,'choose_next_line','「世乱同南去」\\n下一句是？','[\"时清独北还\", \"一任群芳妒\", \"也无风雨也无晴\", \"在地愿为连理枝\"]','{\"index\": 0, \"value\": \"时清独北还\"}','下一句为「时清独北还」。',3,1,'2026-07-12 06:30:01'),(751,231,'guess_author','「静夜四无邻，荒居旧业贫。雨中黄叶树，灯下…」\\n这首诗的作者是谁？','[\"于谦\", \"王冕\", \"司空曙\", \"林升\"]','{\"index\": 2, \"value\": \"司空曙\"}','《喜外弟卢纶见宿》作者是司空曙。',3,1,'2026-07-12 06:30:01'),(752,231,'guess_title','「静夜四无邻，荒居旧业贫。雨中黄叶树，灯下…」\\n这首诗的诗名是？','[\"代悲白头翁·节选\", \"西江月·夜行黄沙道中\", \"喜外弟卢纶见宿\", \"春怨\"]','{\"index\": 2, \"value\": \"喜外弟卢纶见宿\"}','此诗名为《喜外弟卢纶见宿》。',3,1,'2026-07-12 06:30:01'),(753,231,'choose_next_line','「静夜四无邻」\\n下一句是？','[\"性本爱丘山\", \"荒居旧业贫\", \"涧水东流复向西\", \"树木丛生\"]','{\"index\": 1, \"value\": \"荒居旧业贫\"}','下一句为「荒居旧业贫」。',3,1,'2026-07-12 06:30:01'),(754,232,'guess_author','「泪湿罗巾梦不成，夜深前殿按歌声。红颜未老…」\\n这首诗的作者是谁？','[\"吴融\", \"严恽\", \"白居易\", \"韩愈\"]','{\"index\": 2, \"value\": \"白居易\"}','《后宫词》作者是白居易。',2,1,'2026-07-12 06:30:01'),(755,232,'guess_title','「泪湿罗巾梦不成，夜深前殿按歌声。红颜未老…」\\n这首诗的诗名是？','[\"寒食\", \"桃花溪\", \"蜀先主庙\", \"后宫词\"]','{\"index\": 3, \"value\": \"后宫词\"}','此诗名为《后宫词》。',2,1,'2026-07-12 06:30:01'),(756,232,'choose_next_line','「泪湿罗巾梦不成」\\n下一句是？','[\"青鸟殷勤为探看\", \"荒居旧业贫\", \"彩舟云淡\", \"夜深前殿按歌声\"]','{\"index\": 3, \"value\": \"夜深前殿按歌声\"}','下一句为「夜深前殿按歌声」。',2,1,'2026-07-12 06:30:01'),(757,233,'guess_author','「城上高楼接大荒，海天愁思正茫茫。惊风乱飐…」\\n这首诗的作者是谁？','[\"柳宗元\", \"刘希夷\", \"唐寅\", \"王昌龄\"]','{\"index\": 0, \"value\": \"柳宗元\"}','《登柳州城楼寄漳汀封连四州》作者是柳宗元。',3,1,'2026-07-12 06:30:01'),(758,233,'guess_title','「城上高楼接大荒，海天愁思正茫茫。惊风乱飐…」\\n这首诗的诗名是？','[\"夕次盱眙县\", \"寒食\", \"登柳州城楼寄漳汀封连四州\", \"卜算子·咏梅\"]','{\"index\": 2, \"value\": \"登柳州城楼寄漳汀封连四州\"}','此诗名为《登柳州城楼寄漳汀封连四州》。',3,1,'2026-07-12 06:30:01'),(759,233,'choose_next_line','「城上高楼接大荒」\\n下一句是？','[\"此中有真意\", \"主人下马客在船\", \"心期卧已赊\", \"海天愁思正茫茫\"]','{\"index\": 3, \"value\": \"海天愁思正茫茫\"}','下一句为「海天愁思正茫茫」。',3,1,'2026-07-12 06:30:01'),(760,234,'guess_author','「久为簪组累，幸此南夷谪。闲依农圃邻，偶似…」\\n这首诗的作者是谁？','[\"柳宗元\", \"骆宾王\", \"孟郊\", \"王翰\"]','{\"index\": 0, \"value\": \"柳宗元\"}','《溪居》作者是柳宗元。',3,1,'2026-07-12 06:30:01'),(761,234,'guess_title','「久为簪组累，幸此南夷谪。闲依农圃邻，偶似…」\\n这首诗的诗名是？','[\"声声慢·寻寻觅觅\", \"过华清宫·其一\", \"闻王昌龄左迁龙标遥有此寄\", \"溪居\"]','{\"index\": 3, \"value\": \"溪居\"}','此诗名为《溪居》。',3,1,'2026-07-12 06:30:01'),(762,234,'choose_next_line','「久为簪组累」\\n下一句是？','[\"幸此南夷谪\", \"映阶碧草自春色\", \"锦帽貂裘千骑卷平冈\", \"入竹万竿斜\"]','{\"index\": 0, \"value\": \"幸此南夷谪\"}','下一句为「幸此南夷谪」。',3,1,'2026-07-12 06:30:01'),(763,235,'guess_author','「王濬楼船下益州，金陵王气黯然收。千寻铁锁…」\\n这首诗的作者是谁？','[\"元结\", \"李峤\", \"刘禹锡\", \"叶绍翁\"]','{\"index\": 2, \"value\": \"刘禹锡\"}','《西塞山怀古》作者是刘禹锡。',3,1,'2026-07-12 06:30:01'),(764,235,'guess_title','「王濬楼船下益州，金陵王气黯然收。千寻铁锁…」\\n这首诗的诗名是？','[\"九月十日即事\", \"庐山谣寄卢侍御虚舟·节选\", \"寄全椒山中道士\", \"西塞山怀古\"]','{\"index\": 3, \"value\": \"西塞山怀古\"}','此诗名为《西塞山怀古》。',3,1,'2026-07-12 06:30:01'),(765,235,'choose_next_line','「王濬楼船下益州」\\n下一句是？','[\"槛菊愁烟兰泣露\", \"长使英雄泪满襟\", \"鹰击长空\", \"金陵王气黯然收\"]','{\"index\": 3, \"value\": \"金陵王气黯然收\"}','下一句为「金陵王气黯然收」。',3,1,'2026-07-12 06:30:01'),(766,236,'guess_author','「天下英雄气，千秋尚凛然。势分三足鼎，业复…」\\n这首诗的作者是谁？','[\"温庭筠\", \"刘禹锡\", \"张若虚\", \"翁卷\"]','{\"index\": 1, \"value\": \"刘禹锡\"}','《蜀先主庙》作者是刘禹锡。',3,1,'2026-07-12 06:30:01'),(767,236,'guess_title','「天下英雄气，千秋尚凛然。势分三足鼎，业复…」\\n这首诗的诗名是？','[\"蜀先主庙\", \"沁园春·长沙·节选\", \"永遇乐·京口北固亭怀古\", \"观沧海\"]','{\"index\": 0, \"value\": \"蜀先主庙\"}','此诗名为《蜀先主庙》。',3,1,'2026-07-12 06:30:01'),(768,236,'choose_next_line','「天下英雄气」\\n下一句是？','[\"千秋尚凛然\", \"吾庐独破受冻死亦足\", \"蜀道之难\", \"浊酒一杯家万里\"]','{\"index\": 0, \"value\": \"千秋尚凛然\"}','下一句为「千秋尚凛然」。',3,1,'2026-07-12 06:30:01');

--
